{"id":6555,"date":"2021-11-04T20:40:28","date_gmt":"2021-11-04T19:40:28","guid":{"rendered":"http:\/\/image-bible.ch\/wp-content\/uploads\/Jesus-guerit-lhomme-a-la-main-seche-Lc6-B3-Mosaique-byzantine-Monreale.jpg"},"modified":"2021-11-19T10:16:43","modified_gmt":"2021-11-19T09:16:43","slug":"jesus-guerit-lhomme-a-la-main-seche-lc6-b3-mosaique-byzantine-monreale","status":"inherit","type":"attachment","link":"http:\/\/image-bible.ch\/?attachment_id=6555","title":{"rendered":"J\u00e9sus gu\u00e9rit l\u2019homme \u00e0 la main s\u00e8che Lc6 B3 Mosa\u00efque byzantine Monreale"},"author":1,"comment_status":"closed","ping_status":"closed","template":"","meta":[],"description":{"rendered":"<p class=\"attachment\"><a href='http:\/\/image-bible.ch\/wp-content\/uploads\/Jesus-guerit-lhomme-a-la-main-seche-Lc6-B3-Mosaique-byzantine-Monreale.jpg'><img loading=\"lazy\" decoding=\"async\" width=\"206\" height=\"300\" src=\"http:\/\/image-bible.ch\/wp-content\/uploads\/Jesus-guerit-lhomme-a-la-main-seche-Lc6-B3-Mosaique-byzantine-Monreale-206x300.jpg\" class=\"attachment-medium size-medium\" alt=\"\" srcset=\"http:\/\/image-bible.ch\/wp-content\/uploads\/Jesus-guerit-lhomme-a-la-main-seche-Lc6-B3-Mosaique-byzantine-Monreale-206x300.jpg 206w, http:\/\/image-bible.ch\/wp-content\/uploads\/Jesus-guerit-lhomme-a-la-main-seche-Lc6-B3-Mosaique-byzantine-Monreale-704x1024.jpg 704w, http:\/\/image-bible.ch\/wp-content\/uploads\/Jesus-guerit-lhomme-a-la-main-seche-Lc6-B3-Mosaique-byzantine-Monreale-768x1118.jpg 768w, http:\/\/image-bible.ch\/wp-content\/uploads\/Jesus-guerit-lhomme-a-la-main-seche-Lc6-B3-Mosaique-byzantine-Monreale-1055x1536.jpg 1055w, http:\/\/image-bible.ch\/wp-content\/uploads\/Jesus-guerit-lhomme-a-la-main-seche-Lc6-B3-Mosaique-byzantine-Monreale-1407x2048.jpg 1407w, http:\/\/image-bible.ch\/wp-content\/uploads\/Jesus-guerit-lhomme-a-la-main-seche-Lc6-B3-Mosaique-byzantine-Monreale.jpg 1546w\" sizes=\"(max-width: 206px) 100vw, 206px\" \/><\/a><\/p>\n"},"caption":{"rendered":""},"alt_text":"","media_type":"image","mime_type":"image\/jpeg","media_details":{"width":1546,"height":2250,"file":"Jesus-guerit-lhomme-a-la-main-seche-Lc6-B3-Mosaique-byzantine-Monreale.jpg","sizes":{"medium":{"file":"Jesus-guerit-lhomme-a-la-main-seche-Lc6-B3-Mosaique-byzantine-Monreale-206x300.jpg","width":206,"height":300,"mime_type":"image\/jpeg","source_url":"http:\/\/image-bible.ch\/wp-content\/uploads\/Jesus-guerit-lhomme-a-la-main-seche-Lc6-B3-Mosaique-byzantine-Monreale-206x300.jpg"},"large":{"file":"Jesus-guerit-lhomme-a-la-main-seche-Lc6-B3-Mosaique-byzantine-Monreale-704x1024.jpg","width":704,"height":1024,"mime_type":"image\/jpeg","source_url":"http:\/\/image-bible.ch\/wp-content\/uploads\/Jesus-guerit-lhomme-a-la-main-seche-Lc6-B3-Mosaique-byzantine-Monreale-704x1024.jpg"},"thumbnail":{"file":"Jesus-guerit-lhomme-a-la-main-seche-Lc6-B3-Mosaique-byzantine-Monreale-150x150.jpg","width":150,"height":150,"mime_type":"image\/jpeg","source_url":"http:\/\/image-bible.ch\/wp-content\/uploads\/Jesus-guerit-lhomme-a-la-main-seche-Lc6-B3-Mosaique-byzantine-Monreale-150x150.jpg"},"medium_large":{"file":"Jesus-guerit-lhomme-a-la-main-seche-Lc6-B3-Mosaique-byzantine-Monreale-768x1118.jpg","width":768,"height":1118,"mime_type":"image\/jpeg","source_url":"http:\/\/image-bible.ch\/wp-content\/uploads\/Jesus-guerit-lhomme-a-la-main-seche-Lc6-B3-Mosaique-byzantine-Monreale-768x1118.jpg"},"1536x1536":{"file":"Jesus-guerit-lhomme-a-la-main-seche-Lc6-B3-Mosaique-byzantine-Monreale-1055x1536.jpg","width":1055,"height":1536,"mime_type":"image\/jpeg","source_url":"http:\/\/image-bible.ch\/wp-content\/uploads\/Jesus-guerit-lhomme-a-la-main-seche-Lc6-B3-Mosaique-byzantine-Monreale-1055x1536.jpg"},"2048x2048":{"file":"Jesus-guerit-lhomme-a-la-main-seche-Lc6-B3-Mosaique-byzantine-Monreale-1407x2048.jpg","width":1407,"height":2048,"mime_type":"image\/jpeg","source_url":"http:\/\/image-bible.ch\/wp-content\/uploads\/Jesus-guerit-lhomme-a-la-main-seche-Lc6-B3-Mosaique-byzantine-Monreale-1407x2048.jpg"},"featured-blog-large":{"file":"Jesus-guerit-lhomme-a-la-main-seche-Lc6-B3-Mosaique-byzantine-Monreale-750x350.jpg","width":750,"height":350,"mime_type":"image\/jpeg","source_url":"http:\/\/image-bible.ch\/wp-content\/uploads\/Jesus-guerit-lhomme-a-la-main-seche-Lc6-B3-Mosaique-byzantine-Monreale-750x350.jpg"},"featured-blog-medium":{"file":"Jesus-guerit-lhomme-a-la-main-seche-Lc6-B3-Mosaique-byzantine-Monreale-270x270.jpg","width":270,"height":270,"mime_type":"image\/jpeg","source_url":"http:\/\/image-bible.ch\/wp-content\/uploads\/Jesus-guerit-lhomme-a-la-main-seche-Lc6-B3-Mosaique-byzantine-Monreale-270x270.jpg"},"featured":{"file":"Jesus-guerit-lhomme-a-la-main-seche-Lc6-B3-Mosaique-byzantine-Monreale-642x300.jpg","width":642,"height":300,"mime_type":"image\/jpeg","source_url":"http:\/\/image-bible.ch\/wp-content\/uploads\/Jesus-guerit-lhomme-a-la-main-seche-Lc6-B3-Mosaique-byzantine-Monreale-642x300.jpg"},"featured-blog-medium-small":{"file":"Jesus-guerit-lhomme-a-la-main-seche-Lc6-B3-Mosaique-byzantine-Monreale-230x230.jpg","width":230,"height":230,"mime_type":"image\/jpeg","source_url":"http:\/\/image-bible.ch\/wp-content\/uploads\/Jesus-guerit-lhomme-a-la-main-seche-Lc6-B3-Mosaique-byzantine-Monreale-230x230.jpg"},"full":{"file":"Jesus-guerit-lhomme-a-la-main-seche-Lc6-B3-Mosaique-byzantine-Monreale.jpg","width":1546,"height":2250,"mime_type":"image\/jpeg","source_url":"http:\/\/image-bible.ch\/wp-content\/uploads\/Jesus-guerit-lhomme-a-la-main-seche-Lc6-B3-Mosaique-byzantine-Monreale.jpg"}},"image_meta":{"aperture":"0","credit":"","camera":"","caption":"","created_timestamp":"0","copyright":"","focal_length":"0","iso":"0","shutter_speed":"0","title":"","orientation":"1","keywords":[]}},"post":null,"source_url":"http:\/\/image-bible.ch\/wp-content\/uploads\/Jesus-guerit-lhomme-a-la-main-seche-Lc6-B3-Mosaique-byzantine-Monreale.jpg","_links":{"self":[{"href":"http:\/\/image-bible.ch\/index.php?rest_route=\/wp\/v2\/media\/6555"}],"collection":[{"href":"http:\/\/image-bible.ch\/index.php?rest_route=\/wp\/v2\/media"}],"about":[{"href":"http:\/\/image-bible.ch\/index.php?rest_route=\/wp\/v2\/types\/attachment"}],"author":[{"embeddable":true,"href":"http:\/\/image-bible.ch\/index.php?rest_route=\/wp\/v2\/users\/1"}],"replies":[{"embeddable":true,"href":"http:\/\/image-bible.ch\/index.php?rest_route=%2Fwp%2Fv2%2Fcomments&post=6555"}]}}

Jésus guérit l’homme à la main sèche Lc6 B3 Mosaïque byzantine Monreale
