{"id":6558,"date":"2021-11-04T20:40:33","date_gmt":"2021-11-04T19:40:33","guid":{"rendered":"http:\/\/image-bible.ch\/wp-content\/uploads\/Jesus-parmi-les-docteurs-de-la-loi-a-12-ans-Lc2-14-Mosaique-byzantine-Monreale.jpg"},"modified":"2021-11-19T10:16:44","modified_gmt":"2021-11-19T09:16:44","slug":"jesus-parmi-les-docteurs-de-la-loi-a-12-ans-lc2-14-mosaique-byzantine-monreale","status":"inherit","type":"attachment","link":"http:\/\/image-bible.ch\/?attachment_id=6558","title":{"rendered":"J\u00e9sus parmi les docteurs de la loi \u00e0 12 ans Lc2 14 Mosa\u00efque byzantine Monreale"},"author":1,"comment_status":"closed","ping_status":"closed","template":"","meta":[],"description":{"rendered":"<p class=\"attachment\"><a href='http:\/\/image-bible.ch\/wp-content\/uploads\/Jesus-parmi-les-docteurs-de-la-loi-a-12-ans-Lc2-14-Mosaique-byzantine-Monreale-scaled.jpg'><img loading=\"lazy\" decoding=\"async\" width=\"300\" height=\"186\" src=\"http:\/\/image-bible.ch\/wp-content\/uploads\/Jesus-parmi-les-docteurs-de-la-loi-a-12-ans-Lc2-14-Mosaique-byzantine-Monreale-300x186.jpg\" class=\"attachment-medium size-medium\" alt=\"\" srcset=\"http:\/\/image-bible.ch\/wp-content\/uploads\/Jesus-parmi-les-docteurs-de-la-loi-a-12-ans-Lc2-14-Mosaique-byzantine-Monreale-300x186.jpg 300w, http:\/\/image-bible.ch\/wp-content\/uploads\/Jesus-parmi-les-docteurs-de-la-loi-a-12-ans-Lc2-14-Mosaique-byzantine-Monreale-1024x637.jpg 1024w, http:\/\/image-bible.ch\/wp-content\/uploads\/Jesus-parmi-les-docteurs-de-la-loi-a-12-ans-Lc2-14-Mosaique-byzantine-Monreale-768x477.jpg 768w, http:\/\/image-bible.ch\/wp-content\/uploads\/Jesus-parmi-les-docteurs-de-la-loi-a-12-ans-Lc2-14-Mosaique-byzantine-Monreale-1536x955.jpg 1536w, http:\/\/image-bible.ch\/wp-content\/uploads\/Jesus-parmi-les-docteurs-de-la-loi-a-12-ans-Lc2-14-Mosaique-byzantine-Monreale-2048x1273.jpg 2048w\" sizes=\"(max-width: 300px) 100vw, 300px\" \/><\/a><\/p>\n"},"caption":{"rendered":""},"alt_text":"","media_type":"image","mime_type":"image\/jpeg","media_details":{"width":2560,"height":1591,"file":"Jesus-parmi-les-docteurs-de-la-loi-a-12-ans-Lc2-14-Mosaique-byzantine-Monreale-scaled.jpg","sizes":{"medium":{"file":"Jesus-parmi-les-docteurs-de-la-loi-a-12-ans-Lc2-14-Mosaique-byzantine-Monreale-300x186.jpg","width":300,"height":186,"mime_type":"image\/jpeg","source_url":"http:\/\/image-bible.ch\/wp-content\/uploads\/Jesus-parmi-les-docteurs-de-la-loi-a-12-ans-Lc2-14-Mosaique-byzantine-Monreale-300x186.jpg"},"large":{"file":"Jesus-parmi-les-docteurs-de-la-loi-a-12-ans-Lc2-14-Mosaique-byzantine-Monreale-1024x637.jpg","width":1024,"height":637,"mime_type":"image\/jpeg","source_url":"http:\/\/image-bible.ch\/wp-content\/uploads\/Jesus-parmi-les-docteurs-de-la-loi-a-12-ans-Lc2-14-Mosaique-byzantine-Monreale-1024x637.jpg"},"thumbnail":{"file":"Jesus-parmi-les-docteurs-de-la-loi-a-12-ans-Lc2-14-Mosaique-byzantine-Monreale-150x150.jpg","width":150,"height":150,"mime_type":"image\/jpeg","source_url":"http:\/\/image-bible.ch\/wp-content\/uploads\/Jesus-parmi-les-docteurs-de-la-loi-a-12-ans-Lc2-14-Mosaique-byzantine-Monreale-150x150.jpg"},"medium_large":{"file":"Jesus-parmi-les-docteurs-de-la-loi-a-12-ans-Lc2-14-Mosaique-byzantine-Monreale-768x477.jpg","width":768,"height":477,"mime_type":"image\/jpeg","source_url":"http:\/\/image-bible.ch\/wp-content\/uploads\/Jesus-parmi-les-docteurs-de-la-loi-a-12-ans-Lc2-14-Mosaique-byzantine-Monreale-768x477.jpg"},"1536x1536":{"file":"Jesus-parmi-les-docteurs-de-la-loi-a-12-ans-Lc2-14-Mosaique-byzantine-Monreale-1536x955.jpg","width":1536,"height":955,"mime_type":"image\/jpeg","source_url":"http:\/\/image-bible.ch\/wp-content\/uploads\/Jesus-parmi-les-docteurs-de-la-loi-a-12-ans-Lc2-14-Mosaique-byzantine-Monreale-1536x955.jpg"},"2048x2048":{"file":"Jesus-parmi-les-docteurs-de-la-loi-a-12-ans-Lc2-14-Mosaique-byzantine-Monreale-2048x1273.jpg","width":2048,"height":1273,"mime_type":"image\/jpeg","source_url":"http:\/\/image-bible.ch\/wp-content\/uploads\/Jesus-parmi-les-docteurs-de-la-loi-a-12-ans-Lc2-14-Mosaique-byzantine-Monreale-2048x1273.jpg"},"featured-blog-large":{"file":"Jesus-parmi-les-docteurs-de-la-loi-a-12-ans-Lc2-14-Mosaique-byzantine-Monreale-750x350.jpg","width":750,"height":350,"mime_type":"image\/jpeg","source_url":"http:\/\/image-bible.ch\/wp-content\/uploads\/Jesus-parmi-les-docteurs-de-la-loi-a-12-ans-Lc2-14-Mosaique-byzantine-Monreale-750x350.jpg"},"featured-blog-medium":{"file":"Jesus-parmi-les-docteurs-de-la-loi-a-12-ans-Lc2-14-Mosaique-byzantine-Monreale-270x270.jpg","width":270,"height":270,"mime_type":"image\/jpeg","source_url":"http:\/\/image-bible.ch\/wp-content\/uploads\/Jesus-parmi-les-docteurs-de-la-loi-a-12-ans-Lc2-14-Mosaique-byzantine-Monreale-270x270.jpg"},"featured":{"file":"Jesus-parmi-les-docteurs-de-la-loi-a-12-ans-Lc2-14-Mosaique-byzantine-Monreale-642x300.jpg","width":642,"height":300,"mime_type":"image\/jpeg","source_url":"http:\/\/image-bible.ch\/wp-content\/uploads\/Jesus-parmi-les-docteurs-de-la-loi-a-12-ans-Lc2-14-Mosaique-byzantine-Monreale-642x300.jpg"},"featured-blog-medium-small":{"file":"Jesus-parmi-les-docteurs-de-la-loi-a-12-ans-Lc2-14-Mosaique-byzantine-Monreale-230x230.jpg","width":230,"height":230,"mime_type":"image\/jpeg","source_url":"http:\/\/image-bible.ch\/wp-content\/uploads\/Jesus-parmi-les-docteurs-de-la-loi-a-12-ans-Lc2-14-Mosaique-byzantine-Monreale-230x230.jpg"},"full":{"file":"Jesus-parmi-les-docteurs-de-la-loi-a-12-ans-Lc2-14-Mosaique-byzantine-Monreale-scaled.jpg","width":2560,"height":1591,"mime_type":"image\/jpeg","source_url":"http:\/\/image-bible.ch\/wp-content\/uploads\/Jesus-parmi-les-docteurs-de-la-loi-a-12-ans-Lc2-14-Mosaique-byzantine-Monreale-scaled.jpg"}},"image_meta":{"aperture":"0","credit":"","camera":"","caption":"","created_timestamp":"0","copyright":"","focal_length":"0","iso":"0","shutter_speed":"0","title":"","orientation":"1","keywords":[]},"original_image":"Jesus-parmi-les-docteurs-de-la-loi-a-12-ans-Lc2-14-Mosaique-byzantine-Monreale.jpg"},"post":null,"source_url":"http:\/\/image-bible.ch\/wp-content\/uploads\/Jesus-parmi-les-docteurs-de-la-loi-a-12-ans-Lc2-14-Mosaique-byzantine-Monreale-scaled.jpg","_links":{"self":[{"href":"http:\/\/image-bible.ch\/index.php?rest_route=\/wp\/v2\/media\/6558"}],"collection":[{"href":"http:\/\/image-bible.ch\/index.php?rest_route=\/wp\/v2\/media"}],"about":[{"href":"http:\/\/image-bible.ch\/index.php?rest_route=\/wp\/v2\/types\/attachment"}],"author":[{"embeddable":true,"href":"http:\/\/image-bible.ch\/index.php?rest_route=\/wp\/v2\/users\/1"}],"replies":[{"embeddable":true,"href":"http:\/\/image-bible.ch\/index.php?rest_route=%2Fwp%2Fv2%2Fcomments&post=6558"}]}}

Jésus parmi les docteurs de la loi à 12 ans Lc2 14 Mosaïque byzantine Monreale
