{"id":6580,"date":"2021-11-04T20:41:20","date_gmt":"2021-11-04T19:41:20","guid":{"rendered":"http:\/\/image-bible.ch\/wp-content\/uploads\/Les-disciples-amenent-deux-anes-Mt21-23-Mosaique-byzantine-Monreale.jpg"},"modified":"2021-11-19T10:16:43","modified_gmt":"2021-11-19T09:16:43","slug":"les-disciples-amenent-deux-anes-mt21-23-mosaique-byzantine-monreale","status":"inherit","type":"attachment","link":"http:\/\/image-bible.ch\/?attachment_id=6580","title":{"rendered":"Les disciples am\u00e8nent deux \u00e2nes Mt21 23 Mosa\u00efque byzantine Monreale"},"author":1,"comment_status":"closed","ping_status":"closed","template":"","meta":[],"description":{"rendered":"<p class=\"attachment\"><a href='http:\/\/image-bible.ch\/wp-content\/uploads\/Les-disciples-amenent-deux-anes-Mt21-23-Mosaique-byzantine-Monreale.jpg'><img loading=\"lazy\" decoding=\"async\" width=\"264\" height=\"300\" src=\"http:\/\/image-bible.ch\/wp-content\/uploads\/Les-disciples-amenent-deux-anes-Mt21-23-Mosaique-byzantine-Monreale-264x300.jpg\" class=\"attachment-medium size-medium\" alt=\"\" srcset=\"http:\/\/image-bible.ch\/wp-content\/uploads\/Les-disciples-amenent-deux-anes-Mt21-23-Mosaique-byzantine-Monreale-264x300.jpg 264w, http:\/\/image-bible.ch\/wp-content\/uploads\/Les-disciples-amenent-deux-anes-Mt21-23-Mosaique-byzantine-Monreale-900x1024.jpg 900w, http:\/\/image-bible.ch\/wp-content\/uploads\/Les-disciples-amenent-deux-anes-Mt21-23-Mosaique-byzantine-Monreale-768x874.jpg 768w, http:\/\/image-bible.ch\/wp-content\/uploads\/Les-disciples-amenent-deux-anes-Mt21-23-Mosaique-byzantine-Monreale-1350x1536.jpg 1350w, http:\/\/image-bible.ch\/wp-content\/uploads\/Les-disciples-amenent-deux-anes-Mt21-23-Mosaique-byzantine-Monreale-1800x2048.jpg 1800w, http:\/\/image-bible.ch\/wp-content\/uploads\/Les-disciples-amenent-deux-anes-Mt21-23-Mosaique-byzantine-Monreale.jpg 1977w\" sizes=\"(max-width: 264px) 100vw, 264px\" \/><\/a><\/p>\n"},"caption":{"rendered":""},"alt_text":"","media_type":"image","mime_type":"image\/jpeg","media_details":{"width":1977,"height":2250,"file":"Les-disciples-amenent-deux-anes-Mt21-23-Mosaique-byzantine-Monreale.jpg","sizes":{"medium":{"file":"Les-disciples-amenent-deux-anes-Mt21-23-Mosaique-byzantine-Monreale-264x300.jpg","width":264,"height":300,"mime_type":"image\/jpeg","source_url":"http:\/\/image-bible.ch\/wp-content\/uploads\/Les-disciples-amenent-deux-anes-Mt21-23-Mosaique-byzantine-Monreale-264x300.jpg"},"large":{"file":"Les-disciples-amenent-deux-anes-Mt21-23-Mosaique-byzantine-Monreale-900x1024.jpg","width":900,"height":1024,"mime_type":"image\/jpeg","source_url":"http:\/\/image-bible.ch\/wp-content\/uploads\/Les-disciples-amenent-deux-anes-Mt21-23-Mosaique-byzantine-Monreale-900x1024.jpg"},"thumbnail":{"file":"Les-disciples-amenent-deux-anes-Mt21-23-Mosaique-byzantine-Monreale-150x150.jpg","width":150,"height":150,"mime_type":"image\/jpeg","source_url":"http:\/\/image-bible.ch\/wp-content\/uploads\/Les-disciples-amenent-deux-anes-Mt21-23-Mosaique-byzantine-Monreale-150x150.jpg"},"medium_large":{"file":"Les-disciples-amenent-deux-anes-Mt21-23-Mosaique-byzantine-Monreale-768x874.jpg","width":768,"height":874,"mime_type":"image\/jpeg","source_url":"http:\/\/image-bible.ch\/wp-content\/uploads\/Les-disciples-amenent-deux-anes-Mt21-23-Mosaique-byzantine-Monreale-768x874.jpg"},"1536x1536":{"file":"Les-disciples-amenent-deux-anes-Mt21-23-Mosaique-byzantine-Monreale-1350x1536.jpg","width":1350,"height":1536,"mime_type":"image\/jpeg","source_url":"http:\/\/image-bible.ch\/wp-content\/uploads\/Les-disciples-amenent-deux-anes-Mt21-23-Mosaique-byzantine-Monreale-1350x1536.jpg"},"2048x2048":{"file":"Les-disciples-amenent-deux-anes-Mt21-23-Mosaique-byzantine-Monreale-1800x2048.jpg","width":1800,"height":2048,"mime_type":"image\/jpeg","source_url":"http:\/\/image-bible.ch\/wp-content\/uploads\/Les-disciples-amenent-deux-anes-Mt21-23-Mosaique-byzantine-Monreale-1800x2048.jpg"},"featured-blog-large":{"file":"Les-disciples-amenent-deux-anes-Mt21-23-Mosaique-byzantine-Monreale-750x350.jpg","width":750,"height":350,"mime_type":"image\/jpeg","source_url":"http:\/\/image-bible.ch\/wp-content\/uploads\/Les-disciples-amenent-deux-anes-Mt21-23-Mosaique-byzantine-Monreale-750x350.jpg"},"featured-blog-medium":{"file":"Les-disciples-amenent-deux-anes-Mt21-23-Mosaique-byzantine-Monreale-270x270.jpg","width":270,"height":270,"mime_type":"image\/jpeg","source_url":"http:\/\/image-bible.ch\/wp-content\/uploads\/Les-disciples-amenent-deux-anes-Mt21-23-Mosaique-byzantine-Monreale-270x270.jpg"},"featured":{"file":"Les-disciples-amenent-deux-anes-Mt21-23-Mosaique-byzantine-Monreale-642x300.jpg","width":642,"height":300,"mime_type":"image\/jpeg","source_url":"http:\/\/image-bible.ch\/wp-content\/uploads\/Les-disciples-amenent-deux-anes-Mt21-23-Mosaique-byzantine-Monreale-642x300.jpg"},"featured-blog-medium-small":{"file":"Les-disciples-amenent-deux-anes-Mt21-23-Mosaique-byzantine-Monreale-230x230.jpg","width":230,"height":230,"mime_type":"image\/jpeg","source_url":"http:\/\/image-bible.ch\/wp-content\/uploads\/Les-disciples-amenent-deux-anes-Mt21-23-Mosaique-byzantine-Monreale-230x230.jpg"},"full":{"file":"Les-disciples-amenent-deux-anes-Mt21-23-Mosaique-byzantine-Monreale.jpg","width":1977,"height":2250,"mime_type":"image\/jpeg","source_url":"http:\/\/image-bible.ch\/wp-content\/uploads\/Les-disciples-amenent-deux-anes-Mt21-23-Mosaique-byzantine-Monreale.jpg"}},"image_meta":{"aperture":"0","credit":"","camera":"","caption":"","created_timestamp":"0","copyright":"","focal_length":"0","iso":"0","shutter_speed":"0","title":"","orientation":"1","keywords":[]}},"post":null,"source_url":"http:\/\/image-bible.ch\/wp-content\/uploads\/Les-disciples-amenent-deux-anes-Mt21-23-Mosaique-byzantine-Monreale.jpg","_links":{"self":[{"href":"http:\/\/image-bible.ch\/index.php?rest_route=\/wp\/v2\/media\/6580"}],"collection":[{"href":"http:\/\/image-bible.ch\/index.php?rest_route=\/wp\/v2\/media"}],"about":[{"href":"http:\/\/image-bible.ch\/index.php?rest_route=\/wp\/v2\/types\/attachment"}],"author":[{"embeddable":true,"href":"http:\/\/image-bible.ch\/index.php?rest_route=\/wp\/v2\/users\/1"}],"replies":[{"embeddable":true,"href":"http:\/\/image-bible.ch\/index.php?rest_route=%2Fwp%2Fv2%2Fcomments&post=6580"}]}}

Les disciples amènent deux ânes Mt21 23 Mosaïque byzantine Monreale
