{"id":6602,"date":"2021-11-04T20:42:08","date_gmt":"2021-11-04T19:42:08","guid":{"rendered":"http:\/\/image-bible.ch\/wp-content\/uploads\/Paul-remet-les-epitres-a-Tite-et-Timothee-P10-Mosaique-byzantine-Monreale.jpg"},"modified":"2021-11-19T10:16:43","modified_gmt":"2021-11-19T09:16:43","slug":"paul-remet-les-epitres-a-tite-et-timothee-p10-mosaique-byzantine-monreale","status":"inherit","type":"attachment","link":"http:\/\/image-bible.ch\/?attachment_id=6602","title":{"rendered":"Paul remet les \u00e9p\u00eetres \u00e0 Tite et Timoth\u00e9e P10 Mosa\u00efque byzantine Monreale"},"author":1,"comment_status":"closed","ping_status":"closed","template":"","meta":[],"description":{"rendered":"<p class=\"attachment\"><a href='http:\/\/image-bible.ch\/wp-content\/uploads\/Paul-remet-les-epitres-a-Tite-et-Timothee-P10-Mosaique-byzantine-Monreale-scaled.jpg'><img loading=\"lazy\" decoding=\"async\" width=\"287\" height=\"300\" src=\"http:\/\/image-bible.ch\/wp-content\/uploads\/Paul-remet-les-epitres-a-Tite-et-Timothee-P10-Mosaique-byzantine-Monreale-287x300.jpg\" class=\"attachment-medium size-medium\" alt=\"\" srcset=\"http:\/\/image-bible.ch\/wp-content\/uploads\/Paul-remet-les-epitres-a-Tite-et-Timothee-P10-Mosaique-byzantine-Monreale-287x300.jpg 287w, http:\/\/image-bible.ch\/wp-content\/uploads\/Paul-remet-les-epitres-a-Tite-et-Timothee-P10-Mosaique-byzantine-Monreale-980x1024.jpg 980w, http:\/\/image-bible.ch\/wp-content\/uploads\/Paul-remet-les-epitres-a-Tite-et-Timothee-P10-Mosaique-byzantine-Monreale-768x803.jpg 768w, http:\/\/image-bible.ch\/wp-content\/uploads\/Paul-remet-les-epitres-a-Tite-et-Timothee-P10-Mosaique-byzantine-Monreale-1470x1536.jpg 1470w, http:\/\/image-bible.ch\/wp-content\/uploads\/Paul-remet-les-epitres-a-Tite-et-Timothee-P10-Mosaique-byzantine-Monreale-1960x2048.jpg 1960w\" sizes=\"(max-width: 287px) 100vw, 287px\" \/><\/a><\/p>\n"},"caption":{"rendered":""},"alt_text":"","media_type":"image","mime_type":"image\/jpeg","media_details":{"width":2450,"height":2560,"file":"Paul-remet-les-epitres-a-Tite-et-Timothee-P10-Mosaique-byzantine-Monreale-scaled.jpg","sizes":{"medium":{"file":"Paul-remet-les-epitres-a-Tite-et-Timothee-P10-Mosaique-byzantine-Monreale-287x300.jpg","width":287,"height":300,"mime_type":"image\/jpeg","source_url":"http:\/\/image-bible.ch\/wp-content\/uploads\/Paul-remet-les-epitres-a-Tite-et-Timothee-P10-Mosaique-byzantine-Monreale-287x300.jpg"},"large":{"file":"Paul-remet-les-epitres-a-Tite-et-Timothee-P10-Mosaique-byzantine-Monreale-980x1024.jpg","width":980,"height":1024,"mime_type":"image\/jpeg","source_url":"http:\/\/image-bible.ch\/wp-content\/uploads\/Paul-remet-les-epitres-a-Tite-et-Timothee-P10-Mosaique-byzantine-Monreale-980x1024.jpg"},"thumbnail":{"file":"Paul-remet-les-epitres-a-Tite-et-Timothee-P10-Mosaique-byzantine-Monreale-150x150.jpg","width":150,"height":150,"mime_type":"image\/jpeg","source_url":"http:\/\/image-bible.ch\/wp-content\/uploads\/Paul-remet-les-epitres-a-Tite-et-Timothee-P10-Mosaique-byzantine-Monreale-150x150.jpg"},"medium_large":{"file":"Paul-remet-les-epitres-a-Tite-et-Timothee-P10-Mosaique-byzantine-Monreale-768x803.jpg","width":768,"height":803,"mime_type":"image\/jpeg","source_url":"http:\/\/image-bible.ch\/wp-content\/uploads\/Paul-remet-les-epitres-a-Tite-et-Timothee-P10-Mosaique-byzantine-Monreale-768x803.jpg"},"1536x1536":{"file":"Paul-remet-les-epitres-a-Tite-et-Timothee-P10-Mosaique-byzantine-Monreale-1470x1536.jpg","width":1470,"height":1536,"mime_type":"image\/jpeg","source_url":"http:\/\/image-bible.ch\/wp-content\/uploads\/Paul-remet-les-epitres-a-Tite-et-Timothee-P10-Mosaique-byzantine-Monreale-1470x1536.jpg"},"2048x2048":{"file":"Paul-remet-les-epitres-a-Tite-et-Timothee-P10-Mosaique-byzantine-Monreale-1960x2048.jpg","width":1960,"height":2048,"mime_type":"image\/jpeg","source_url":"http:\/\/image-bible.ch\/wp-content\/uploads\/Paul-remet-les-epitres-a-Tite-et-Timothee-P10-Mosaique-byzantine-Monreale-1960x2048.jpg"},"featured-blog-large":{"file":"Paul-remet-les-epitres-a-Tite-et-Timothee-P10-Mosaique-byzantine-Monreale-750x350.jpg","width":750,"height":350,"mime_type":"image\/jpeg","source_url":"http:\/\/image-bible.ch\/wp-content\/uploads\/Paul-remet-les-epitres-a-Tite-et-Timothee-P10-Mosaique-byzantine-Monreale-750x350.jpg"},"featured-blog-medium":{"file":"Paul-remet-les-epitres-a-Tite-et-Timothee-P10-Mosaique-byzantine-Monreale-270x270.jpg","width":270,"height":270,"mime_type":"image\/jpeg","source_url":"http:\/\/image-bible.ch\/wp-content\/uploads\/Paul-remet-les-epitres-a-Tite-et-Timothee-P10-Mosaique-byzantine-Monreale-270x270.jpg"},"featured":{"file":"Paul-remet-les-epitres-a-Tite-et-Timothee-P10-Mosaique-byzantine-Monreale-642x300.jpg","width":642,"height":300,"mime_type":"image\/jpeg","source_url":"http:\/\/image-bible.ch\/wp-content\/uploads\/Paul-remet-les-epitres-a-Tite-et-Timothee-P10-Mosaique-byzantine-Monreale-642x300.jpg"},"featured-blog-medium-small":{"file":"Paul-remet-les-epitres-a-Tite-et-Timothee-P10-Mosaique-byzantine-Monreale-230x230.jpg","width":230,"height":230,"mime_type":"image\/jpeg","source_url":"http:\/\/image-bible.ch\/wp-content\/uploads\/Paul-remet-les-epitres-a-Tite-et-Timothee-P10-Mosaique-byzantine-Monreale-230x230.jpg"},"full":{"file":"Paul-remet-les-epitres-a-Tite-et-Timothee-P10-Mosaique-byzantine-Monreale-scaled.jpg","width":2450,"height":2560,"mime_type":"image\/jpeg","source_url":"http:\/\/image-bible.ch\/wp-content\/uploads\/Paul-remet-les-epitres-a-Tite-et-Timothee-P10-Mosaique-byzantine-Monreale-scaled.jpg"}},"image_meta":{"aperture":"0","credit":"","camera":"","caption":"","created_timestamp":"0","copyright":"","focal_length":"0","iso":"0","shutter_speed":"0","title":"","orientation":"1","keywords":[]},"original_image":"Paul-remet-les-epitres-a-Tite-et-Timothee-P10-Mosaique-byzantine-Monreale.jpg"},"post":null,"source_url":"http:\/\/image-bible.ch\/wp-content\/uploads\/Paul-remet-les-epitres-a-Tite-et-Timothee-P10-Mosaique-byzantine-Monreale-scaled.jpg","_links":{"self":[{"href":"http:\/\/image-bible.ch\/index.php?rest_route=\/wp\/v2\/media\/6602"}],"collection":[{"href":"http:\/\/image-bible.ch\/index.php?rest_route=\/wp\/v2\/media"}],"about":[{"href":"http:\/\/image-bible.ch\/index.php?rest_route=\/wp\/v2\/types\/attachment"}],"author":[{"embeddable":true,"href":"http:\/\/image-bible.ch\/index.php?rest_route=\/wp\/v2\/users\/1"}],"replies":[{"embeddable":true,"href":"http:\/\/image-bible.ch\/index.php?rest_route=%2Fwp%2Fv2%2Fcomments&post=6602"}]}}

Paul remet les épîtres à Tite et Timothée P10 Mosaïque byzantine Monreale
