{"id":6648,"date":"2021-11-19T09:57:58","date_gmt":"2021-11-19T08:57:58","guid":{"rendered":"http:\/\/image-bible.ch\/wp-content\/uploads\/Bapteme-Symphonie-de-Paques-Matisse-eglise-Ste-Benigne-Pontarlier-01.jpg"},"modified":"2021-11-19T14:09:33","modified_gmt":"2021-11-19T13:09:33","slug":"bapteme-symphonie-de-paques-matisse-eglise-ste-benigne-pontarlier-01","status":"inherit","type":"attachment","link":"http:\/\/image-bible.ch\/?attachment_id=6648","title":{"rendered":"Bapt\u00eame Symphonie de P\u00e2ques Matisse \u00e9glise Ste B\u00e9nigne Pontarlier 01"},"author":1,"comment_status":"closed","ping_status":"closed","template":"","meta":[],"description":{"rendered":"<p class=\"attachment\"><a href='http:\/\/image-bible.ch\/wp-content\/uploads\/Bapteme-Symphonie-de-Paques-Matisse-eglise-Ste-Benigne-Pontarlier-01-scaled.jpg'><img loading=\"lazy\" decoding=\"async\" width=\"243\" height=\"300\" src=\"http:\/\/image-bible.ch\/wp-content\/uploads\/Bapteme-Symphonie-de-Paques-Matisse-eglise-Ste-Benigne-Pontarlier-01-243x300.jpg\" class=\"attachment-medium size-medium\" alt=\"\" srcset=\"http:\/\/image-bible.ch\/wp-content\/uploads\/Bapteme-Symphonie-de-Paques-Matisse-eglise-Ste-Benigne-Pontarlier-01-243x300.jpg 243w, http:\/\/image-bible.ch\/wp-content\/uploads\/Bapteme-Symphonie-de-Paques-Matisse-eglise-Ste-Benigne-Pontarlier-01-828x1024.jpg 828w, http:\/\/image-bible.ch\/wp-content\/uploads\/Bapteme-Symphonie-de-Paques-Matisse-eglise-Ste-Benigne-Pontarlier-01-768x949.jpg 768w, http:\/\/image-bible.ch\/wp-content\/uploads\/Bapteme-Symphonie-de-Paques-Matisse-eglise-Ste-Benigne-Pontarlier-01-1243x1536.jpg 1243w, http:\/\/image-bible.ch\/wp-content\/uploads\/Bapteme-Symphonie-de-Paques-Matisse-eglise-Ste-Benigne-Pontarlier-01-1657x2048.jpg 1657w\" sizes=\"(max-width: 243px) 100vw, 243px\" \/><\/a><\/p>\n"},"caption":{"rendered":""},"alt_text":"","media_type":"image","mime_type":"image\/jpeg","media_details":{"width":2071,"height":2560,"file":"Bapteme-Symphonie-de-Paques-Matisse-eglise-Ste-Benigne-Pontarlier-01-scaled.jpg","sizes":{"medium":{"file":"Bapteme-Symphonie-de-Paques-Matisse-eglise-Ste-Benigne-Pontarlier-01-243x300.jpg","width":243,"height":300,"mime_type":"image\/jpeg","source_url":"http:\/\/image-bible.ch\/wp-content\/uploads\/Bapteme-Symphonie-de-Paques-Matisse-eglise-Ste-Benigne-Pontarlier-01-243x300.jpg"},"large":{"file":"Bapteme-Symphonie-de-Paques-Matisse-eglise-Ste-Benigne-Pontarlier-01-828x1024.jpg","width":828,"height":1024,"mime_type":"image\/jpeg","source_url":"http:\/\/image-bible.ch\/wp-content\/uploads\/Bapteme-Symphonie-de-Paques-Matisse-eglise-Ste-Benigne-Pontarlier-01-828x1024.jpg"},"thumbnail":{"file":"Bapteme-Symphonie-de-Paques-Matisse-eglise-Ste-Benigne-Pontarlier-01-150x150.jpg","width":150,"height":150,"mime_type":"image\/jpeg","source_url":"http:\/\/image-bible.ch\/wp-content\/uploads\/Bapteme-Symphonie-de-Paques-Matisse-eglise-Ste-Benigne-Pontarlier-01-150x150.jpg"},"medium_large":{"file":"Bapteme-Symphonie-de-Paques-Matisse-eglise-Ste-Benigne-Pontarlier-01-768x949.jpg","width":768,"height":949,"mime_type":"image\/jpeg","source_url":"http:\/\/image-bible.ch\/wp-content\/uploads\/Bapteme-Symphonie-de-Paques-Matisse-eglise-Ste-Benigne-Pontarlier-01-768x949.jpg"},"1536x1536":{"file":"Bapteme-Symphonie-de-Paques-Matisse-eglise-Ste-Benigne-Pontarlier-01-1243x1536.jpg","width":1243,"height":1536,"mime_type":"image\/jpeg","source_url":"http:\/\/image-bible.ch\/wp-content\/uploads\/Bapteme-Symphonie-de-Paques-Matisse-eglise-Ste-Benigne-Pontarlier-01-1243x1536.jpg"},"2048x2048":{"file":"Bapteme-Symphonie-de-Paques-Matisse-eglise-Ste-Benigne-Pontarlier-01-1657x2048.jpg","width":1657,"height":2048,"mime_type":"image\/jpeg","source_url":"http:\/\/image-bible.ch\/wp-content\/uploads\/Bapteme-Symphonie-de-Paques-Matisse-eglise-Ste-Benigne-Pontarlier-01-1657x2048.jpg"},"featured-blog-large":{"file":"Bapteme-Symphonie-de-Paques-Matisse-eglise-Ste-Benigne-Pontarlier-01-750x350.jpg","width":750,"height":350,"mime_type":"image\/jpeg","source_url":"http:\/\/image-bible.ch\/wp-content\/uploads\/Bapteme-Symphonie-de-Paques-Matisse-eglise-Ste-Benigne-Pontarlier-01-750x350.jpg"},"featured-blog-medium":{"file":"Bapteme-Symphonie-de-Paques-Matisse-eglise-Ste-Benigne-Pontarlier-01-270x270.jpg","width":270,"height":270,"mime_type":"image\/jpeg","source_url":"http:\/\/image-bible.ch\/wp-content\/uploads\/Bapteme-Symphonie-de-Paques-Matisse-eglise-Ste-Benigne-Pontarlier-01-270x270.jpg"},"featured":{"file":"Bapteme-Symphonie-de-Paques-Matisse-eglise-Ste-Benigne-Pontarlier-01-642x300.jpg","width":642,"height":300,"mime_type":"image\/jpeg","source_url":"http:\/\/image-bible.ch\/wp-content\/uploads\/Bapteme-Symphonie-de-Paques-Matisse-eglise-Ste-Benigne-Pontarlier-01-642x300.jpg"},"featured-blog-medium-small":{"file":"Bapteme-Symphonie-de-Paques-Matisse-eglise-Ste-Benigne-Pontarlier-01-230x230.jpg","width":230,"height":230,"mime_type":"image\/jpeg","source_url":"http:\/\/image-bible.ch\/wp-content\/uploads\/Bapteme-Symphonie-de-Paques-Matisse-eglise-Ste-Benigne-Pontarlier-01-230x230.jpg"},"full":{"file":"Bapteme-Symphonie-de-Paques-Matisse-eglise-Ste-Benigne-Pontarlier-01-scaled.jpg","width":2071,"height":2560,"mime_type":"image\/jpeg","source_url":"http:\/\/image-bible.ch\/wp-content\/uploads\/Bapteme-Symphonie-de-Paques-Matisse-eglise-Ste-Benigne-Pontarlier-01-scaled.jpg"}},"image_meta":{"aperture":"1.5","credit":"","camera":"SM-G960F","caption":"","created_timestamp":"1637255160","copyright":"","focal_length":"4.3","iso":"250","shutter_speed":"0.035714285714286","title":"","orientation":"1","keywords":[]},"original_image":"Bapteme-Symphonie-de-Paques-Matisse-eglise-Ste-Benigne-Pontarlier-01.jpg"},"post":null,"source_url":"http:\/\/image-bible.ch\/wp-content\/uploads\/Bapteme-Symphonie-de-Paques-Matisse-eglise-Ste-Benigne-Pontarlier-01-scaled.jpg","_links":{"self":[{"href":"http:\/\/image-bible.ch\/index.php?rest_route=\/wp\/v2\/media\/6648"}],"collection":[{"href":"http:\/\/image-bible.ch\/index.php?rest_route=\/wp\/v2\/media"}],"about":[{"href":"http:\/\/image-bible.ch\/index.php?rest_route=\/wp\/v2\/types\/attachment"}],"author":[{"embeddable":true,"href":"http:\/\/image-bible.ch\/index.php?rest_route=\/wp\/v2\/users\/1"}],"replies":[{"embeddable":true,"href":"http:\/\/image-bible.ch\/index.php?rest_route=%2Fwp%2Fv2%2Fcomments&post=6648"}]}}

Baptême Symphonie de Pâques Matisse église Ste Bénigne Pontarlier 01
