{"id":8598,"date":"2024-09-02T23:02:57","date_gmt":"2024-09-02T21:02:57","guid":{"rendered":"http:\/\/image-bible.ch\/wp-content\/uploads\/4.3-Nativite-Icone-Nazareth-Cente-international-Marie-unite-02.jpg"},"modified":"2024-09-02T23:02:57","modified_gmt":"2024-09-02T21:02:57","slug":"4-3-nativite-icone-nazareth-cente-international-marie-unite-02","status":"inherit","type":"attachment","link":"http:\/\/image-bible.ch\/?attachment_id=8598","title":{"rendered":"4.3 Nativit\u00e9 Ic\u00f4ne Nazareth Cente international Marie unit\u00e9 02"},"author":1,"comment_status":"","ping_status":"closed","template":"","meta":[],"description":{"rendered":"<p class=\"attachment\"><a href='http:\/\/image-bible.ch\/wp-content\/uploads\/4.3-Nativite-Icone-Nazareth-Cente-international-Marie-unite-02-scaled.jpg'><img loading=\"lazy\" decoding=\"async\" width=\"257\" height=\"300\" src=\"http:\/\/image-bible.ch\/wp-content\/uploads\/4.3-Nativite-Icone-Nazareth-Cente-international-Marie-unite-02-257x300.jpg\" class=\"attachment-medium size-medium\" alt=\"\" srcset=\"http:\/\/image-bible.ch\/wp-content\/uploads\/4.3-Nativite-Icone-Nazareth-Cente-international-Marie-unite-02-257x300.jpg 257w, http:\/\/image-bible.ch\/wp-content\/uploads\/4.3-Nativite-Icone-Nazareth-Cente-international-Marie-unite-02-877x1024.jpg 877w, http:\/\/image-bible.ch\/wp-content\/uploads\/4.3-Nativite-Icone-Nazareth-Cente-international-Marie-unite-02-768x897.jpg 768w, http:\/\/image-bible.ch\/wp-content\/uploads\/4.3-Nativite-Icone-Nazareth-Cente-international-Marie-unite-02-1315x1536.jpg 1315w, http:\/\/image-bible.ch\/wp-content\/uploads\/4.3-Nativite-Icone-Nazareth-Cente-international-Marie-unite-02-1753x2048.jpg 1753w\" sizes=\"(max-width: 257px) 100vw, 257px\" \/><\/a><\/p>\n"},"caption":{"rendered":""},"alt_text":"","media_type":"image","mime_type":"image\/jpeg","media_details":{"width":2192,"height":2560,"file":"4.3-Nativite-Icone-Nazareth-Cente-international-Marie-unite-02-scaled.jpg","filesize":1230071,"sizes":{"medium":{"file":"4.3-Nativite-Icone-Nazareth-Cente-international-Marie-unite-02-257x300.jpg","width":257,"height":300,"filesize":82197,"mime_type":"image\/jpeg","source_url":"http:\/\/image-bible.ch\/wp-content\/uploads\/4.3-Nativite-Icone-Nazareth-Cente-international-Marie-unite-02-257x300.jpg"},"large":{"file":"4.3-Nativite-Icone-Nazareth-Cente-international-Marie-unite-02-877x1024.jpg","width":877,"height":1024,"filesize":286429,"mime_type":"image\/jpeg","source_url":"http:\/\/image-bible.ch\/wp-content\/uploads\/4.3-Nativite-Icone-Nazareth-Cente-international-Marie-unite-02-877x1024.jpg"},"thumbnail":{"file":"4.3-Nativite-Icone-Nazareth-Cente-international-Marie-unite-02-150x150.jpg","width":150,"height":150,"filesize":63240,"mime_type":"image\/jpeg","source_url":"http:\/\/image-bible.ch\/wp-content\/uploads\/4.3-Nativite-Icone-Nazareth-Cente-international-Marie-unite-02-150x150.jpg"},"medium_large":{"file":"4.3-Nativite-Icone-Nazareth-Cente-international-Marie-unite-02-768x897.jpg","width":768,"height":897,"filesize":239269,"mime_type":"image\/jpeg","source_url":"http:\/\/image-bible.ch\/wp-content\/uploads\/4.3-Nativite-Icone-Nazareth-Cente-international-Marie-unite-02-768x897.jpg"},"1536x1536":{"file":"4.3-Nativite-Icone-Nazareth-Cente-international-Marie-unite-02-1315x1536.jpg","width":1315,"height":1536,"filesize":530832,"mime_type":"image\/jpeg","source_url":"http:\/\/image-bible.ch\/wp-content\/uploads\/4.3-Nativite-Icone-Nazareth-Cente-international-Marie-unite-02-1315x1536.jpg"},"2048x2048":{"file":"4.3-Nativite-Icone-Nazareth-Cente-international-Marie-unite-02-1753x2048.jpg","width":1753,"height":2048,"filesize":851038,"mime_type":"image\/jpeg","source_url":"http:\/\/image-bible.ch\/wp-content\/uploads\/4.3-Nativite-Icone-Nazareth-Cente-international-Marie-unite-02-1753x2048.jpg"},"featured-blog-large":{"file":"4.3-Nativite-Icone-Nazareth-Cente-international-Marie-unite-02-750x350.jpg","width":750,"height":350,"filesize":130644,"mime_type":"image\/jpeg","source_url":"http:\/\/image-bible.ch\/wp-content\/uploads\/4.3-Nativite-Icone-Nazareth-Cente-international-Marie-unite-02-750x350.jpg"},"featured-blog-medium":{"file":"4.3-Nativite-Icone-Nazareth-Cente-international-Marie-unite-02-270x270.jpg","width":270,"height":270,"filesize":81418,"mime_type":"image\/jpeg","source_url":"http:\/\/image-bible.ch\/wp-content\/uploads\/4.3-Nativite-Icone-Nazareth-Cente-international-Marie-unite-02-270x270.jpg"},"featured":{"file":"4.3-Nativite-Icone-Nazareth-Cente-international-Marie-unite-02-642x300.jpg","width":642,"height":300,"filesize":113366,"mime_type":"image\/jpeg","source_url":"http:\/\/image-bible.ch\/wp-content\/uploads\/4.3-Nativite-Icone-Nazareth-Cente-international-Marie-unite-02-642x300.jpg"},"featured-blog-medium-small":{"file":"4.3-Nativite-Icone-Nazareth-Cente-international-Marie-unite-02-230x230.jpg","width":230,"height":230,"filesize":74597,"mime_type":"image\/jpeg","source_url":"http:\/\/image-bible.ch\/wp-content\/uploads\/4.3-Nativite-Icone-Nazareth-Cente-international-Marie-unite-02-230x230.jpg"},"full":{"file":"4.3-Nativite-Icone-Nazareth-Cente-international-Marie-unite-02-scaled.jpg","width":2192,"height":2560,"mime_type":"image\/jpeg","source_url":"http:\/\/image-bible.ch\/wp-content\/uploads\/4.3-Nativite-Icone-Nazareth-Cente-international-Marie-unite-02-scaled.jpg"}},"image_meta":{"aperture":"5","credit":"","camera":"NIKON D90","caption":"","created_timestamp":"1342608627","copyright":"","focal_length":"25","iso":"3200","shutter_speed":"0.01","title":"","orientation":"1","keywords":[]},"original_image":"4.3-Nativite-Icone-Nazareth-Cente-international-Marie-unite-02.jpg"},"post":5275,"source_url":"http:\/\/image-bible.ch\/wp-content\/uploads\/4.3-Nativite-Icone-Nazareth-Cente-international-Marie-unite-02-scaled.jpg","_links":{"self":[{"href":"http:\/\/image-bible.ch\/index.php?rest_route=\/wp\/v2\/media\/8598"}],"collection":[{"href":"http:\/\/image-bible.ch\/index.php?rest_route=\/wp\/v2\/media"}],"about":[{"href":"http:\/\/image-bible.ch\/index.php?rest_route=\/wp\/v2\/types\/attachment"}],"author":[{"embeddable":true,"href":"http:\/\/image-bible.ch\/index.php?rest_route=\/wp\/v2\/users\/1"}],"replies":[{"embeddable":true,"href":"http:\/\/image-bible.ch\/index.php?rest_route=%2Fwp%2Fv2%2Fcomments&post=8598"}]}}

4.3 Nativité Icône Nazareth Cente international Marie unité 02
