{"id":1095,"date":"2021-03-06T18:34:06","date_gmt":"2021-03-06T17:34:06","guid":{"rendered":"http:\/\/image-bible.ch\/?page_id=1095"},"modified":"2021-06-08T18:05:29","modified_gmt":"2021-06-08T16:05:29","slug":"c20-1-la-bible-des-pauvres","status":"publish","type":"page","link":"http:\/\/image-bible.ch\/?page_id=1095","title":{"rendered":"C20.1 \/ La Bible des pauvres"},"content":{"rendered":"<p style=\"text-align: center;\"><span style=\"font-family: 'comic sans ms', sans-serif; font-size: 14pt;\">C20.1<\/span><span style=\"font-family: 'comic sans ms', sans-serif; font-size: 14pt;\"> &#8211; Parabole du bon samaritain \/ La Bible des pauvres<\/span><\/p>\n<p>Nous pr\u00e9sentons cette parabole \u00e0 travers le vitrail de la cath\u00e9drale de Sens :<\/p>\n<p><img loading=\"lazy\" decoding=\"async\" class=\"alignnone size-medium wp-image-5773\" src=\"http:\/\/image-bible.ch\/wp-content\/uploads\/2021\/06\/Vitrail-du-bon-samaritain-Sens-2-117x300.jpg\" alt=\"\" width=\"117\" height=\"300\" srcset=\"http:\/\/image-bible.ch\/wp-content\/uploads\/2021\/06\/Vitrail-du-bon-samaritain-Sens-2-117x300.jpg 117w, http:\/\/image-bible.ch\/wp-content\/uploads\/2021\/06\/Vitrail-du-bon-samaritain-Sens-2-399x1024.jpg 399w, http:\/\/image-bible.ch\/wp-content\/uploads\/2021\/06\/Vitrail-du-bon-samaritain-Sens-2-768x1969.jpg 768w, http:\/\/image-bible.ch\/wp-content\/uploads\/2021\/06\/Vitrail-du-bon-samaritain-Sens-2-599x1536.jpg 599w, http:\/\/image-bible.ch\/wp-content\/uploads\/2021\/06\/Vitrail-du-bon-samaritain-Sens-2-799x2048.jpg 799w, http:\/\/image-bible.ch\/wp-content\/uploads\/2021\/06\/Vitrail-du-bon-samaritain-Sens-2-scaled.jpg 999w\" sizes=\"(max-width: 117px) 100vw, 117px\" \/><\/p>\n","protected":false},"excerpt":{"rendered":"<p>C20.1 &#8211; Parabole du bon samaritain \/ La Bible des pauvres Nous pr\u00e9sentons cette parabole \u00e0 travers le vitrail de la cath\u00e9drale de Sens :<\/p>\n","protected":false},"author":1,"featured_media":0,"parent":109,"menu_order":1,"comment_status":"closed","ping_status":"closed","template":"","meta":{"footnotes":""},"_links":{"self":[{"href":"http:\/\/image-bible.ch\/index.php?rest_route=\/wp\/v2\/pages\/1095"}],"collection":[{"href":"http:\/\/image-bible.ch\/index.php?rest_route=\/wp\/v2\/pages"}],"about":[{"href":"http:\/\/image-bible.ch\/index.php?rest_route=\/wp\/v2\/types\/page"}],"author":[{"embeddable":true,"href":"http:\/\/image-bible.ch\/index.php?rest_route=\/wp\/v2\/users\/1"}],"replies":[{"embeddable":true,"href":"http:\/\/image-bible.ch\/index.php?rest_route=%2Fwp%2Fv2%2Fcomments&post=1095"}],"version-history":[{"count":5,"href":"http:\/\/image-bible.ch\/index.php?rest_route=\/wp\/v2\/pages\/1095\/revisions"}],"predecessor-version":[{"id":5777,"href":"http:\/\/image-bible.ch\/index.php?rest_route=\/wp\/v2\/pages\/1095\/revisions\/5777"}],"up":[{"embeddable":true,"href":"http:\/\/image-bible.ch\/index.php?rest_route=\/wp\/v2\/pages\/109"}],"wp:attachment":[{"href":"http:\/\/image-bible.ch\/index.php?rest_route=%2Fwp%2Fv2%2Fmedia&parent=1095"}],"curies":[{"name":"wp","href":"https:\/\/api.w.org\/{rel}","templated":true}]}}