{"id":1109,"date":"2021-03-06T18:37:29","date_gmt":"2021-03-06T17:37:29","guid":{"rendered":"http:\/\/image-bible.ch\/?page_id=1109"},"modified":"2024-11-08T13:22:34","modified_gmt":"2024-11-08T12:22:34","slug":"c20-8-kt-enfants","status":"publish","type":"page","link":"http:\/\/image-bible.ch\/?page_id=1109","title":{"rendered":"C20.8 \/ KT enfants"},"content":{"rendered":"<p style=\"text-align: center;\"><span style=\"font-family: 'comic sans ms', sans-serif; font-size: 14pt;\">C20.8<\/span><span style=\"font-family: 'comic sans ms', sans-serif; font-size: 14pt;\"> &#8211; Parabole du bon samaritain \/ KT enfants<\/span><\/p>\n<p><img loading=\"lazy\" decoding=\"async\" class=\"alignnone size-medium wp-image-5815\" src=\"http:\/\/image-bible.ch\/wp-content\/uploads\/2021\/06\/Jesus-Parabole-du-Bon-samaritain-1-brigands-300x214.jpg\" alt=\"\" width=\"300\" height=\"214\" srcset=\"http:\/\/image-bible.ch\/wp-content\/uploads\/2021\/06\/Jesus-Parabole-du-Bon-samaritain-1-brigands-300x214.jpg 300w, http:\/\/image-bible.ch\/wp-content\/uploads\/2021\/06\/Jesus-Parabole-du-Bon-samaritain-1-brigands-1024x730.jpg 1024w, http:\/\/image-bible.ch\/wp-content\/uploads\/2021\/06\/Jesus-Parabole-du-Bon-samaritain-1-brigands-768x547.jpg 768w, http:\/\/image-bible.ch\/wp-content\/uploads\/2021\/06\/Jesus-Parabole-du-Bon-samaritain-1-brigands-1536x1094.jpg 1536w, http:\/\/image-bible.ch\/wp-content\/uploads\/2021\/06\/Jesus-Parabole-du-Bon-samaritain-1-brigands-2048x1459.jpg 2048w\" sizes=\"(max-width: 300px) 100vw, 300px\" \/><img loading=\"lazy\" decoding=\"async\" class=\"alignnone size-medium wp-image-5816\" src=\"http:\/\/image-bible.ch\/wp-content\/uploads\/2021\/06\/Jesus-Parabole-du-Bon-samaritain-2.-Pretre-levite-300x217.jpg\" alt=\"\" width=\"300\" height=\"217\" srcset=\"http:\/\/image-bible.ch\/wp-content\/uploads\/2021\/06\/Jesus-Parabole-du-Bon-samaritain-2.-Pretre-levite-300x217.jpg 300w, http:\/\/image-bible.ch\/wp-content\/uploads\/2021\/06\/Jesus-Parabole-du-Bon-samaritain-2.-Pretre-levite-1024x742.jpg 1024w, http:\/\/image-bible.ch\/wp-content\/uploads\/2021\/06\/Jesus-Parabole-du-Bon-samaritain-2.-Pretre-levite-768x557.jpg 768w, http:\/\/image-bible.ch\/wp-content\/uploads\/2021\/06\/Jesus-Parabole-du-Bon-samaritain-2.-Pretre-levite-1536x1113.jpg 1536w, http:\/\/image-bible.ch\/wp-content\/uploads\/2021\/06\/Jesus-Parabole-du-Bon-samaritain-2.-Pretre-levite-2048x1484.jpg 2048w\" sizes=\"(max-width: 300px) 100vw, 300px\" \/><img loading=\"lazy\" decoding=\"async\" class=\"alignnone size-medium wp-image-5817\" src=\"http:\/\/image-bible.ch\/wp-content\/uploads\/2021\/06\/Jesus-Parabole-du-Bon-samaritain-3.-Samaritain-levite-300x214.jpg\" alt=\"\" width=\"300\" height=\"214\" srcset=\"http:\/\/image-bible.ch\/wp-content\/uploads\/2021\/06\/Jesus-Parabole-du-Bon-samaritain-3.-Samaritain-levite-300x214.jpg 300w, http:\/\/image-bible.ch\/wp-content\/uploads\/2021\/06\/Jesus-Parabole-du-Bon-samaritain-3.-Samaritain-levite-1024x730.jpg 1024w, http:\/\/image-bible.ch\/wp-content\/uploads\/2021\/06\/Jesus-Parabole-du-Bon-samaritain-3.-Samaritain-levite-768x547.jpg 768w, http:\/\/image-bible.ch\/wp-content\/uploads\/2021\/06\/Jesus-Parabole-du-Bon-samaritain-3.-Samaritain-levite-1536x1095.jpg 1536w, http:\/\/image-bible.ch\/wp-content\/uploads\/2021\/06\/Jesus-Parabole-du-Bon-samaritain-3.-Samaritain-levite-2048x1460.jpg 2048w\" sizes=\"(max-width: 300px) 100vw, 300px\" \/><img loading=\"lazy\" decoding=\"async\" class=\"alignnone size-medium wp-image-5819\" src=\"http:\/\/image-bible.ch\/wp-content\/uploads\/2021\/06\/Jesus-Parabole-du-Bon-samaritain-4.-Samaritain-enmene-sur-son-mulet.pg_-300x214.jpg\" alt=\"\" width=\"300\" height=\"214\" srcset=\"http:\/\/image-bible.ch\/wp-content\/uploads\/2021\/06\/Jesus-Parabole-du-Bon-samaritain-4.-Samaritain-enmene-sur-son-mulet.pg_-300x214.jpg 300w, http:\/\/image-bible.ch\/wp-content\/uploads\/2021\/06\/Jesus-Parabole-du-Bon-samaritain-4.-Samaritain-enmene-sur-son-mulet.pg_-1024x731.jpg 1024w, http:\/\/image-bible.ch\/wp-content\/uploads\/2021\/06\/Jesus-Parabole-du-Bon-samaritain-4.-Samaritain-enmene-sur-son-mulet.pg_-768x549.jpg 768w, http:\/\/image-bible.ch\/wp-content\/uploads\/2021\/06\/Jesus-Parabole-du-Bon-samaritain-4.-Samaritain-enmene-sur-son-mulet.pg_-1536x1097.jpg 1536w, http:\/\/image-bible.ch\/wp-content\/uploads\/2021\/06\/Jesus-Parabole-du-Bon-samaritain-4.-Samaritain-enmene-sur-son-mulet.pg_-2048x1463.jpg 2048w\" sizes=\"(max-width: 300px) 100vw, 300px\" \/> <img loading=\"lazy\" decoding=\"async\" class=\"alignnone size-medium wp-image-5818\" src=\"http:\/\/image-bible.ch\/wp-content\/uploads\/2021\/06\/Jesus-Parabole-du-Bon-samaritain-4.-Samaritain-dans-lauberge.pg_-300x226.jpg\" alt=\"\" width=\"300\" height=\"226\" srcset=\"http:\/\/image-bible.ch\/wp-content\/uploads\/2021\/06\/Jesus-Parabole-du-Bon-samaritain-4.-Samaritain-dans-lauberge.pg_-300x226.jpg 300w, http:\/\/image-bible.ch\/wp-content\/uploads\/2021\/06\/Jesus-Parabole-du-Bon-samaritain-4.-Samaritain-dans-lauberge.pg_-1024x770.jpg 1024w, http:\/\/image-bible.ch\/wp-content\/uploads\/2021\/06\/Jesus-Parabole-du-Bon-samaritain-4.-Samaritain-dans-lauberge.pg_-768x578.jpg 768w, http:\/\/image-bible.ch\/wp-content\/uploads\/2021\/06\/Jesus-Parabole-du-Bon-samaritain-4.-Samaritain-dans-lauberge.pg_-1536x1156.jpg 1536w, http:\/\/image-bible.ch\/wp-content\/uploads\/2021\/06\/Jesus-Parabole-du-Bon-samaritain-4.-Samaritain-dans-lauberge.pg_.jpg 1999w\" sizes=\"(max-width: 300px) 100vw, 300px\" \/><\/p>\n<p>Quelques id\u00e9es pour <a href=\"http:\/\/www.idees-cate.com\/le_cate\/bonsamaritain.html\">le cat\u00e9chisme<\/a><\/p>\n<p>R\u00e9flexions et mat\u00e9riel <a href=\"https:\/\/dioceseparis.fr\/le-bon-samaritain-une-parabole-de.html\">pour le cat\u00e9chisme<\/a><\/p>\n<div id='gallery-1' class='gallery galleryid-1109 gallery-columns-3 gallery-size-medium'><figure class='gallery-item'>\n\t\t\t<div class='gallery-icon landscape'>\n\t\t\t\t<a href='http:\/\/image-bible.ch\/?attachment_id=9100'><img loading=\"lazy\" decoding=\"async\" width=\"300\" height=\"115\" src=\"http:\/\/image-bible.ch\/wp-content\/uploads\/Parabole-du-bon-samaritain-3-Un-homme-en-route-1-300x115.jpg\" class=\"attachment-medium size-medium\" alt=\"\" srcset=\"http:\/\/image-bible.ch\/wp-content\/uploads\/Parabole-du-bon-samaritain-3-Un-homme-en-route-1-300x115.jpg 300w, http:\/\/image-bible.ch\/wp-content\/uploads\/Parabole-du-bon-samaritain-3-Un-homme-en-route-1-1024x392.jpg 1024w, http:\/\/image-bible.ch\/wp-content\/uploads\/Parabole-du-bon-samaritain-3-Un-homme-en-route-1-768x294.jpg 768w, http:\/\/image-bible.ch\/wp-content\/uploads\/Parabole-du-bon-samaritain-3-Un-homme-en-route-1-1536x588.jpg 1536w, http:\/\/image-bible.ch\/wp-content\/uploads\/Parabole-du-bon-samaritain-3-Un-homme-en-route-1-2048x784.jpg 2048w\" sizes=\"(max-width: 300px) 100vw, 300px\" \/><\/a>\n\t\t\t<\/div><\/figure><figure class='gallery-item'>\n\t\t\t<div class='gallery-icon landscape'>\n\t\t\t\t<a href='http:\/\/image-bible.ch\/?attachment_id=9101'><img loading=\"lazy\" decoding=\"async\" width=\"300\" height=\"254\" src=\"http:\/\/image-bible.ch\/wp-content\/uploads\/Parabole-du-bon-samaritain-2-1-300x254.jpg\" class=\"attachment-medium size-medium\" alt=\"\" srcset=\"http:\/\/image-bible.ch\/wp-content\/uploads\/Parabole-du-bon-samaritain-2-1-300x254.jpg 300w, http:\/\/image-bible.ch\/wp-content\/uploads\/Parabole-du-bon-samaritain-2-1-1024x865.jpg 1024w, http:\/\/image-bible.ch\/wp-content\/uploads\/Parabole-du-bon-samaritain-2-1-768x649.jpg 768w, http:\/\/image-bible.ch\/wp-content\/uploads\/Parabole-du-bon-samaritain-2-1-1536x1298.jpg 1536w, http:\/\/image-bible.ch\/wp-content\/uploads\/Parabole-du-bon-samaritain-2-1-2048x1731.jpg 2048w\" sizes=\"(max-width: 300px) 100vw, 300px\" \/><\/a>\n\t\t\t<\/div><\/figure><figure class='gallery-item'>\n\t\t\t<div class='gallery-icon landscape'>\n\t\t\t\t<a href='http:\/\/image-bible.ch\/?attachment_id=9102'><img loading=\"lazy\" decoding=\"async\" width=\"300\" height=\"116\" src=\"http:\/\/image-bible.ch\/wp-content\/uploads\/Parabole-du-bon-samaritain-1-300x116.jpg\" class=\"attachment-medium size-medium\" alt=\"\" srcset=\"http:\/\/image-bible.ch\/wp-content\/uploads\/Parabole-du-bon-samaritain-1-300x116.jpg 300w, http:\/\/image-bible.ch\/wp-content\/uploads\/Parabole-du-bon-samaritain-1-1024x397.jpg 1024w, http:\/\/image-bible.ch\/wp-content\/uploads\/Parabole-du-bon-samaritain-1-768x298.jpg 768w, http:\/\/image-bible.ch\/wp-content\/uploads\/Parabole-du-bon-samaritain-1-1536x596.jpg 1536w, http:\/\/image-bible.ch\/wp-content\/uploads\/Parabole-du-bon-samaritain-1-2048x794.jpg 2048w\" sizes=\"(max-width: 300px) 100vw, 300px\" \/><\/a>\n\t\t\t<\/div><\/figure><figure class='gallery-item'>\n\t\t\t<div class='gallery-icon portrait'>\n\t\t\t\t<a href='http:\/\/image-bible.ch\/?attachment_id=9103'><img loading=\"lazy\" decoding=\"async\" width=\"240\" height=\"300\" src=\"http:\/\/image-bible.ch\/wp-content\/uploads\/Parabole-du-bon-samaritain-2-lauberge-Lc-1030-37-1-240x300.jpg\" class=\"attachment-medium size-medium\" alt=\"\" srcset=\"http:\/\/image-bible.ch\/wp-content\/uploads\/Parabole-du-bon-samaritain-2-lauberge-Lc-1030-37-1-240x300.jpg 240w, http:\/\/image-bible.ch\/wp-content\/uploads\/Parabole-du-bon-samaritain-2-lauberge-Lc-1030-37-1-820x1024.jpg 820w, http:\/\/image-bible.ch\/wp-content\/uploads\/Parabole-du-bon-samaritain-2-lauberge-Lc-1030-37-1-768x959.jpg 768w, http:\/\/image-bible.ch\/wp-content\/uploads\/Parabole-du-bon-samaritain-2-lauberge-Lc-1030-37-1-1231x1536.jpg 1231w, http:\/\/image-bible.ch\/wp-content\/uploads\/Parabole-du-bon-samaritain-2-lauberge-Lc-1030-37-1-1641x2048.jpg 1641w, http:\/\/image-bible.ch\/wp-content\/uploads\/Parabole-du-bon-samaritain-2-lauberge-Lc-1030-37-1.jpg 1809w\" sizes=\"(max-width: 240px) 100vw, 240px\" \/><\/a>\n\t\t\t<\/div><\/figure><figure class='gallery-item'>\n\t\t\t<div class='gallery-icon portrait'>\n\t\t\t\t<a href='http:\/\/image-bible.ch\/?attachment_id=9104'><img loading=\"lazy\" decoding=\"async\" width=\"249\" height=\"300\" src=\"http:\/\/image-bible.ch\/wp-content\/uploads\/Parabole-du-bon-samaritain-Lc-1030-37-1-249x300.jpg\" class=\"attachment-medium size-medium\" alt=\"\" srcset=\"http:\/\/image-bible.ch\/wp-content\/uploads\/Parabole-du-bon-samaritain-Lc-1030-37-1-249x300.jpg 249w, http:\/\/image-bible.ch\/wp-content\/uploads\/Parabole-du-bon-samaritain-Lc-1030-37-1-849x1024.jpg 849w, http:\/\/image-bible.ch\/wp-content\/uploads\/Parabole-du-bon-samaritain-Lc-1030-37-1-768x926.jpg 768w, http:\/\/image-bible.ch\/wp-content\/uploads\/Parabole-du-bon-samaritain-Lc-1030-37-1-1274x1536.jpg 1274w, http:\/\/image-bible.ch\/wp-content\/uploads\/Parabole-du-bon-samaritain-Lc-1030-37-1-1698x2048.jpg 1698w, http:\/\/image-bible.ch\/wp-content\/uploads\/Parabole-du-bon-samaritain-Lc-1030-37-1.jpg 1822w\" sizes=\"(max-width: 249px) 100vw, 249px\" \/><\/a>\n\t\t\t<\/div><\/figure>\n\t\t<\/div>\n\n<p>&nbsp;<\/p>\n","protected":false},"excerpt":{"rendered":"<p>C20.8 &#8211; Parabole du bon samaritain \/ KT enfants Quelques id\u00e9es pour le cat\u00e9chisme R\u00e9flexions et mat\u00e9riel pour le cat\u00e9chisme &nbsp;<\/p>\n","protected":false},"author":1,"featured_media":0,"parent":109,"menu_order":7,"comment_status":"closed","ping_status":"closed","template":"","meta":{"footnotes":""},"_links":{"self":[{"href":"http:\/\/image-bible.ch\/index.php?rest_route=\/wp\/v2\/pages\/1109"}],"collection":[{"href":"http:\/\/image-bible.ch\/index.php?rest_route=\/wp\/v2\/pages"}],"about":[{"href":"http:\/\/image-bible.ch\/index.php?rest_route=\/wp\/v2\/types\/page"}],"author":[{"embeddable":true,"href":"http:\/\/image-bible.ch\/index.php?rest_route=\/wp\/v2\/users\/1"}],"replies":[{"embeddable":true,"href":"http:\/\/image-bible.ch\/index.php?rest_route=%2Fwp%2Fv2%2Fcomments&post=1109"}],"version-history":[{"count":8,"href":"http:\/\/image-bible.ch\/index.php?rest_route=\/wp\/v2\/pages\/1109\/revisions"}],"predecessor-version":[{"id":9105,"href":"http:\/\/image-bible.ch\/index.php?rest_route=\/wp\/v2\/pages\/1109\/revisions\/9105"}],"up":[{"embeddable":true,"href":"http:\/\/image-bible.ch\/index.php?rest_route=\/wp\/v2\/pages\/109"}],"wp:attachment":[{"href":"http:\/\/image-bible.ch\/index.php?rest_route=%2Fwp%2Fv2%2Fmedia&parent=1109"}],"curies":[{"name":"wp","href":"https:\/\/api.w.org\/{rel}","templated":true}]}}