{"id":1199,"date":"2021-03-07T15:44:46","date_gmt":"2021-03-07T14:44:46","guid":{"rendered":"http:\/\/image-bible.ch\/?page_id=1199"},"modified":"2022-07-05T14:37:31","modified_gmt":"2022-07-05T12:37:31","slug":"c22-1-la-bible-des-pauvres-2","status":"publish","type":"page","link":"http:\/\/image-bible.ch\/?page_id=1199","title":{"rendered":"D22.1 \/ La Bible des pauvres"},"content":{"rendered":"<h3 style=\"text-align: center;\"><span style=\"font-family: 'comic sans ms', sans-serif; font-size: 14pt;\">D22.1<\/span><span style=\"font-family: 'comic sans ms', sans-serif; font-size: 14pt;\"> &#8211; Gu\u00e9rison du paralytique \/ La Bible des pauvres<\/span><\/h3>\n<p><img loading=\"lazy\" decoding=\"async\" class=\"vc_single_image-img attachment-full\" title=\"lepreux\" src=\"https:\/\/abbayedubec.org\/wp-content\/uploads\/2021\/02\/lepreux-1.jpg\" sizes=\"(max-width: 720px) 100vw, 720px\" srcset=\"https:\/\/abbayedubec.org\/wp-content\/uploads\/2021\/02\/lepreux-1.jpg 720w, https:\/\/abbayedubec.org\/wp-content\/uploads\/2021\/02\/lepreux-1-300x206.jpg 300w, https:\/\/abbayedubec.org\/wp-content\/uploads\/2021\/02\/lepreux-1-700x481.jpg 700w\" alt=\"\" width=\"720\" height=\"495\" \/><\/p>\n<p><img loading=\"lazy\" decoding=\"async\" src=\"http:\/\/www.interbible.org\/interBible\/ecritures\/symboles\/2015\/sym_150424.jpg\" alt=\"lampe allum\u00e9e\" width=\"500\" height=\"430\" \/><\/p>\n<p><em>J\u00e9sus gu\u00e9rit un l\u00e9preux, Esquisse de Rembrandt.<\/em><\/p>\n<p>&nbsp;<\/p>\n","protected":false},"excerpt":{"rendered":"<p>D22.1 &#8211; Gu\u00e9rison du paralytique \/ La Bible des pauvres J\u00e9sus gu\u00e9rit un l\u00e9preux, Esquisse de Rembrandt. &nbsp;<\/p>\n","protected":false},"author":1,"featured_media":0,"parent":0,"menu_order":1,"comment_status":"closed","ping_status":"closed","template":"","meta":{"footnotes":""},"_links":{"self":[{"href":"http:\/\/image-bible.ch\/index.php?rest_route=\/wp\/v2\/pages\/1199"}],"collection":[{"href":"http:\/\/image-bible.ch\/index.php?rest_route=\/wp\/v2\/pages"}],"about":[{"href":"http:\/\/image-bible.ch\/index.php?rest_route=\/wp\/v2\/types\/page"}],"author":[{"embeddable":true,"href":"http:\/\/image-bible.ch\/index.php?rest_route=\/wp\/v2\/users\/1"}],"replies":[{"embeddable":true,"href":"http:\/\/image-bible.ch\/index.php?rest_route=%2Fwp%2Fv2%2Fcomments&post=1199"}],"version-history":[{"count":6,"href":"http:\/\/image-bible.ch\/index.php?rest_route=\/wp\/v2\/pages\/1199\/revisions"}],"predecessor-version":[{"id":6977,"href":"http:\/\/image-bible.ch\/index.php?rest_route=\/wp\/v2\/pages\/1199\/revisions\/6977"}],"wp:attachment":[{"href":"http:\/\/image-bible.ch\/index.php?rest_route=%2Fwp%2Fv2%2Fmedia&parent=1199"}],"curies":[{"name":"wp","href":"https:\/\/api.w.org\/{rel}","templated":true}]}}

<h3 style="text-align: center;"><span style="font-family: 'comic sans ms', sans-serif; font-size: 14pt;">D22.1</span><span style="font-family: 'comic sans ms', sans-serif; font-size: 14pt;"> &#8211; Guérison du paralytique / La Bible des pauvres</span></h3>
<p><img loading="lazy" decoding="async" class="vc_single_image-img attachment-full" title="lepreux" src="https://abbayedubec.org/wp-content/uploads/2021/02/lepreux-1.jpg" sizes="(max-width: 720px) 100vw, 720px" srcset="https://abbayedubec.org/wp-content/uploads/2021/02/lepreux-1.jpg 720w, https://abbayedubec.org/wp-content/uploads/2021/02/lepreux-1-300x206.jpg 300w, https://abbayedubec.org/wp-content/uploads/2021/02/lepreux-1-700x481.jpg 700w" alt="" width="720" height="495" /></p>
<p><img loading="lazy" decoding="async" src="http://www.interbible.org/interBible/ecritures/symboles/2015/sym_150424.jpg" alt="lampe allumée" width="500" height="430" /></p>
<p><em>Jésus guérit un lépreux, Esquisse de Rembrandt.</em></p>
<p>&nbsp;</p>

<p>D22.1 &#8211; Guérison du paralytique / La Bible des pauvres Jésus guérit un lépreux, Esquisse de Rembrandt. &nbsp;</p>
