{"id":1347,"date":"2021-03-08T09:09:24","date_gmt":"2021-03-08T08:09:24","guid":{"rendered":"http:\/\/image-bible.ch\/?page_id=1347"},"modified":"2024-11-10T18:18:36","modified_gmt":"2024-11-10T17:18:36","slug":"c26-2-images","status":"publish","type":"page","link":"http:\/\/image-bible.ch\/?page_id=1347","title":{"rendered":"F37.2 \/ Images"},"content":{"rendered":"<p style=\"text-align: center;\"><span style=\"font-family: 'comic sans ms', sans-serif; font-size: 14pt;\">F37.2<\/span><span style=\"font-family: 'comic sans ms', sans-serif; font-size: 14pt;\"> &#8211; Couronnement d&rsquo;\u00e9pine &#8211; Moquerie \/ Images<\/span><\/p>\n<div id='gallery-1' class='gallery galleryid-1347 gallery-columns-3 gallery-size-medium'><figure class='gallery-item'>\n\t\t\t<div class='gallery-icon portrait'>\n\t\t\t\t<a href='http:\/\/image-bible.ch\/?attachment_id=9264'><img loading=\"lazy\" decoding=\"async\" width=\"208\" height=\"300\" src=\"http:\/\/image-bible.ch\/wp-content\/uploads\/29_Couronnement-epines_Mt26-208x300.jpg\" class=\"attachment-medium size-medium\" alt=\"\" aria-describedby=\"gallery-1-9264\" srcset=\"http:\/\/image-bible.ch\/wp-content\/uploads\/29_Couronnement-epines_Mt26-208x300.jpg 208w, http:\/\/image-bible.ch\/wp-content\/uploads\/29_Couronnement-epines_Mt26-711x1024.jpg 711w, http:\/\/image-bible.ch\/wp-content\/uploads\/29_Couronnement-epines_Mt26-768x1106.jpg 768w, http:\/\/image-bible.ch\/wp-content\/uploads\/29_Couronnement-epines_Mt26.jpg 987w\" sizes=\"(max-width: 208px) 100vw, 208px\" \/><\/a>\n\t\t\t<\/div>\n\t\t\t\t<figcaption class='wp-caption-text gallery-caption' id='gallery-1-9264'>\n\t\t\t\tJ\u00e9sus couronn\u00e9 d&rsquo;\u00e9pines\n\t\t\t\t<\/figcaption><\/figure><figure class='gallery-item'>\n\t\t\t<div class='gallery-icon portrait'>\n\t\t\t\t<a href='http:\/\/image-bible.ch\/?attachment_id=9265'><img loading=\"lazy\" decoding=\"async\" width=\"227\" height=\"300\" src=\"http:\/\/image-bible.ch\/wp-content\/uploads\/29.-Gn-9-20-27_Les-fils-de-Noe_Cham-227x300.jpg\" class=\"attachment-medium size-medium\" alt=\"\" aria-describedby=\"gallery-1-9265\" srcset=\"http:\/\/image-bible.ch\/wp-content\/uploads\/29.-Gn-9-20-27_Les-fils-de-Noe_Cham-227x300.jpg 227w, http:\/\/image-bible.ch\/wp-content\/uploads\/29.-Gn-9-20-27_Les-fils-de-Noe_Cham-774x1024.jpg 774w, http:\/\/image-bible.ch\/wp-content\/uploads\/29.-Gn-9-20-27_Les-fils-de-Noe_Cham-768x1016.jpg 768w, http:\/\/image-bible.ch\/wp-content\/uploads\/29.-Gn-9-20-27_Les-fils-de-Noe_Cham-1161x1536.jpg 1161w, http:\/\/image-bible.ch\/wp-content\/uploads\/29.-Gn-9-20-27_Les-fils-de-Noe_Cham.jpg 1419w\" sizes=\"(max-width: 227px) 100vw, 227px\" \/><\/a>\n\t\t\t<\/div>\n\t\t\t\t<figcaption class='wp-caption-text gallery-caption' id='gallery-1-9265'>\n\t\t\t\tNo\u00e9 outrag\u00e9 par son fils Cham\n\t\t\t\t<\/figcaption><\/figure><figure class='gallery-item'>\n\t\t\t<div class='gallery-icon portrait'>\n\t\t\t\t<a href='http:\/\/image-bible.ch\/?attachment_id=9266'><img loading=\"lazy\" decoding=\"async\" width=\"226\" height=\"300\" src=\"http:\/\/image-bible.ch\/wp-content\/uploads\/29_Elisee-insulte-par-des-enfants_2R-2-23-24-226x300.jpg\" class=\"attachment-medium size-medium\" alt=\"\" aria-describedby=\"gallery-1-9266\" srcset=\"http:\/\/image-bible.ch\/wp-content\/uploads\/29_Elisee-insulte-par-des-enfants_2R-2-23-24-226x300.jpg 226w, http:\/\/image-bible.ch\/wp-content\/uploads\/29_Elisee-insulte-par-des-enfants_2R-2-23-24-772x1024.jpg 772w, http:\/\/image-bible.ch\/wp-content\/uploads\/29_Elisee-insulte-par-des-enfants_2R-2-23-24-768x1018.jpg 768w, http:\/\/image-bible.ch\/wp-content\/uploads\/29_Elisee-insulte-par-des-enfants_2R-2-23-24-1158x1536.jpg 1158w, http:\/\/image-bible.ch\/wp-content\/uploads\/29_Elisee-insulte-par-des-enfants_2R-2-23-24.jpg 1396w\" sizes=\"(max-width: 226px) 100vw, 226px\" \/><\/a>\n\t\t\t<\/div>\n\t\t\t\t<figcaption class='wp-caption-text gallery-caption' id='gallery-1-9266'>\n\t\t\t\t\u00c9lis\u00e9e insult\u00e9 par des enfants\n\t\t\t\t<\/figcaption><\/figure>\n\t\t<\/div>\n\n<p>&nbsp;<\/p>\n","protected":false},"excerpt":{"rendered":"<p>F37.2 &#8211; Couronnement d&rsquo;\u00e9pine &#8211; Moquerie \/ Images &nbsp;<\/p>\n","protected":false},"author":1,"featured_media":0,"parent":0,"menu_order":0,"comment_status":"closed","ping_status":"closed","template":"","meta":{"footnotes":""},"_links":{"self":[{"href":"http:\/\/image-bible.ch\/index.php?rest_route=\/wp\/v2\/pages\/1347"}],"collection":[{"href":"http:\/\/image-bible.ch\/index.php?rest_route=\/wp\/v2\/pages"}],"about":[{"href":"http:\/\/image-bible.ch\/index.php?rest_route=\/wp\/v2\/types\/page"}],"author":[{"embeddable":true,"href":"http:\/\/image-bible.ch\/index.php?rest_route=\/wp\/v2\/users\/1"}],"replies":[{"embeddable":true,"href":"http:\/\/image-bible.ch\/index.php?rest_route=%2Fwp%2Fv2%2Fcomments&post=1347"}],"version-history":[{"count":5,"href":"http:\/\/image-bible.ch\/index.php?rest_route=\/wp\/v2\/pages\/1347\/revisions"}],"predecessor-version":[{"id":9267,"href":"http:\/\/image-bible.ch\/index.php?rest_route=\/wp\/v2\/pages\/1347\/revisions\/9267"}],"wp:attachment":[{"href":"http:\/\/image-bible.ch\/index.php?rest_route=%2Fwp%2Fv2%2Fmedia&parent=1347"}],"curies":[{"name":"wp","href":"https:\/\/api.w.org\/{rel}","templated":true}]}}