{"id":1396,"date":"2021-03-08T09:34:22","date_gmt":"2021-03-08T08:34:22","guid":{"rendered":"http:\/\/image-bible.ch\/?page_id=1396"},"modified":"2024-11-10T21:40:03","modified_gmt":"2024-11-10T20:40:03","slug":"c27-6-icone","status":"publish","type":"page","link":"http:\/\/image-bible.ch\/?page_id=1396","title":{"rendered":"F38.6 \/ Ic\u00f4ne"},"content":{"rendered":"<p style=\"text-align: center;\"><span style=\"font-family: 'comic sans ms', sans-serif; font-size: 14pt;\">F38.6<\/span><span style=\"font-family: 'comic sans ms', sans-serif; font-size: 14pt;\"> &#8211; La flagellation \/ Ic\u00f4ne<\/span><\/p>\n<p><img loading=\"lazy\" decoding=\"async\" class=\"alignnone  wp-image-9285\" src=\"http:\/\/image-bible.ch\/wp-content\/uploads\/13.-Flagellation-253x300.jpg\" alt=\"\" width=\"607\" height=\"720\" srcset=\"http:\/\/image-bible.ch\/wp-content\/uploads\/13.-Flagellation-253x300.jpg 253w, http:\/\/image-bible.ch\/wp-content\/uploads\/13.-Flagellation-865x1024.jpg 865w, http:\/\/image-bible.ch\/wp-content\/uploads\/13.-Flagellation-1730x2048.jpg 1730w\" sizes=\"(max-width: 607px) 100vw, 607px\" \/><\/p>\n<p><img loading=\"lazy\" decoding=\"async\" class=\"alignnone wp-image-9286\" src=\"http:\/\/image-bible.ch\/wp-content\/uploads\/Flagellation-B8-Berne-Munster--300x165.jpg\" alt=\"\" width=\"607\" height=\"334\" srcset=\"http:\/\/image-bible.ch\/wp-content\/uploads\/Flagellation-B8-Berne-Munster--300x165.jpg 300w, http:\/\/image-bible.ch\/wp-content\/uploads\/Flagellation-B8-Berne-Munster--1024x563.jpg 1024w, http:\/\/image-bible.ch\/wp-content\/uploads\/Flagellation-B8-Berne-Munster--768x422.jpg 768w, http:\/\/image-bible.ch\/wp-content\/uploads\/Flagellation-B8-Berne-Munster-.jpg 1503w\" sizes=\"(max-width: 607px) 100vw, 607px\" \/><\/p>\n<p><img loading=\"lazy\" decoding=\"async\" class=\"alignnone wp-image-9290\" src=\"http:\/\/image-bible.ch\/wp-content\/uploads\/Flagellation-Berne-Munster-300x100.jpg\" alt=\"\" width=\"657\" height=\"219\" srcset=\"http:\/\/image-bible.ch\/wp-content\/uploads\/Flagellation-Berne-Munster-300x100.jpg 300w, http:\/\/image-bible.ch\/wp-content\/uploads\/Flagellation-Berne-Munster-1024x340.jpg 1024w, http:\/\/image-bible.ch\/wp-content\/uploads\/Flagellation-Berne-Munster-768x255.jpg 768w, http:\/\/image-bible.ch\/wp-content\/uploads\/Flagellation-Berne-Munster.jpg 1473w\" sizes=\"(max-width: 657px) 100vw, 657px\" \/><\/p>\n<table style=\"width: 79.4888%;\">\n<tbody>\n<tr>\n<td style=\"width: 19.7138%;\" width=\"160\">David qui rend le glaive qu\u2019il a d\u00e9rob\u00e9 \u00e0 Sa\u00fcl (1Sm 26,5-25).<\/td>\n<td style=\"width: 20.8267%;\" width=\"160\">J\u00e9sus flagell\u00e9 par les soldats.<\/td>\n<td style=\"width: 19.3959%;\" width=\"160\">Pilate et sa cour.<\/td>\n<td style=\"width: 17.8061%;\" width=\"161\">Joab plante son couteau dans le ventre de Abner (2Sm 3,26-27).<\/td>\n<\/tr>\n<\/tbody>\n<\/table>\n<p><img loading=\"lazy\" decoding=\"async\" class=\"alignnone wp-image-9287\" src=\"http:\/\/image-bible.ch\/wp-content\/uploads\/B8-Flagellation-Vitrail-Typologique-Berne-Munster-B.-Redemption-300x98.jpg\" alt=\"\" width=\"634\" height=\"207\" srcset=\"http:\/\/image-bible.ch\/wp-content\/uploads\/B8-Flagellation-Vitrail-Typologique-Berne-Munster-B.-Redemption-300x98.jpg 300w, http:\/\/image-bible.ch\/wp-content\/uploads\/B8-Flagellation-Vitrail-Typologique-Berne-Munster-B.-Redemption-1024x334.jpg 1024w, http:\/\/image-bible.ch\/wp-content\/uploads\/B8-Flagellation-Vitrail-Typologique-Berne-Munster-B.-Redemption-768x251.jpg 768w, http:\/\/image-bible.ch\/wp-content\/uploads\/B8-Flagellation-Vitrail-Typologique-Berne-Munster-B.-Redemption-1536x501.jpg 1536w, http:\/\/image-bible.ch\/wp-content\/uploads\/B8-Flagellation-Vitrail-Typologique-Berne-Munster-B.-Redemption-2048x669.jpg 2048w\" sizes=\"(max-width: 634px) 100vw, 634px\" \/><\/p>\n","protected":false},"excerpt":{"rendered":"<p>F38.6 &#8211; La flagellation \/ Ic\u00f4ne David qui rend le glaive qu\u2019il a d\u00e9rob\u00e9 \u00e0 Sa\u00fcl (1Sm 26,5-25). J\u00e9sus flagell\u00e9 par les soldats. Pilate et sa cour. Joab plante son couteau dans le ventre de Abner (2Sm 3,26-27).<\/p>\n","protected":false},"author":1,"featured_media":0,"parent":0,"menu_order":0,"comment_status":"closed","ping_status":"closed","template":"","meta":{"footnotes":""},"_links":{"self":[{"href":"http:\/\/image-bible.ch\/index.php?rest_route=\/wp\/v2\/pages\/1396"}],"collection":[{"href":"http:\/\/image-bible.ch\/index.php?rest_route=\/wp\/v2\/pages"}],"about":[{"href":"http:\/\/image-bible.ch\/index.php?rest_route=\/wp\/v2\/types\/page"}],"author":[{"embeddable":true,"href":"http:\/\/image-bible.ch\/index.php?rest_route=\/wp\/v2\/users\/1"}],"replies":[{"embeddable":true,"href":"http:\/\/image-bible.ch\/index.php?rest_route=%2Fwp%2Fv2%2Fcomments&post=1396"}],"version-history":[{"count":8,"href":"http:\/\/image-bible.ch\/index.php?rest_route=\/wp\/v2\/pages\/1396\/revisions"}],"predecessor-version":[{"id":9293,"href":"http:\/\/image-bible.ch\/index.php?rest_route=\/wp\/v2\/pages\/1396\/revisions\/9293"}],"wp:attachment":[{"href":"http:\/\/image-bible.ch\/index.php?rest_route=%2Fwp%2Fv2%2Fmedia&parent=1396"}],"curies":[{"name":"wp","href":"https:\/\/api.w.org\/{rel}","templated":true}]}}