{"id":1464,"date":"2021-03-08T10:14:19","date_gmt":"2021-03-08T09:14:19","guid":{"rendered":"http:\/\/image-bible.ch\/?page_id=1464"},"modified":"2024-11-11T12:38:43","modified_gmt":"2024-11-11T11:38:43","slug":"c29-6-icone","status":"publish","type":"page","link":"http:\/\/image-bible.ch\/?page_id=1464","title":{"rendered":"F40.6 \/ Ic\u00f4ne"},"content":{"rendered":"<p style=\"text-align: center;\"><span style=\"font-family: 'comic sans ms', sans-serif; font-size: 14pt;\">F40.6<\/span><span style=\"font-family: 'comic sans ms', sans-serif; font-size: 14pt;\"> &#8211; J\u00e9sus crucifi\u00e9 \/ Ic\u00f4ne<\/span><\/p>\n<p><em>Ic\u00f4ne copte<\/em><\/p>\n<p><img loading=\"lazy\" decoding=\"async\" class=\"alignnone wp-image-9320\" src=\"http:\/\/image-bible.ch\/wp-content\/uploads\/Jesus-crucifie-icone-copte-200x300.jpg\" alt=\"\" width=\"342\" height=\"513\" srcset=\"http:\/\/image-bible.ch\/wp-content\/uploads\/Jesus-crucifie-icone-copte-200x300.jpg 200w, http:\/\/image-bible.ch\/wp-content\/uploads\/Jesus-crucifie-icone-copte-682x1024.jpg 682w, http:\/\/image-bible.ch\/wp-content\/uploads\/Jesus-crucifie-icone-copte.jpg 720w\" sizes=\"(max-width: 342px) 100vw, 342px\" \/><\/p>\n<p><em>J\u00e9sus crucifi\u00e9 et mis au tombeau, Frise du Credo, 15e s, Schaffhouse, Benediktiner Kloster<\/em><\/p>\n<p><img loading=\"lazy\" decoding=\"async\" class=\"alignnone wp-image-9321\" src=\"http:\/\/image-bible.ch\/wp-content\/uploads\/Jesus-crucifie-et-mis-au-tombeau-Frise-du-Credo-15e-s-Schaffhouse-Benediktiner-Kloster006-211x300.jpg\" alt=\"\" width=\"362\" height=\"515\" srcset=\"http:\/\/image-bible.ch\/wp-content\/uploads\/Jesus-crucifie-et-mis-au-tombeau-Frise-du-Credo-15e-s-Schaffhouse-Benediktiner-Kloster006-211x300.jpg 211w, http:\/\/image-bible.ch\/wp-content\/uploads\/Jesus-crucifie-et-mis-au-tombeau-Frise-du-Credo-15e-s-Schaffhouse-Benediktiner-Kloster006-721x1024.jpg 721w, http:\/\/image-bible.ch\/wp-content\/uploads\/Jesus-crucifie-et-mis-au-tombeau-Frise-du-Credo-15e-s-Schaffhouse-Benediktiner-Kloster006-768x1091.jpg 768w, http:\/\/image-bible.ch\/wp-content\/uploads\/Jesus-crucifie-et-mis-au-tombeau-Frise-du-Credo-15e-s-Schaffhouse-Benediktiner-Kloster006-1081x1536.jpg 1081w, http:\/\/image-bible.ch\/wp-content\/uploads\/Jesus-crucifie-et-mis-au-tombeau-Frise-du-Credo-15e-s-Schaffhouse-Benediktiner-Kloster006-1441x2048.jpg 1441w, http:\/\/image-bible.ch\/wp-content\/uploads\/Jesus-crucifie-et-mis-au-tombeau-Frise-du-Credo-15e-s-Schaffhouse-Benediktiner-Kloster006-scaled.jpg 1801w\" sizes=\"(max-width: 362px) 100vw, 362px\" \/><\/p>\n","protected":false},"excerpt":{"rendered":"<p>F40.6 &#8211; J\u00e9sus crucifi\u00e9 \/ Ic\u00f4ne Ic\u00f4ne copte J\u00e9sus crucifi\u00e9 et mis au tombeau, Frise du Credo, 15e s, Schaffhouse, Benediktiner Kloster<\/p>\n","protected":false},"author":1,"featured_media":0,"parent":0,"menu_order":0,"comment_status":"closed","ping_status":"closed","template":"","meta":{"footnotes":""},"_links":{"self":[{"href":"http:\/\/image-bible.ch\/index.php?rest_route=\/wp\/v2\/pages\/1464"}],"collection":[{"href":"http:\/\/image-bible.ch\/index.php?rest_route=\/wp\/v2\/pages"}],"about":[{"href":"http:\/\/image-bible.ch\/index.php?rest_route=\/wp\/v2\/types\/page"}],"author":[{"embeddable":true,"href":"http:\/\/image-bible.ch\/index.php?rest_route=\/wp\/v2\/users\/1"}],"replies":[{"embeddable":true,"href":"http:\/\/image-bible.ch\/index.php?rest_route=%2Fwp%2Fv2%2Fcomments&post=1464"}],"version-history":[{"count":6,"href":"http:\/\/image-bible.ch\/index.php?rest_route=\/wp\/v2\/pages\/1464\/revisions"}],"predecessor-version":[{"id":9323,"href":"http:\/\/image-bible.ch\/index.php?rest_route=\/wp\/v2\/pages\/1464\/revisions\/9323"}],"wp:attachment":[{"href":"http:\/\/image-bible.ch\/index.php?rest_route=%2Fwp%2Fv2%2Fmedia&parent=1464"}],"curies":[{"name":"wp","href":"https:\/\/api.w.org\/{rel}","templated":true}]}}

F40.6 / Icône

<p style="text-align: center;"><span style="font-family: 'comic sans ms', sans-serif; font-size: 14pt;">F40.6</span><span style="font-family: 'comic sans ms', sans-serif; font-size: 14pt;"> &#8211; Jésus crucifié / Icône</span></p>
<p><em>Icône copte</em></p>
<p><img loading="lazy" decoding="async" class="alignnone wp-image-9320" src="http://image-bible.ch/wp-content/uploads/Jesus-crucifie-icone-copte-200x300.jpg" alt="" width="342" height="513" srcset="http://image-bible.ch/wp-content/uploads/Jesus-crucifie-icone-copte-200x300.jpg 200w, http://image-bible.ch/wp-content/uploads/Jesus-crucifie-icone-copte-682x1024.jpg 682w, http://image-bible.ch/wp-content/uploads/Jesus-crucifie-icone-copte.jpg 720w" sizes="(max-width: 342px) 100vw, 342px" /></p>
<p><em>Jésus crucifié et mis au tombeau, Frise du Credo, 15e s, Schaffhouse, Benediktiner Kloster</em></p>
<p><img loading="lazy" decoding="async" class="alignnone wp-image-9321" src="http://image-bible.ch/wp-content/uploads/Jesus-crucifie-et-mis-au-tombeau-Frise-du-Credo-15e-s-Schaffhouse-Benediktiner-Kloster006-211x300.jpg" alt="" width="362" height="515" srcset="http://image-bible.ch/wp-content/uploads/Jesus-crucifie-et-mis-au-tombeau-Frise-du-Credo-15e-s-Schaffhouse-Benediktiner-Kloster006-211x300.jpg 211w, http://image-bible.ch/wp-content/uploads/Jesus-crucifie-et-mis-au-tombeau-Frise-du-Credo-15e-s-Schaffhouse-Benediktiner-Kloster006-721x1024.jpg 721w, http://image-bible.ch/wp-content/uploads/Jesus-crucifie-et-mis-au-tombeau-Frise-du-Credo-15e-s-Schaffhouse-Benediktiner-Kloster006-768x1091.jpg 768w, http://image-bible.ch/wp-content/uploads/Jesus-crucifie-et-mis-au-tombeau-Frise-du-Credo-15e-s-Schaffhouse-Benediktiner-Kloster006-1081x1536.jpg 1081w, http://image-bible.ch/wp-content/uploads/Jesus-crucifie-et-mis-au-tombeau-Frise-du-Credo-15e-s-Schaffhouse-Benediktiner-Kloster006-1441x2048.jpg 1441w, http://image-bible.ch/wp-content/uploads/Jesus-crucifie-et-mis-au-tombeau-Frise-du-Credo-15e-s-Schaffhouse-Benediktiner-Kloster006-scaled.jpg 1801w" sizes="(max-width: 362px) 100vw, 362px" /></p>

<p>F40.6 &#8211; Jésus crucifié / Icône Icône copte Jésus crucifié et mis au tombeau, Frise du Credo, 15e s, Schaffhouse, Benediktiner Kloster</p>
