{"id":150,"date":"2021-03-01T16:43:15","date_gmt":"2021-03-01T15:43:15","guid":{"rendered":"http:\/\/image-bible.ch\/?page_id=150"},"modified":"2024-08-21T14:49:52","modified_gmt":"2024-08-21T12:49:52","slug":"resurrection","status":"publish","type":"page","link":"http:\/\/image-bible.ch\/?page_id=150","title":{"rendered":"G44. R\u00e9surrection"},"content":{"rendered":"<p style=\"text-align: center;\"><span style=\"font-size: 14pt; font-family: 'comic sans ms', sans-serif;\">G44 &#8211; La R\u00e9surrection\u00a0<\/span><\/p>\n<p><span style=\"font-family: 'comic sans ms', sans-serif;\">| <a href=\"http:\/\/image-bible.ch\/?page_id=1596\" target=\"_blank\" rel=\"noreferrer noopener\">La Bible des Pauvres<\/a> | <a href=\"http:\/\/image-bible.ch\/?page_id=1598\" target=\"_blank\" rel=\"noopener noreferrer\"> Images<\/a> | <a href=\"http:\/\/image-bible.ch\/?page_id=1600\" target=\"_blank\" rel=\"noreferrer noopener\">Nouveau-Testament<\/a> | <a href=\"http:\/\/image-bible.ch\/?page_id=1602\" target=\"_blank\" rel=\"noreferrer noopener\">Ancien-Testament<\/a> | <a href=\"http:\/\/image-bible.ch\/?page_id=1604\" target=\"_blank\" rel=\"noreferrer noopener\">Interpr\u00e9tation<\/a> | <a href=\"http:\/\/image-bible.ch\/?page_id=1606\" target=\"_blank\" rel=\"noreferrer noopener\">Ic\u00f4ne<\/a> | <a href=\"http:\/\/image-bible.ch\/?page_id=1608\" target=\"_blank\" rel=\"noreferrer noopener\">P\u00e2que juive et P\u00e2ques<\/a> | <a href=\"http:\/\/image-bible.ch\/?page_id=1610\" target=\"_blank\" rel=\"noreferrer noopener\">KT enfants<\/a> | <a href=\"http:\/\/image-bible.ch\/?page_id=1612\" target=\"_blank\" rel=\"noreferrer noopener\">Jeunes<\/a> | <a href=\"http:\/\/image-bible.ch\/?page_id=1614\" target=\"_blank\" rel=\"noreferrer noopener\">Divers Vid\u00e9o &#8211; R\u00e9f\u00e9rences<\/a> |<\/span><\/p>\n<hr \/>\n<p style=\"text-align: center;\"><strong><span style=\"font-family: 'book antiqua', palatino, serif;\">Page de pr\u00e9sentation<\/span><\/strong><\/p>\n<p>Du livre les 40 clefs pour rencontrer J\u00e9sus : <a href=\"http:\/\/image-bible.ch\/wp-content\/uploads\/35.-Jesus-ressuscite.pdf\">35. J\u00e9sus ressuscit\u00e9<\/a><\/p>\n<p>Biblia pauperum : <a href=\"http:\/\/image-bible.ch\/wp-content\/uploads\/33.-Resurrection.pptx\">33. R\u00e9surrection<\/a><\/p>\n<p><img loading=\"lazy\" decoding=\"async\" class=\"alignnone wp-image-5706\" src=\"http:\/\/image-bible.ch\/wp-content\/uploads\/2021\/05\/33.-Resurrection-194x300.jpg\" alt=\"\" width=\"244\" height=\"377\" srcset=\"http:\/\/image-bible.ch\/wp-content\/uploads\/2021\/05\/33.-Resurrection-194x300.jpg 194w, http:\/\/image-bible.ch\/wp-content\/uploads\/2021\/05\/33.-Resurrection.jpg 627w\" sizes=\"(max-width: 244px) 100vw, 244px\" \/><\/p>\n<p><img loading=\"lazy\" decoding=\"async\" class=\"alignnone size-medium wp-image-7091\" src=\"http:\/\/image-bible.ch\/wp-content\/uploads\/19.-Christ-ressuscite-Samson-emmene-les-portes-de-Gaza-Jonas-est-rejete-par-le-monstre-marin-sur-le-rivage-300x180.jpg\" alt=\"\" width=\"300\" height=\"180\" srcset=\"http:\/\/image-bible.ch\/wp-content\/uploads\/19.-Christ-ressuscite-Samson-emmene-les-portes-de-Gaza-Jonas-est-rejete-par-le-monstre-marin-sur-le-rivage-300x180.jpg 300w, http:\/\/image-bible.ch\/wp-content\/uploads\/19.-Christ-ressuscite-Samson-emmene-les-portes-de-Gaza-Jonas-est-rejete-par-le-monstre-marin-sur-le-rivage-1024x615.jpg 1024w, http:\/\/image-bible.ch\/wp-content\/uploads\/19.-Christ-ressuscite-Samson-emmene-les-portes-de-Gaza-Jonas-est-rejete-par-le-monstre-marin-sur-le-rivage-768x461.jpg 768w, http:\/\/image-bible.ch\/wp-content\/uploads\/19.-Christ-ressuscite-Samson-emmene-les-portes-de-Gaza-Jonas-est-rejete-par-le-monstre-marin-sur-le-rivage-1536x922.jpg 1536w, http:\/\/image-bible.ch\/wp-content\/uploads\/19.-Christ-ressuscite-Samson-emmene-les-portes-de-Gaza-Jonas-est-rejete-par-le-monstre-marin-sur-le-rivage-2048x1229.jpg 2048w\" sizes=\"(max-width: 300px) 100vw, 300px\" \/> Tapisserie de l\u2019abbaye de la Chaise-Dieu (France)<\/p>\n<hr \/>\n<table style=\"border-collapse: collapse; width: 100%;\">\n<tbody>\n<tr>\n<td style=\"width: 100%;\"><span style=\"font-size: 10pt;\"><em>G44. <a href=\"http:\/\/image-bible.ch\/?page_id=150\">La R\u00e9surrection<\/a> &#8211; G45. <a href=\"http:\/\/image-bible.ch\/?page_id=148\">Apparition aux femmes au tombeau<\/a> &#8211; G46. <a href=\"http:\/\/image-bible.ch\/?page_id=146\">Apparition \u00e0 Marie-Madeleine<\/a>\u00a0 &#8211; G47. <a href=\"http:\/\/image-bible.ch\/?page_id=144\">Apparition au c\u00e9nacle devant la Vierge et les Ap\u00f4tres<\/a> &#8211; G48. <a href=\"http:\/\/image-bible.ch\/?page_id=142\">Apparition \u00e0 Thomas<\/a> &#8211; G49. <a href=\"http:\/\/image-bible.ch\/?page_id=140\">Ascension<\/a> &#8211; G50. <a href=\"http:\/\/image-bible.ch\/?page_id=137\">Pentec\u00f4te\u00a0<\/a> &#8211; G51. <a href=\"http:\/\/image-bible.ch\/?page_id=134\">Jugement dernier<\/a> \u2013 G52.\u00a0<a href=\"http:\/\/image-bible.ch\/?page_id=4427\">Assomption de la Vierge Marie<\/a>\u00a0&#8211; G53. <a href=\"http:\/\/image-bible.ch\/?page_id=132\">Couronnement de la Vierge Marie<\/a><\/em><\/span><\/td>\n<\/tr>\n<\/tbody>\n<\/table>\n","protected":false},"excerpt":{"rendered":"<p>G44 &#8211; La R\u00e9surrection\u00a0 | La Bible des Pauvres | Images | Nouveau-Testament | Ancien-Testament | Interpr\u00e9tation | Ic\u00f4ne | P\u00e2que juive et P\u00e2ques | KT enfants | Jeunes | Divers Vid\u00e9o &#8211; R\u00e9f\u00e9rences | Page de pr\u00e9sentation Du livre<\/p>\n","protected":false},"author":1,"featured_media":0,"parent":0,"menu_order":0,"comment_status":"closed","ping_status":"closed","template":"","meta":{"footnotes":""},"_links":{"self":[{"href":"http:\/\/image-bible.ch\/index.php?rest_route=\/wp\/v2\/pages\/150"}],"collection":[{"href":"http:\/\/image-bible.ch\/index.php?rest_route=\/wp\/v2\/pages"}],"about":[{"href":"http:\/\/image-bible.ch\/index.php?rest_route=\/wp\/v2\/types\/page"}],"author":[{"embeddable":true,"href":"http:\/\/image-bible.ch\/index.php?rest_route=\/wp\/v2\/users\/1"}],"replies":[{"embeddable":true,"href":"http:\/\/image-bible.ch\/index.php?rest_route=%2Fwp%2Fv2%2Fcomments&post=150"}],"version-history":[{"count":19,"href":"http:\/\/image-bible.ch\/index.php?rest_route=\/wp\/v2\/pages\/150\/revisions"}],"predecessor-version":[{"id":7389,"href":"http:\/\/image-bible.ch\/index.php?rest_route=\/wp\/v2\/pages\/150\/revisions\/7389"}],"wp:attachment":[{"href":"http:\/\/image-bible.ch\/index.php?rest_route=%2Fwp%2Fv2%2Fmedia&parent=150"}],"curies":[{"name":"wp","href":"https:\/\/api.w.org\/{rel}","templated":true}]}}