{"id":1529,"date":"2021-03-08T11:01:50","date_gmt":"2021-03-08T10:01:50","guid":{"rendered":"http:\/\/image-bible.ch\/?page_id=1529"},"modified":"2024-11-11T18:22:17","modified_gmt":"2024-11-11T17:22:17","slug":"c31-5-interpretation","status":"publish","type":"page","link":"http:\/\/image-bible.ch\/?page_id=1529","title":{"rendered":"F42.5 \/ Interpr\u00e9tation"},"content":{"rendered":"<p style=\"text-align: center;\"><span style=\"font-family: 'comic sans ms', sans-serif; font-size: 14pt;\">F42.5<\/span><span style=\"font-family: 'comic sans ms', sans-serif; font-size: 14pt;\"> &#8211; Mise au tombeau \/ Interpr\u00e9tation<\/span><\/p>\n<p>Lorsque les fr\u00e8res de <strong>Joseph<\/strong>, l\u2019accaparent, ils le d\u00e9pouillent de sa belle robe et le jettent dans une <em>citerne<\/em>, dans un <em>geste de mort<\/em>.<br \/>\nCe Joseph est une pr\u00e9figuration du <strong>Christ,<\/strong> qui est d\u00e9pos\u00e9 dans un <em>tombeau<\/em> apr\u00e8s que ses amis l\u2019ont descendu de la croix, dans un <em>geste de d\u00e9votion et de respect<\/em>.<\/p>\n<p>Le lien principal est donc celui de la <strong>pr\u00e9figuration<\/strong> : l\u2019histoire de Joseph et sa \u00ab\u00a0descente\u00a0\u00bb dans la citerne annoncent symboliquement la mise au tombeau de J\u00e9sus, mais aussi la promesse d\u2019une victoire finale sur la mort.<\/p>\n<p>Le r\u00e9cit de <strong>Gen\u00e8se 37,22-24<\/strong>, qui parle de Joseph jet\u00e9 dans une citerne par ses fr\u00e8res, pr\u00e9figure certains aspects de la <strong>mise au tombeau de J\u00e9sus<\/strong> dans les r\u00e9cits \u00e9vang\u00e9liques. Voici les points principaux de comparaison entre les deux passages :<\/p>\n<ol>\n<li><strong>Trahison par des proches<\/strong> :\n<ul>\n<li>Dans <strong>Gen\u00e8se<\/strong>, Joseph est trahi par ses propres fr\u00e8res, qui le jettent dans une citerne par jalousie.<\/li>\n<li>Dans le <strong>Nouveau Testament<\/strong>, J\u00e9sus est \u00e9galement trahi, d\u2019abord par Judas, l&rsquo;un de ses disciples, et ensuite par son peuple, qui le rejette.<\/li>\n<\/ul>\n<\/li>\n<li><strong>Une mort symbolique<\/strong> :\n<ul>\n<li>La citerne o\u00f9 Joseph est jet\u00e9 repr\u00e9sente symboliquement une mort, car c\u2019est un lieu de confinement et de d\u00e9sespoir, bien qu&rsquo;il y en soit finalement sauv\u00e9.<\/li>\n<li>J\u00e9sus, quant \u00e0 lui, conna\u00eet une mort r\u00e9elle et est d\u00e9pos\u00e9 dans le tombeau, lieu sombre qui, comme la citerne, symbolise le s\u00e9jour des morts.<\/li>\n<\/ul>\n<\/li>\n<li><strong>L\u2019intervention divine<\/strong> :\n<ul>\n<li>Dans l&rsquo;histoire de Joseph, Dieu veille sur lui, et sa captivit\u00e9 aboutira \u00e0 sa lib\u00e9ration et son \u00e9l\u00e9vation.<\/li>\n<li>De m\u00eame, Dieu ressuscite J\u00e9sus d\u2019entre les morts, le lib\u00e9rant du tombeau et le glorifiant.<\/li>\n<\/ul>\n<\/li>\n<li><strong>La pr\u00e9figuration du salut<\/strong> :\n<ul>\n<li>Joseph est conduit vers un destin qui le m\u00e8nera \u00e0 devenir sauveur pour sa famille et pour de nombreuses nations durant la famine.<\/li>\n<li>J\u00e9sus, \u00e0 travers sa mort et sa r\u00e9surrection, devient le Sauveur de l\u2019humanit\u00e9, ouvrant la voie de la r\u00e9demption.<\/li>\n<\/ul>\n<\/li>\n<\/ol>\n<p>Lorsque <strong>Jonas <\/strong>prend le bateau pour fuir \u00e0 Tarsis, une grande temp\u00eate survient sur la mer. Le sort, pour conna\u00eetre le responsable, tombe sur Jonas. Les matelots le jettent \u00e0 la mer et <em>un monstre marin<\/em> l\u2019avale. Il reste trois jours et trois nuits dans son ventre.<br \/>\nCe Jonas est une pr\u00e9figuration du <strong>Christ<\/strong>, qui repose trois jours dans <em>le tombeau.<\/em><\/p>\n<p>Ainsi, le s\u00e9jour de Jonas dans le ventre du poisson pr\u00e9figure non seulement la mise au tombeau de J\u00e9sus, mais aussi sa victoire sur la mort. Le parall\u00e8le souligne l&rsquo;id\u00e9e de d\u00e9livrance et de salut, montrant que Dieu transforme les moments de profonde obscurit\u00e9 en occasions de renouvellement et de vie.<\/p>\n<p>Le r\u00e9cit de <strong>Jonas 1,1 \u2013 2,11<\/strong>, dans lequel Jonas passe trois jours et trois nuits dans le ventre du grand poisson, est souvent interpr\u00e9t\u00e9 comme une pr\u00e9figuration de la mort, de la mise au tombeau et de la r\u00e9surrection de J\u00e9sus. Voici les liens symboliques entre ces deux \u00e9v\u00e9nements :<\/p>\n<ol>\n<li><strong>Trois jours et trois nuits<\/strong> :\n<ul>\n<li>Jonas passe trois jours et trois nuits dans le ventre du poisson, symbolisant une exp\u00e9rience de mort et de r\u00e9clusion.<\/li>\n<li>J\u00e9sus, dans le Nouveau Testament, mentionne cette dur\u00e9e en Matthieu 12,40 : \u00ab De m\u00eame que Jonas fut trois jours et trois nuits dans le ventre du grand poisson, ainsi le Fils de l\u2019homme sera trois jours et trois nuits dans le sein de la terre. \u00bb Cette r\u00e9f\u00e9rence \u00e9tablit un parall\u00e8le explicite entre l&rsquo;exp\u00e9rience de Jonas et celle de J\u00e9sus.<\/li>\n<\/ul>\n<\/li>\n<li><strong>La descente aux profondeurs<\/strong> :\n<ul>\n<li>Dans le r\u00e9cit de Jonas, le proph\u00e8te descend litt\u00e9ralement dans les profondeurs de l\u2019oc\u00e9an, repr\u00e9sentant un lieu de mort ou de jugement.<\/li>\n<li>J\u00e9sus descend dans le tombeau, un lieu de t\u00e9n\u00e8bres, qui symbolise \u00e9galement la s\u00e9paration et le s\u00e9jour des morts.<\/li>\n<\/ul>\n<\/li>\n<li><strong>Une pri\u00e8re de d\u00e9livrance<\/strong> :\n<ul>\n<li>Pendant son temps dans le ventre du poisson, Jonas prie Dieu, exprimant sa d\u00e9tresse et son d\u00e9sir de salut, puis est d\u00e9livr\u00e9.<\/li>\n<li>De la m\u00eame mani\u00e8re, dans l\u2019angoisse de sa Passion, J\u00e9sus prie Dieu au Jardin de Geths\u00e9mani et sur la croix, avant d\u2019\u00eatre \u00ab\u00a0d\u00e9livr\u00e9\u00a0\u00bb par la r\u00e9surrection.<\/li>\n<\/ul>\n<\/li>\n<li><strong>La mission de salut<\/strong> :\n<ul>\n<li>Jonas est lib\u00e9r\u00e9 du poisson pour accomplir sa mission d\u2019appeler Ninive \u00e0 la conversion, offrant ainsi un chemin de salut.<\/li>\n<li>J\u00e9sus, par sa r\u00e9surrection, accomplit pleinement sa mission de salut pour l\u2019humanit\u00e9 enti\u00e8re, en appelant au repentir et \u00e0 la foi.<\/li>\n<\/ul>\n<\/li>\n<\/ol>\n","protected":false},"excerpt":{"rendered":"<p>F42.5 &#8211; Mise au tombeau \/ Interpr\u00e9tation Lorsque les fr\u00e8res de Joseph, l\u2019accaparent, ils le d\u00e9pouillent de sa belle robe et le jettent dans une citerne, dans un geste de mort. Ce Joseph est une pr\u00e9figuration du Christ, qui est<\/p>\n","protected":false},"author":1,"featured_media":0,"parent":0,"menu_order":0,"comment_status":"closed","ping_status":"closed","template":"","meta":{"footnotes":""},"_links":{"self":[{"href":"http:\/\/image-bible.ch\/index.php?rest_route=\/wp\/v2\/pages\/1529"}],"collection":[{"href":"http:\/\/image-bible.ch\/index.php?rest_route=\/wp\/v2\/pages"}],"about":[{"href":"http:\/\/image-bible.ch\/index.php?rest_route=\/wp\/v2\/types\/page"}],"author":[{"embeddable":true,"href":"http:\/\/image-bible.ch\/index.php?rest_route=\/wp\/v2\/users\/1"}],"replies":[{"embeddable":true,"href":"http:\/\/image-bible.ch\/index.php?rest_route=%2Fwp%2Fv2%2Fcomments&post=1529"}],"version-history":[{"count":6,"href":"http:\/\/image-bible.ch\/index.php?rest_route=\/wp\/v2\/pages\/1529\/revisions"}],"predecessor-version":[{"id":9345,"href":"http:\/\/image-bible.ch\/index.php?rest_route=\/wp\/v2\/pages\/1529\/revisions\/9345"}],"wp:attachment":[{"href":"http:\/\/image-bible.ch\/index.php?rest_route=%2Fwp%2Fv2%2Fmedia&parent=1529"}],"curies":[{"name":"wp","href":"https:\/\/api.w.org\/{rel}","templated":true}]}}