{"id":1600,"date":"2021-03-08T13:02:25","date_gmt":"2021-03-08T12:02:25","guid":{"rendered":"http:\/\/image-bible.ch\/?page_id=1600"},"modified":"2024-11-13T12:30:39","modified_gmt":"2024-11-13T11:30:39","slug":"d33-3-bible-nouveau-testament","status":"publish","type":"page","link":"http:\/\/image-bible.ch\/?page_id=1600","title":{"rendered":"G44.3 \/ Bible Nouveau-Testament"},"content":{"rendered":"<p style=\"text-align: center;\"><span style=\"font-family: 'comic sans ms', sans-serif; font-size: 14pt;\">G44.3<\/span><span style=\"font-family: 'comic sans ms', sans-serif; font-size: 14pt;\"> &#8211; La R\u00e9surrection \/ Bible Nouveau-Testament<\/span><\/p>\n<p><img loading=\"lazy\" decoding=\"async\" class=\"alignnone wp-image-5704\" src=\"http:\/\/image-bible.ch\/wp-content\/uploads\/2021\/05\/33.-Resurrection-C-188x300.jpg\" alt=\"\" width=\"279\" height=\"445\" srcset=\"http:\/\/image-bible.ch\/wp-content\/uploads\/2021\/05\/33.-Resurrection-C-188x300.jpg 188w, http:\/\/image-bible.ch\/wp-content\/uploads\/2021\/05\/33.-Resurrection-C.jpg 313w\" sizes=\"(max-width: 279px) 100vw, 279px\" \/><\/p>\n<p><span style=\"color: #0000ff;\">Mt 28,2-4<\/span><\/p>\n<p><sup><span class=\"verse_number\" style=\"color: #0000ff;\">2<\/span><\/sup> Et voil\u00e0 qu\u2019il y eut un grand tremblement de terre\u00a0; l\u2019ange du Seigneur descendit du ciel, vint rouler la pierre et s\u2019assit dessus.<\/p>\n<p><sup><span class=\"verse_number\" style=\"color: #0000ff;\">3<\/span><\/sup> Il avait l\u2019aspect de l\u2019\u00e9clair, et son v\u00eatement \u00e9tait blanc comme neige.<\/p>\n<p><sup><span class=\"verse_number\" style=\"color: #0000ff;\">4<\/span><\/sup> Les gardes, dans la crainte qu\u2019ils \u00e9prouv\u00e8rent, se mirent \u00e0 trembler et devinrent comme morts.<\/p>\n<p><span style=\"color: #0000ff;\">Jn 20,1-9\u00a0:<\/span><\/p>\n<p><span style=\"color: #0000ff;\"><sup>1<\/sup><\/span> <span style=\"color: #993300;\">Le premier jour de la semaine<\/span>, <strong>Marie Madeleine<\/strong> se rend <span style=\"color: #008000;\">au tombeau<\/span> <span style=\"color: #993300;\">de grand matin<\/span>\u00a0; c\u2019\u00e9tait encore les t\u00e9n\u00e8bres. Elle s\u2019aper\u00e7oit que <span style=\"color: #ff0000;\">la pierre a \u00e9t\u00e9 enlev\u00e9e<\/span> du tombeau.<\/p>\n<p><span style=\"color: #0000ff;\"><sup>2<\/sup><\/span> Elle court donc trouver <strong>Simon-Pierre<\/strong> et <strong>l\u2019autre disciple<\/strong>, celui que <strong>J\u00e9sus<\/strong><em> aimait<\/em>, et elle leur dit\u00a0: \u00ab\u00a0<span style=\"color: #ff0000;\">On a enlev\u00e9 le Seigneur de son tombeau<\/span>, et nous ne savons pas o\u00f9 on l\u2019a d\u00e9pos\u00e9.\u00a0\u00bb<\/p>\n<p><span style=\"color: #0000ff;\"><sup>3<\/sup><\/span><strong> Pierre<\/strong> partit donc avec l<strong>\u2019autre disciple<\/strong> pour se rendre <span style=\"color: #008000;\">au tombeau<\/span>.<\/p>\n<p><span style=\"color: #0000ff;\"><sup>4<\/sup><\/span> Ils <em>couraient tous les deux ensemble<\/em>, mais l\u2019autre disciple courut plus vite que Pierre et <em>arriva le premier<\/em> au tombeau.<\/p>\n<p><span style=\"color: #0000ff;\"><sup>5<\/sup><\/span> En se penchant, il s\u2019aper\u00e7oit que <span style=\"color: #ff0000;\">les linges sont pos\u00e9s \u00e0 plat<\/span>\u00a0; cependant il n\u2019entre pas.<\/p>\n<p><span style=\"color: #0000ff;\"><sup>6<\/sup><\/span> <strong>Simon-Pierre,<\/strong> qui le suivait, arrive \u00e0 son tour. Il entre dans le tombeau\u00a0; il aper\u00e7oit <span style=\"color: #ff0000;\">les linges, pos\u00e9s \u00e0 plat<\/span>, <sup>7<\/sup> ainsi que <span style=\"color: #ff0000;\">le suaire<\/span> qui avait entour\u00e9 la t\u00eate de J\u00e9sus, non pas pos\u00e9 avec les linges, mais <em>roul\u00e9 \u00e0 part \u00e0 sa place<\/em>.<\/p>\n<p><span style=\"color: #0000ff;\"><sup>8<\/sup><\/span> C\u2019est alors qu\u2019entra l\u2019<strong>autre disciple<\/strong>, lui qui \u00e9tait arriv\u00e9 le premier au tombeau. <strong><span style=\"color: #ff0000;\">Il vit, et il crut.<\/span><\/strong><\/p>\n<p><span style=\"color: #0000ff;\"><sup>9<\/sup><\/span> Jusque-l\u00e0, en effet, les disciples n\u2019avaient pas compris que, selon l\u2019\u00c9criture, il fallait que <span style=\"color: #ff0000;\">J\u00e9sus ressuscite d\u2019entre les morts.<\/span><\/p>\n<p><span style=\"color: #0000ff;\"><sup>10<\/sup><\/span> Ensuite, les disciples <em>retourn\u00e8rent chez eux<\/em>.<\/p>\n<p><span style=\"color: #993300;\"><strong>Vocabulaire :<\/strong><\/span><\/p>\n<p>&nbsp;<\/p>\n<p><strong><span style=\"color: #0000ff;\">Questions :<\/span><\/strong><\/p>\n<p>&nbsp;<\/p>\n<h4>Commentaire :<\/h4>\n<p>La r\u00e9surrection du Christ est l\u2019\u00e9v\u00e9nement sur lequel repose toute la foi chr\u00e9tienne. Dans les \u00c9vangiles, la R\u00e9surrection, en tant que telle, n\u2019est pas d\u00e9crite. Car elle demande n\u00e9cessairement le t\u00e9moignage de la foi.<\/p>\n<p>Ce qui est abondamment d\u00e9taill\u00e9 dans le Nouveau Testament, ce n\u2019est pas l\u2019\u00e9v\u00e9nement de la R\u00e9surrection, mais l\u2019effet que cette R\u00e9surrection a eu sur les disciples qui en ont \u00e9t\u00e9 t\u00e9moins. Aucun disciple n\u2019a assist\u00e9 \u00e0 la R\u00e9surrection, mais tous les disciples sont radicalement transform\u00e9s par la rencontre du Christ ressuscit\u00e9.<\/p>\n<p>Jean l\u2019\u00e9vang\u00e9liste, nous pr\u00e9sente la course de Pierre et du disciple bien-aim\u00e9. Jean figure de l\u2019amour arrive le premier, mais laisse Pierre, figure du chef entrer en premier dans le tombeau pour constater l\u2019absence du corps du Christ et les linges. Mais il ne fait pas le lien avec l\u2019annonce de la R\u00e9surrection. Jean lorsqu\u2019il p\u00e9n\u00e8tre dans le tombeau perce en m\u00eame temps le myst\u00e8re\u00a0: il voit et il croit \u00e0 l\u2019accomplissement des \u00c9critures, \u00e0 ce que J\u00e9sus avait annonc\u00e9 \u00e0 plusieurs reprises\u00a0: le Fils de l\u2019homme (le Christ) doit mourir et le troisi\u00e8me jour ressusciter. Jean fait le lien entre ce qu\u2019il voit et la Parole qui est rest\u00e9e grav\u00e9e dans son c\u0153ur. Il nous invite \u00e0 faire de m\u00eame.<\/p>\n<p>Chez Matthieu la R\u00e9surrection est d\u00e9crite comme un tremblement de terre. C\u2019est-\u00e0-dire un \u00e9v\u00e9nement tellement nouveau et inattendu manifest\u00e9 par la terre elle-m\u00eame.<\/p>\n<p>L\u2019ange par son v\u00eatement et son geste de rouler la pierre atteste cette nouveaut\u00e9 : le ciel est \u00e0 nouveau ouvert, lui qui avait \u00e9t\u00e9 ferm\u00e9 par la transgression d\u2019Adam et \u00c8ve.<\/p>\n<p>&nbsp;<\/p>\n","protected":false},"excerpt":{"rendered":"<p>G44.3 &#8211; La R\u00e9surrection \/ Bible Nouveau-Testament Mt 28,2-4 2 Et voil\u00e0 qu\u2019il y eut un grand tremblement de terre\u00a0; l\u2019ange du Seigneur descendit du ciel, vint rouler la pierre et s\u2019assit dessus. 3 Il avait l\u2019aspect de l\u2019\u00e9clair, et<\/p>\n","protected":false},"author":1,"featured_media":0,"parent":0,"menu_order":0,"comment_status":"closed","ping_status":"closed","template":"","meta":{"footnotes":""},"_links":{"self":[{"href":"http:\/\/image-bible.ch\/index.php?rest_route=\/wp\/v2\/pages\/1600"}],"collection":[{"href":"http:\/\/image-bible.ch\/index.php?rest_route=\/wp\/v2\/pages"}],"about":[{"href":"http:\/\/image-bible.ch\/index.php?rest_route=\/wp\/v2\/types\/page"}],"author":[{"embeddable":true,"href":"http:\/\/image-bible.ch\/index.php?rest_route=\/wp\/v2\/users\/1"}],"replies":[{"embeddable":true,"href":"http:\/\/image-bible.ch\/index.php?rest_route=%2Fwp%2Fv2%2Fcomments&post=1600"}],"version-history":[{"count":8,"href":"http:\/\/image-bible.ch\/index.php?rest_route=\/wp\/v2\/pages\/1600\/revisions"}],"predecessor-version":[{"id":9369,"href":"http:\/\/image-bible.ch\/index.php?rest_route=\/wp\/v2\/pages\/1600\/revisions\/9369"}],"wp:attachment":[{"href":"http:\/\/image-bible.ch\/index.php?rest_route=%2Fwp%2Fv2%2Fmedia&parent=1600"}],"curies":[{"name":"wp","href":"https:\/\/api.w.org\/{rel}","templated":true}]}}