{"id":1608,"date":"2021-03-08T13:04:28","date_gmt":"2021-03-08T12:04:28","guid":{"rendered":"http:\/\/image-bible.ch\/?page_id=1608"},"modified":"2022-05-02T15:40:29","modified_gmt":"2022-05-02T13:40:29","slug":"d33-7-fete-juive","status":"publish","type":"page","link":"http:\/\/image-bible.ch\/?page_id=1608","title":{"rendered":"G44.7 \/ F\u00eate juive et chr\u00e9tienne"},"content":{"rendered":"<p style=\"text-align: center;\"><span style=\"font-family: 'comic sans ms', sans-serif; font-size: 14pt;\">G44.7<\/span><span style=\"font-family: 'comic sans ms', sans-serif; font-size: 14pt;\"> &#8211; La R\u00e9surrection \/ P\u00e2que juive et P\u00e2ques<\/span><\/p>\n<h3><a href=\"http:\/\/image-bible.ch\/wp-content\/uploads\/7-clefs-pour-Paques.pdf\">7 clefs pour P\u00e2ques<\/a><\/h3>\n<p>Texte<\/p>\n","protected":false},"excerpt":{"rendered":"<p>G44.7 &#8211; La R\u00e9surrection \/ P\u00e2que juive et P\u00e2ques 7 clefs pour P\u00e2ques Texte<\/p>\n","protected":false},"author":1,"featured_media":0,"parent":0,"menu_order":0,"comment_status":"closed","ping_status":"closed","template":"","meta":{"footnotes":""},"_links":{"self":[{"href":"http:\/\/image-bible.ch\/index.php?rest_route=\/wp\/v2\/pages\/1608"}],"collection":[{"href":"http:\/\/image-bible.ch\/index.php?rest_route=\/wp\/v2\/pages"}],"about":[{"href":"http:\/\/image-bible.ch\/index.php?rest_route=\/wp\/v2\/types\/page"}],"author":[{"embeddable":true,"href":"http:\/\/image-bible.ch\/index.php?rest_route=\/wp\/v2\/users\/1"}],"replies":[{"embeddable":true,"href":"http:\/\/image-bible.ch\/index.php?rest_route=%2Fwp%2Fv2%2Fcomments&post=1608"}],"version-history":[{"count":4,"href":"http:\/\/image-bible.ch\/index.php?rest_route=\/wp\/v2\/pages\/1608\/revisions"}],"predecessor-version":[{"id":6921,"href":"http:\/\/image-bible.ch\/index.php?rest_route=\/wp\/v2\/pages\/1608\/revisions\/6921"}],"wp:attachment":[{"href":"http:\/\/image-bible.ch\/index.php?rest_route=%2Fwp%2Fv2%2Fmedia&parent=1608"}],"curies":[{"name":"wp","href":"https:\/\/api.w.org\/{rel}","templated":true}]}}