{"id":1861,"date":"2021-03-08T20:19:09","date_gmt":"2021-03-08T19:19:09","guid":{"rendered":"http:\/\/image-bible.ch\/?page_id=1861"},"modified":"2021-09-20T16:50:31","modified_gmt":"2021-09-20T14:50:31","slug":"d41-1-la-bible-des-pauvres","status":"publish","type":"page","link":"http:\/\/image-bible.ch\/?page_id=1861","title":{"rendered":"G53.1 \/ La Bible des pauvres"},"content":{"rendered":"<p style=\"text-align: center;\"><span style=\"font-family: 'comic sans ms', sans-serif; font-size: 14pt;\">G53.1<\/span><span style=\"font-family: 'comic sans ms', sans-serif; font-size: 14pt;\"> &#8211; Couronnement de la Vierge Marie \/ La Bible des pauvres<\/span><\/p>\n<p><img loading=\"lazy\" decoding=\"async\" class=\"alignnone wp-image-5752\" src=\"http:\/\/image-bible.ch\/wp-content\/uploads\/2021\/05\/52.-Couronnement-de-la-Vierge-Marie-193x300.jpg\" alt=\"\" width=\"327\" height=\"508\" srcset=\"http:\/\/image-bible.ch\/wp-content\/uploads\/2021\/05\/52.-Couronnement-de-la-Vierge-Marie-193x300.jpg 193w, http:\/\/image-bible.ch\/wp-content\/uploads\/2021\/05\/52.-Couronnement-de-la-Vierge-Marie.jpg 625w\" sizes=\"(max-width: 327px) 100vw, 327px\" \/><\/p>\n<p><strong>Types :<\/strong> Bethsab\u00e9e assis \u00e0 c\u00f4t\u00e9 de Salomon sur le tr\u00f4ne\u00a0 &#8211; Esther assis \u00e0 c\u00f4t\u00e9 de Ashver (Artaxerx\u00e8s)\u00a0 sur le tr\u00f4ne<\/p>\n<p><strong>Antitype :<\/strong> le couronnement de marie<\/p>\n<p><strong>Bethsab\u00e9e assis \u00e0 c\u00f4t\u00e9 de Salomon sur le tr\u00f4ne<\/strong><\/p>\n<p>Dans le 1er\u00a0 livre des Rois, on lit, que Bethsab\u00e9e, la m\u00e8re de Salomon, est venue chez lui dans son palais. Le roi Salomon ordonna de la faire asseoir sur un tr\u00f4ne \u00e0 c\u00f4t\u00e9 de lui. Bethsab\u00e9e est la pr\u00e9figuration de la glorieuse Vierge Marie, dont le tr\u00f4ne fut plac\u00e9 \u00e0 c\u00f4t\u00e9 de celui de son Fils J\u00e9sus-Christ, le vrais Salomon, lors de son assomption au ciel.<\/p>\n<p><i>1R 2,19 : <\/i><i>Bethsab\u00e9e se rendit donc chez le roi Salomon pour lui parler d&rsquo;Adonias, et le roi se leva \u00e0 sa rencontre et se prosterna devant elle, puis il s&rsquo;assit sur son tr\u00f4ne, on mit un si\u00e8ge pour la m\u00e8re du roi et elle s&rsquo;assit \u00e0 sa droite. <\/i><\/p>\n<p><strong>Esther assis \u00e0 c\u00f4t\u00e9 de Ashver (Artaxerx\u00e8s)\u00a0 sur le tr\u00f4ne<\/strong><\/p>\n<p>Dans le livre d\u2019Esther on lit que le roi Ahasuerus\u00a0 (Atarxerx\u00e8s), lorsque la reine Esther vint chez lui, elle s\u2019assit sur le tr\u00f4ne \u00e0 c\u00f4t\u00e9 de lui. La reine Esther est une pr\u00e9figuration de la glorieuse Vierge Marie, dont le tr\u00f4ne fut plac\u00e9 \u00e0 c\u00f4t\u00e9 de celui de son Fils J\u00e9sus-Christ, le vrais Roi, lors de son assomption au ciel.<\/p>\n<p><i>Esther 5,1-3 : Le troisi\u00e8me jour, lorsqu&rsquo;elle eut cess\u00e9 de prier, elle quitta ses v\u00eatements de suppliante et se rev\u00eatit de toute sa splendeur.2.\u00a0Levant son sceptre d&rsquo;or il le posa sur le cou d&rsquo;Esther, l&#8217;embrassa et lui dit : \u00abParle-moi\u00bb3.\u00a0\u00abQu&rsquo;y a-t-il, reine Esther? Lui dit le roi. Dis-moi ce que tu d\u00e9sires, et, serait-ce la moiti\u00e9 du royaume, c&rsquo;est accord\u00e9 d&rsquo;avance\u00bb<\/i><\/p>\n<p><i><strong>David :<\/strong> Ps 9A,17 : <\/i><i>Le Seigneur s&rsquo;est fait conna\u00eetre : il a rendu le jugement, il prend les m\u00e9chants \u00e0 leur pi\u00e8ge.<\/i><\/p>\n<p><i><strong>Mo\u00efse :<\/strong> Dt\u00a0 1,17 : <\/i><i>Lorsque vous jugerez, vous n\u2019agirez pas avec partialit\u00e9 : vous \u00e9couterez aussi bien le petit que le grand ; vous n\u2019aurez peur de personne, car le jugement appartient \u00e0 Dieu. Si l\u2019affaire vous para\u00eet trop difficile, vous me la soumettrez, et je l\u2019entendrai. \u00bb<\/i><\/p>\n<p><i><strong>Salomon :<\/strong> Sg 5,18 : <\/i><i>Il rev\u00eatira la justice comme cuirasse et mettra comme casque le jugement sans appel<\/i><\/p>\n<p><i><strong>J\u00e9r\u00e9mie :<\/strong> Jr\u00a0 25,31 : <\/i><i>Un tumulte parvient jusqu\u2019aux extr\u00e9mit\u00e9s de la terre, car le Seigneur entre en proc\u00e8s avec les nations, en jugement avec tout \u00eatre de chair.<\/i><\/p>\n<p>&nbsp;<\/p>\n","protected":false},"excerpt":{"rendered":"<p>G53.1 &#8211; Couronnement de la Vierge Marie \/ La Bible des pauvres Types : Bethsab\u00e9e assis \u00e0 c\u00f4t\u00e9 de Salomon sur le tr\u00f4ne\u00a0 &#8211; Esther assis \u00e0 c\u00f4t\u00e9 de Ashver (Artaxerx\u00e8s)\u00a0 sur le tr\u00f4ne Antitype : le couronnement de marie<\/p>\n","protected":false},"author":1,"featured_media":0,"parent":0,"menu_order":0,"comment_status":"closed","ping_status":"closed","template":"","meta":{"footnotes":""},"_links":{"self":[{"href":"http:\/\/image-bible.ch\/index.php?rest_route=\/wp\/v2\/pages\/1861"}],"collection":[{"href":"http:\/\/image-bible.ch\/index.php?rest_route=\/wp\/v2\/pages"}],"about":[{"href":"http:\/\/image-bible.ch\/index.php?rest_route=\/wp\/v2\/types\/page"}],"author":[{"embeddable":true,"href":"http:\/\/image-bible.ch\/index.php?rest_route=\/wp\/v2\/users\/1"}],"replies":[{"embeddable":true,"href":"http:\/\/image-bible.ch\/index.php?rest_route=%2Fwp%2Fv2%2Fcomments&post=1861"}],"version-history":[{"count":8,"href":"http:\/\/image-bible.ch\/index.php?rest_route=\/wp\/v2\/pages\/1861\/revisions"}],"predecessor-version":[{"id":5765,"href":"http:\/\/image-bible.ch\/index.php?rest_route=\/wp\/v2\/pages\/1861\/revisions\/5765"}],"wp:attachment":[{"href":"http:\/\/image-bible.ch\/index.php?rest_route=%2Fwp%2Fv2%2Fmedia&parent=1861"}],"curies":[{"name":"wp","href":"https:\/\/api.w.org\/{rel}","templated":true}]}}