{"id":1867,"date":"2021-03-08T20:20:31","date_gmt":"2021-03-08T19:20:31","guid":{"rendered":"http:\/\/image-bible.ch\/?page_id=1867"},"modified":"2024-11-13T18:47:12","modified_gmt":"2024-11-13T17:47:12","slug":"d41-4-bible-ancien-testament","status":"publish","type":"page","link":"http:\/\/image-bible.ch\/?page_id=1867","title":{"rendered":"G53.4 \/ Bible Ancien-Testament"},"content":{"rendered":"<p style=\"text-align: center;\"><span style=\"font-family: 'comic sans ms', sans-serif; font-size: 14pt;\">G53.4<\/span><span style=\"font-family: 'comic sans ms', sans-serif; font-size: 14pt;\"> &#8211; Couronnement de la Vierge Marie \/ Bible Ancien-Testament<\/span><\/p>\n<p><strong>Bethsab\u00e9e assise \u00e0 c\u00f4t\u00e9 de Salomon sur le tr\u00f4ne\u00a0<\/strong><\/p>\n<p><img loading=\"lazy\" decoding=\"async\" class=\"alignnone wp-image-5748\" src=\"http:\/\/image-bible.ch\/wp-content\/uploads\/2021\/05\/52.-Couronnement-de-la-Vierge-Marie-A-Bethsabee-assis-a-cote-de-Salomon-sur-le-trone-193x300.jpg\" alt=\"\" width=\"247\" height=\"384\" srcset=\"http:\/\/image-bible.ch\/wp-content\/uploads\/2021\/05\/52.-Couronnement-de-la-Vierge-Marie-A-Bethsabee-assis-a-cote-de-Salomon-sur-le-trone-193x300.jpg 193w, http:\/\/image-bible.ch\/wp-content\/uploads\/2021\/05\/52.-Couronnement-de-la-Vierge-Marie-A-Bethsabee-assis-a-cote-de-Salomon-sur-le-trone.jpg 306w\" sizes=\"(max-width: 247px) 100vw, 247px\" \/><\/p>\n<p>1R 2,19\u00a0:<\/p>\n<p><em>Bethsab\u00e9e vient interc\u00e9der aupr\u00e8s du roi Salomon son fils, pour Adonias son autre fils, afin qu\u2019il lui donne Abishag la Sunamite, comme sa femme.<\/em><\/p>\n<p><sup>19<\/sup> <strong>Bethsab\u00e9e<\/strong> se rendit chez <strong>le roi<\/strong> <strong>Salomon<\/strong> pour lui parler en faveur d<strong>\u2019Adonias<\/strong>. <strong>Le roi<\/strong> se leva, vint \u00e0 sa rencontre et se prosterna devant elle. Puis il prit place <em>sur son tr\u00f4ne.<\/em> Il fit installer \u00e9galement <strong>un tr\u00f4ne pour la m\u00e8re du roi<\/strong>, et elle prit place \u00e0 sa droite.<\/p>\n<p><strong><span style=\"color: #993300;\">Vocabulaire :<\/span><\/strong><\/p>\n<p>&nbsp;<\/p>\n<p><strong><span style=\"color: #0000ff;\">Questions :<\/span><\/strong><\/p>\n<p>&nbsp;<\/p>\n<h4>Commentaire :<\/h4>\n<p>La m\u00e8re de Salomon, Bethsab\u00e9e est venu interc\u00e9der pour Adonias le fils a\u00een\u00e9, qui aurait pu pr\u00e9tendre au tr\u00f4ne. Salomon l\u2019installe sur un tr\u00f4ne \u00e0 c\u00f4t\u00e9 de lui et l\u2019\u00e9coute attentivement. Il n\u2019acc\u00e8dera pas \u00e0 sa demande.<\/p>\n<p><strong>Esther assis \u00e0 c\u00f4t\u00e9 de Ashver (Artaxerx\u00e8s)\u00a0 sur le tr\u00f4ne<\/strong><\/p>\n<p><img loading=\"lazy\" decoding=\"async\" class=\"alignnone wp-image-5749\" src=\"http:\/\/image-bible.ch\/wp-content\/uploads\/2021\/05\/52.-Couronnement-de-la-Vierge-Marie-B-Esther-assis-a-cote-de-Ashver-Artaxerxes-sur-le-trone-191x300.jpg\" alt=\"\" width=\"254\" height=\"399\" srcset=\"http:\/\/image-bible.ch\/wp-content\/uploads\/2021\/05\/52.-Couronnement-de-la-Vierge-Marie-B-Esther-assis-a-cote-de-Ashver-Artaxerxes-sur-le-trone-191x300.jpg 191w, http:\/\/image-bible.ch\/wp-content\/uploads\/2021\/05\/52.-Couronnement-de-la-Vierge-Marie-B-Esther-assis-a-cote-de-Ashver-Artaxerxes-sur-le-trone.jpg 308w\" sizes=\"(max-width: 254px) 100vw, 254px\" \/><\/p>\n<p>Est 2,16-17\u00a0:<\/p>\n<p><em>Esther est une belle femme juive \u00e9lev\u00e9e par son oncle Mardoch\u00e9e qui comme elle a \u00e9t\u00e9 d\u00e9port\u00e9e \u00e0 Babylone. Gr\u00e2ce \u00e0 sa beaut\u00e9 elle est entr\u00e9e dans la maison des femmes du roi Assu\u00e9rus sans reconna\u00eetre son origine juive.<\/em><\/p>\n<p><sup>16<\/sup> <strong>Esther<\/strong> fut amen\u00e9e au <strong>roi Assu\u00e9rus<\/strong>, au palais royal \u2026 <sup>17<\/sup> Et <strong>le roi <\/strong>la pr\u00e9f\u00e9ra \u00e0 toutes les autres femmes. Elle gagna sa bienveillance et sa faveur plus que toutes les autres jeunes filles. Il mit <strong>sur sa t\u00eate la couronne royale<\/strong> et la fit <strong>reine<\/strong> \u00e0 la place de <strong>Vasti<\/strong>.<\/p>\n<p><em>Or, sous son r\u00e8gne, le grand vizir, Haman, obtient de pouvoir exterminer toute la population juive. Devant pareille menace, Mardoch\u00e9e fait appel \u00e0 sa ni\u00e8ce Esther afin qu&rsquo;elle obtienne du roi l&rsquo;annulation du d\u00e9cret qui les condamne. Le roi, inform\u00e9 par Esther, prend toutes les mesures n\u00e9cessaires pour prot\u00e9ger la population juive, et condamne le vizir<\/em>.<\/p>\n<p><i>Esther 5,1-3 :<\/i><\/p>\n<p><span class=\"verse_number\">1<\/span> Au troisi\u00e8me jour, lorsqu\u2019elle eut cess\u00e9 de prier, Esther quitta ses v\u00eatements de suppliante et rev\u00eatit des habits d\u2019apparat.<\/p>\n<p><span class=\"verse_number\">1A<\/span> Ainsi dans tout son \u00e9clat, ayant invoqu\u00e9 le Dieu qui prot\u00e8ge et qui sauve, elle prit avec elle ses deux servantes\u00a0: sur l\u2019une d\u2019elles, elle s\u2019appuyait mollement\u00a0; l\u2019autre l\u2019accompagnait en portant sa tra\u00eene.<\/p>\n<p><span class=\"verse_number\">1B<\/span> Elle-m\u00eame \u00e9tait rougissante, au comble de sa beaut\u00e9\u00a0; son visage \u00e9tait radieux, comme \u00e9panoui par l\u2019amour, mais son c\u0153ur \u00e9tait serr\u00e9 par la peur.<\/p>\n<p><span class=\"verse_number\">1C<\/span> Franchissant toutes les portes, elle se trouva devant le roi. Il \u00e9tait assis sur son tr\u00f4ne royal, rev\u00eatu de l\u2019habit avec lequel il paraissait en public, rutilant d\u2019or et de pierres pr\u00e9cieuses\u00a0: il \u00e9tait redoutable.<\/p>\n<p><span class=\"verse_number\">1D<\/span> Il leva son visage rayonnant de gloire et, au comble de la col\u00e8re, il la fixa. La reine s\u2019effondra. Prise de faiblesse, elle changea de couleur et se pencha vers la t\u00eate de la servante qui la pr\u00e9c\u00e9dait.<\/p>\n<p><span class=\"verse_number\">1E<\/span> Dieu changea le c\u0153ur du roi et l\u2019inclina \u00e0 la douceur. Saisi d\u2019angoisse, il s\u2019\u00e9lan\u00e7a de son tr\u00f4ne et la prit dans ses bras jusqu\u2019\u00e0 ce qu\u2019elle se rem\u00eet. Il la r\u00e9confortait par des paroles apaisantes\u00a0:<\/p>\n<p><span class=\"verse_number\">1F<\/span> \u00ab\u00a0Qu\u2019y a-t-il, Esther\u00a0? Je suis ton fr\u00e8re. Rassure-toi\u00a0! Tu ne mourras pas\u00a0: notre d\u00e9cret ne vaut que pour le commun des gens. Viens avec moi\u00a0!\u00a0\u00bb<\/p>\n<p><span class=\"verse_number\">02<\/span> Levant son sceptre d\u2019or, il le posa sur le cou d\u2019Esther, puis il l\u2019embrassa en disant\u00a0: \u00ab\u00a0Parle-moi\u00a0\u00bb.<\/p>\n<p><span class=\"verse_number\">2A<\/span> \u00ab\u00a0Seigneur, lui dit-elle, je t\u2019ai vu pareil \u00e0 un ange de Dieu. Mon c\u0153ur a \u00e9t\u00e9 troubl\u00e9, j\u2019ai eu peur de ta gloire. Car tu es admirable, Seigneur, et ton visage est merveilleux.\u00a0\u00bb<\/p>\n<p><span class=\"verse_number\">2B<\/span> Tandis qu\u2019elle parlait, elle tomba de faiblesse. Le roi \u00e9tait boulevers\u00e9, et toute sa suite la r\u00e9confortait.<\/p>\n<p><span class=\"verse_number\">3<\/span> Le roi lui demanda\u00a0: \u00ab\u00a0Qu\u2019y a-t-il, reine Esther\u00a0? Quelle est ta requ\u00eate\u00a0? Quand ce serait la moiti\u00e9 du royaume, cela te serait accord\u00e9.\u00a0\u00bb<\/p>\n<p><strong><span style=\"color: #993300;\">Vocabulaire :<\/span><\/strong><\/p>\n<p>&nbsp;<\/p>\n<p><strong><span style=\"color: #0000ff;\">Questions :<\/span><\/strong><\/p>\n<p>&nbsp;<\/p>\n<h4>Commentaire :<\/h4>\n<p>Au d\u00e9but du r\u00e9cit, Esther habite avec son cousin Mardoch\u00e9e (lui-m\u00eame fils de Ya\u00efr, l&rsquo;oncle d&rsquo;Esther), qui occupe une fonction administrative au palais du roi perse. Apr\u00e8s avoir ordonn\u00e9 la d\u00e9position de la reine Vachti, le roi Assu\u00e9rus cherche une nouvelle \u00e9pouse parmi toutes les jeunes femmes du royaume. Le choix tombe sur Esther. Elle s&rsquo;installe au palais mais dissimule sa v\u00e9ritable identit\u00e9 juive.<br \/>\nQuand le ministre Haman d\u00e9cide d&rsquo;exterminer tous les Juifs du royaume, Esther est ainsi au premier rang pour demander au roi d&rsquo;annuler le d\u00e9cret de son ministre. Apr\u00e8s un je\u00fbne de trois jours, elle se pr\u00e9sente au roi pour lui demander la faveur d&rsquo;accepter son invitation \u00e0 diner dans sa suite avec Haman. Elle informe le roi qu&rsquo;elle est juive et que Haman a d\u00e9cr\u00e9t\u00e9 l&rsquo;\u00e9limination des Juifs du royaume. Comme un d\u00e9cret marqu\u00e9 du sceau royal ne peut \u00eatre annul\u00e9, Esther obtient du roi le droit pour les Juifs de se d\u00e9fendre le jour o\u00f9 ils seront attaqu\u00e9s, en tuant des milliers d&rsquo;hommes du royaume. Le roi fait pendre son premier ministre Haman ainsi que les dix fils de ce dernier pour avoir failli causer un grand tort aux Juifs r\u00e9sidant dans son empire.<\/p>\n<p><img loading=\"lazy\" decoding=\"async\" class=\"alignnone wp-image-5751\" src=\"http:\/\/image-bible.ch\/wp-content\/uploads\/2021\/05\/52.-Couronnement-de-la-Vierge-Marie-D-300x240.jpg\" alt=\"\" width=\"366\" height=\"293\" srcset=\"http:\/\/image-bible.ch\/wp-content\/uploads\/2021\/05\/52.-Couronnement-de-la-Vierge-Marie-D-300x240.jpg 300w, http:\/\/image-bible.ch\/wp-content\/uploads\/2021\/05\/52.-Couronnement-de-la-Vierge-Marie-D.jpg 625w\" sizes=\"(max-width: 366px) 100vw, 366px\" \/><\/p>\n<p><i><strong>David :<\/strong> Ps 9A,17 : <\/i><i>Le Seigneur s&rsquo;est fait conna\u00eetre : il a rendu le jugement, il prend les m\u00e9chants \u00e0 leur pi\u00e8ge.<\/i><\/p>\n<p><i><strong>Mo\u00efse :<\/strong> Dt\u00a0 1,17 : <\/i><i>Lorsque vous jugerez, vous n\u2019agirez pas avec partialit\u00e9 : vous \u00e9couterez aussi bien le petit que le grand ; vous n\u2019aurez peur de personne, car le jugement appartient \u00e0 Dieu. Si l\u2019affaire vous para\u00eet trop difficile, vous me la soumettrez, et je l\u2019entendrai. \u00bb<\/i><\/p>\n<p><i><strong>Salomon :<\/strong> Sg 5,18 : <\/i><i>Il rev\u00eatira la justice comme cuirasse et mettra comme casque le jugement sans appel<\/i><\/p>\n<p><i><strong>J\u00e9r\u00e9mie :<\/strong> Jr\u00a0 25,31 : <\/i><i>Un tumulte parvient jusqu\u2019aux extr\u00e9mit\u00e9s de la terre, car le Seigneur entre en proc\u00e8s avec les nations, en jugement avec tout \u00eatre de chair.<br \/>\n<\/i><\/p>\n<p>&nbsp;<\/p>\n","protected":false},"excerpt":{"rendered":"<p>G53.4 &#8211; Couronnement de la Vierge Marie \/ Bible Ancien-Testament Bethsab\u00e9e assise \u00e0 c\u00f4t\u00e9 de Salomon sur le tr\u00f4ne\u00a0 1R 2,19\u00a0: Bethsab\u00e9e vient interc\u00e9der aupr\u00e8s du roi Salomon son fils, pour Adonias son autre fils, afin qu\u2019il lui donne Abishag<\/p>\n","protected":false},"author":1,"featured_media":0,"parent":0,"menu_order":0,"comment_status":"closed","ping_status":"closed","template":"","meta":{"footnotes":""},"_links":{"self":[{"href":"http:\/\/image-bible.ch\/index.php?rest_route=\/wp\/v2\/pages\/1867"}],"collection":[{"href":"http:\/\/image-bible.ch\/index.php?rest_route=\/wp\/v2\/pages"}],"about":[{"href":"http:\/\/image-bible.ch\/index.php?rest_route=\/wp\/v2\/types\/page"}],"author":[{"embeddable":true,"href":"http:\/\/image-bible.ch\/index.php?rest_route=\/wp\/v2\/users\/1"}],"replies":[{"embeddable":true,"href":"http:\/\/image-bible.ch\/index.php?rest_route=%2Fwp%2Fv2%2Fcomments&post=1867"}],"version-history":[{"count":9,"href":"http:\/\/image-bible.ch\/index.php?rest_route=\/wp\/v2\/pages\/1867\/revisions"}],"predecessor-version":[{"id":9500,"href":"http:\/\/image-bible.ch\/index.php?rest_route=\/wp\/v2\/pages\/1867\/revisions\/9500"}],"wp:attachment":[{"href":"http:\/\/image-bible.ch\/index.php?rest_route=%2Fwp%2Fv2%2Fmedia&parent=1867"}],"curies":[{"name":"wp","href":"https:\/\/api.w.org\/{rel}","templated":true}]}}