{"id":2112,"date":"2021-03-16T09:27:58","date_gmt":"2021-03-16T08:27:58","guid":{"rendered":"http:\/\/image-bible.ch\/?page_id=2112"},"modified":"2024-08-20T14:22:46","modified_gmt":"2024-08-20T12:22:46","slug":"b17-1-la-bible-des-pauvres","status":"publish","type":"page","link":"http:\/\/image-bible.ch\/?page_id=2112","title":{"rendered":"B17.1 \/ La Bible des pauvres"},"content":{"rendered":"<p style=\"text-align: center;\"><span style=\"font-size: 14pt; font-family: 'comic sans ms', sans-serif;\">B17. Le discours sur la montagne : les b\u00e9atitudes \/\u00a0 Bible des pauvres<\/span><\/p>\n<p>Absent des bibles des pauvres, mais dans la chapelle Sixtine, o\u00f9 le mur lat\u00e9ral gauche (N.T) et le mur lat\u00e9ral droit (A.T.) sont mis en relation, une magnifique peinture de ce r\u00e9cit :<\/p>\n<p>Le sermon sur la montagne<\/p>\n<p><img loading=\"lazy\" decoding=\"async\" class=\"alignnone  wp-image-5947\" src=\"http:\/\/image-bible.ch\/wp-content\/uploads\/2021\/09\/Sermon-sur-la-montagne-Cosimo-Rosselli-Chapelle-Sixtine-Vatican-300x182.jpg\" alt=\"\" width=\"458\" height=\"278\" srcset=\"http:\/\/image-bible.ch\/wp-content\/uploads\/2021\/09\/Sermon-sur-la-montagne-Cosimo-Rosselli-Chapelle-Sixtine-Vatican-300x182.jpg 300w, http:\/\/image-bible.ch\/wp-content\/uploads\/2021\/09\/Sermon-sur-la-montagne-Cosimo-Rosselli-Chapelle-Sixtine-Vatican-1024x621.jpg 1024w, http:\/\/image-bible.ch\/wp-content\/uploads\/2021\/09\/Sermon-sur-la-montagne-Cosimo-Rosselli-Chapelle-Sixtine-Vatican-768x465.jpg 768w, http:\/\/image-bible.ch\/wp-content\/uploads\/2021\/09\/Sermon-sur-la-montagne-Cosimo-Rosselli-Chapelle-Sixtine-Vatican.jpg 1500w\" sizes=\"(max-width: 458px) 100vw, 458px\" \/><\/p>\n<p><em>Sermon sur la montagne, Cosimo Rosselli, Chapelle Sixtine<\/em><\/p>\n<p>Pr\u00e9figur\u00e9 par Mo\u00efse qui re\u00e7oit le don de la Loi<\/p>\n<p><img loading=\"lazy\" decoding=\"async\" class=\"alignnone  wp-image-5948\" src=\"http:\/\/image-bible.ch\/wp-content\/uploads\/2021\/09\/Histoire-de-Moise-don-de-la-loi-Cosimo-Rosselli-Chapelle-Sixtine-Vatican-300x190.jpg\" alt=\"\" width=\"463\" height=\"293\" srcset=\"http:\/\/image-bible.ch\/wp-content\/uploads\/2021\/09\/Histoire-de-Moise-don-de-la-loi-Cosimo-Rosselli-Chapelle-Sixtine-Vatican-300x190.jpg 300w, http:\/\/image-bible.ch\/wp-content\/uploads\/2021\/09\/Histoire-de-Moise-don-de-la-loi-Cosimo-Rosselli-Chapelle-Sixtine-Vatican-1024x649.jpg 1024w, http:\/\/image-bible.ch\/wp-content\/uploads\/2021\/09\/Histoire-de-Moise-don-de-la-loi-Cosimo-Rosselli-Chapelle-Sixtine-Vatican-768x487.jpg 768w, http:\/\/image-bible.ch\/wp-content\/uploads\/2021\/09\/Histoire-de-Moise-don-de-la-loi-Cosimo-Rosselli-Chapelle-Sixtine-Vatican-1536x974.jpg 1536w, http:\/\/image-bible.ch\/wp-content\/uploads\/2021\/09\/Histoire-de-Moise-don-de-la-loi-Cosimo-Rosselli-Chapelle-Sixtine-Vatican-2048x1299.jpg 2048w\" sizes=\"(max-width: 463px) 100vw, 463px\" \/><\/p>\n<p><em>Histoire de Mo\u00efse, Cosimo Rosselli, Chapelle Sixtine<\/em><\/p>\n<p>Diaporama de pr\u00e9sentation en d\u00e9tail :<\/p>\n<hr \/>\n","protected":false},"excerpt":{"rendered":"<p>B17. Le discours sur la montagne : les b\u00e9atitudes \/\u00a0 Bible des pauvres Absent des bibles des pauvres, mais dans la chapelle Sixtine, o\u00f9 le mur lat\u00e9ral gauche (N.T) et le mur lat\u00e9ral droit (A.T.) sont mis en relation, une<\/p>\n","protected":false},"author":1,"featured_media":0,"parent":0,"menu_order":0,"comment_status":"closed","ping_status":"closed","template":"","meta":{"footnotes":""},"_links":{"self":[{"href":"http:\/\/image-bible.ch\/index.php?rest_route=\/wp\/v2\/pages\/2112"}],"collection":[{"href":"http:\/\/image-bible.ch\/index.php?rest_route=\/wp\/v2\/pages"}],"about":[{"href":"http:\/\/image-bible.ch\/index.php?rest_route=\/wp\/v2\/types\/page"}],"author":[{"embeddable":true,"href":"http:\/\/image-bible.ch\/index.php?rest_route=\/wp\/v2\/users\/1"}],"replies":[{"embeddable":true,"href":"http:\/\/image-bible.ch\/index.php?rest_route=%2Fwp%2Fv2%2Fcomments&post=2112"}],"version-history":[{"count":10,"href":"http:\/\/image-bible.ch\/index.php?rest_route=\/wp\/v2\/pages\/2112\/revisions"}],"predecessor-version":[{"id":7293,"href":"http:\/\/image-bible.ch\/index.php?rest_route=\/wp\/v2\/pages\/2112\/revisions\/7293"}],"wp:attachment":[{"href":"http:\/\/image-bible.ch\/index.php?rest_route=%2Fwp%2Fv2%2Fmedia&parent=2112"}],"curies":[{"name":"wp","href":"https:\/\/api.w.org\/{rel}","templated":true}]}}