{"id":2312,"date":"2021-03-16T16:36:18","date_gmt":"2021-03-16T15:36:18","guid":{"rendered":"http:\/\/image-bible.ch\/?page_id=2312"},"modified":"2024-08-20T15:24:40","modified_gmt":"2024-08-20T13:24:40","slug":"d22-6-icone","status":"publish","type":"page","link":"http:\/\/image-bible.ch\/?page_id=2312","title":{"rendered":"D22.6 \/ Ic\u00f4ne"},"content":{"rendered":"<p style=\"text-align: center;\"><span style=\"font-family: 'comic sans ms', sans-serif; font-size: 14pt;\">D22.6<\/span><span style=\"font-family: 'comic sans ms', sans-serif; font-size: 14pt;\"> &#8211; Gu\u00e9rison du paralytique \/ Ic\u00f4ne<\/span><\/p>\n<p><img loading=\"lazy\" decoding=\"async\" class=\"attachment-full size-full wp-post-image\" src=\"https:\/\/byzantinemilwaukee.com\/wp-content\/uploads\/bulletins\/2023-04-30_Bulletin.png\" alt=\"\" width=\"1503\" height=\"2159\" \/><\/p>\n<p><img loading=\"lazy\" decoding=\"async\" class=\"shrinkToFit\" src=\"https:\/\/www.ivegreece.gr\/wp-content\/uploads\/2016\/04\/Christ_paralytic_man.jpg\" alt=\"https:\/\/www.ivegreece.gr\/wp-content\/uploads\/2016\/04\/Christ_paralytic_man.jpg\" width=\"722\" height=\"676\" \/><\/p>\n<div>\n<div>Gu\u00e9rison du paralytique \u00e0 la piscine de Bethesda<img decoding=\"async\" class=\"hCL kVc L4E MIw\" src=\"https:\/\/i.pinimg.com\/564x\/c7\/13\/1d\/c7131da7ed36d9191f29eba7dfedb494.jpg\" alt=\"\" \/><\/div>\n<\/div>\n","protected":false},"excerpt":{"rendered":"<p>D22.6 &#8211; Gu\u00e9rison du paralytique \/ Ic\u00f4ne Gu\u00e9rison du paralytique \u00e0 la piscine de Bethesda<\/p>\n","protected":false},"author":1,"featured_media":0,"parent":0,"menu_order":0,"comment_status":"closed","ping_status":"closed","template":"","meta":{"footnotes":""},"_links":{"self":[{"href":"http:\/\/image-bible.ch\/index.php?rest_route=\/wp\/v2\/pages\/2312"}],"collection":[{"href":"http:\/\/image-bible.ch\/index.php?rest_route=\/wp\/v2\/pages"}],"about":[{"href":"http:\/\/image-bible.ch\/index.php?rest_route=\/wp\/v2\/types\/page"}],"author":[{"embeddable":true,"href":"http:\/\/image-bible.ch\/index.php?rest_route=\/wp\/v2\/users\/1"}],"replies":[{"embeddable":true,"href":"http:\/\/image-bible.ch\/index.php?rest_route=%2Fwp%2Fv2%2Fcomments&post=2312"}],"version-history":[{"count":5,"href":"http:\/\/image-bible.ch\/index.php?rest_route=\/wp\/v2\/pages\/2312\/revisions"}],"predecessor-version":[{"id":7321,"href":"http:\/\/image-bible.ch\/index.php?rest_route=\/wp\/v2\/pages\/2312\/revisions\/7321"}],"wp:attachment":[{"href":"http:\/\/image-bible.ch\/index.php?rest_route=%2Fwp%2Fv2%2Fmedia&parent=2312"}],"curies":[{"name":"wp","href":"https:\/\/api.w.org\/{rel}","templated":true}]}}