{"id":2315,"date":"2021-03-16T16:36:53","date_gmt":"2021-03-16T15:36:53","guid":{"rendered":"http:\/\/image-bible.ch\/?page_id=2315"},"modified":"2022-07-05T16:56:56","modified_gmt":"2022-07-05T14:56:56","slug":"d22-7-fete-juive-et-chretienne","status":"publish","type":"page","link":"http:\/\/image-bible.ch\/?page_id=2315","title":{"rendered":"D22.7 \/ F\u00eate juive et chr\u00e9tienne"},"content":{"rendered":"<p style=\"text-align: center;\"><span style=\"font-family: 'comic sans ms', sans-serif; font-size: 14pt;\">D22.7<\/span><span style=\"font-family: 'comic sans ms', sans-serif; font-size: 14pt;\"> &#8211; Gu\u00e9rison du paralytique \/ F\u00eate juive et chr\u00e9tienne<\/span><\/p>\n<p>Nous pouvons mettre en lien les gu\u00e9risons avec le sacrement de l&rsquo;onction des malades.<\/p>\n<p><a href=\"http:\/\/image-bible.ch\/wp-content\/uploads\/Onction-des-malades-reflexions-C.-Daneels.pdf\">Onction des malades r\u00e9flexions C. Daneels<\/a><\/p>\n<p><a href=\"http:\/\/image-bible.ch\/wp-content\/uploads\/Info-sacrement-des-malades.pdf\">Info sacrement des malades<\/a><\/p>\n","protected":false},"excerpt":{"rendered":"<p>D22.7 &#8211; Gu\u00e9rison du paralytique \/ F\u00eate juive et chr\u00e9tienne Nous pouvons mettre en lien les gu\u00e9risons avec le sacrement de l&rsquo;onction des malades. Onction des malades r\u00e9flexions C. Daneels Info sacrement des malades<\/p>\n","protected":false},"author":1,"featured_media":0,"parent":0,"menu_order":0,"comment_status":"closed","ping_status":"closed","template":"","meta":{"footnotes":""},"_links":{"self":[{"href":"http:\/\/image-bible.ch\/index.php?rest_route=\/wp\/v2\/pages\/2315"}],"collection":[{"href":"http:\/\/image-bible.ch\/index.php?rest_route=\/wp\/v2\/pages"}],"about":[{"href":"http:\/\/image-bible.ch\/index.php?rest_route=\/wp\/v2\/types\/page"}],"author":[{"embeddable":true,"href":"http:\/\/image-bible.ch\/index.php?rest_route=\/wp\/v2\/users\/1"}],"replies":[{"embeddable":true,"href":"http:\/\/image-bible.ch\/index.php?rest_route=%2Fwp%2Fv2%2Fcomments&post=2315"}],"version-history":[{"count":5,"href":"http:\/\/image-bible.ch\/index.php?rest_route=\/wp\/v2\/pages\/2315\/revisions"}],"predecessor-version":[{"id":7042,"href":"http:\/\/image-bible.ch\/index.php?rest_route=\/wp\/v2\/pages\/2315\/revisions\/7042"}],"wp:attachment":[{"href":"http:\/\/image-bible.ch\/index.php?rest_route=%2Fwp%2Fv2%2Fmedia&parent=2315"}],"curies":[{"name":"wp","href":"https:\/\/api.w.org\/{rel}","templated":true}]}}

D22.7 / Fête juive et chrétienne

<p style="text-align: center;"><span style="font-family: 'comic sans ms', sans-serif; font-size: 14pt;">D22.7</span><span style="font-family: 'comic sans ms', sans-serif; font-size: 14pt;"> &#8211; Guérison du paralytique / Fête juive et chrétienne</span></p>
<p>Nous pouvons mettre en lien les guérisons avec le sacrement de l&rsquo;onction des malades.</p>
<p><a href="http://image-bible.ch/wp-content/uploads/Onction-des-malades-reflexions-C.-Daneels.pdf">Onction des malades réflexions C. Daneels</a></p>
<p><a href="http://image-bible.ch/wp-content/uploads/Info-sacrement-des-malades.pdf">Info sacrement des malades</a></p>

<p>D22.7 &#8211; Guérison du paralytique / Fête juive et chrétienne Nous pouvons mettre en lien les guérisons avec le sacrement de l&rsquo;onction des malades. Onction des malades réflexions C. Daneels Info sacrement des malades</p>
