{"id":2408,"date":"2021-03-16T16:58:45","date_gmt":"2021-03-16T15:58:45","guid":{"rendered":"http:\/\/image-bible.ch\/?page_id=2408"},"modified":"2024-11-08T18:38:13","modified_gmt":"2024-11-08T17:38:13","slug":"27-5-interpretation","status":"publish","type":"page","link":"http:\/\/image-bible.ch\/?page_id=2408","title":{"rendered":"E27.5 \/ Interpr\u00e9tation"},"content":{"rendered":"<p style=\"text-align: center;\"><span style=\"font-family: 'comic sans ms', sans-serif; font-size: 14pt;\">E27.5<\/span><span style=\"font-family: 'comic sans ms', sans-serif; font-size: 14pt;\"> &#8211; Rencontre avec Zach\u00e9e \/ Interpr\u00e9tation<\/span><\/p>\n<p>Les <strong>habitants<\/strong> de la ville de Ninive je\u00fbnent et se rev\u00eatent de sac en signe de p\u00e9nitence suite \u00e0 la parole de <strong>Jonas<\/strong>.<br \/>\n<strong>Zach\u00e9e<\/strong> partag ses biens avec les pauvres, suite \u00e0 sa rencontre avec <strong>J\u00e9sus<\/strong>.<\/p>\n<p>Le lien entre ces deux r\u00e9cits r\u00e9side dans l\u2019id\u00e9e que la conversion (repentance), qu&rsquo;elle soit collective (comme \u00e0 Ninive) ou individuelle (comme pour Zach\u00e9e), est une voie vers la transformation et le salut, \u00e0 la fois dans l\u2019Ancien et le Nouveau Testament. Ces r\u00e9cits montrent que personne n\u2019est au-del\u00e0 de la r\u00e9demption si un v\u00e9ritable changement de c\u0153ur est accompli.<\/p>\n<p>Le lien entre Jonas, dont la pr\u00e9dication provoque la conversion des habitants de Ninive, et Zach\u00e9e, qui descend de son arbre apr\u00e8s avoir rencontr\u00e9 J\u00e9sus, r\u00e9side dans la <strong>th\u00e9matique de la repentance et du changement de c\u0153ur (conversion)<\/strong>.<\/p>\n<ol>\n<li><strong>Repentance et conversion<\/strong> :\n<ul>\n<li>Dans l\u2019histoire de <strong>Jonas<\/strong>, il est envoy\u00e9 par Dieu pour pr\u00eacher la repentance aux habitants de Ninive, une ville pa\u00efenne connue pour sa m\u00e9chancet\u00e9. Lorsque les Ninivites \u00e9coutent le message de Jonas, ils se repentent de leurs p\u00e9ch\u00e9s, je\u00fbnent et se tournent vers Dieu, ce qui conduit \u00e0 leur salut. Ce moment de conversion collective montre comment m\u00eame une ville p\u00e9cheresse peut changer par la repentance sinc\u00e8re.<\/li>\n<li>Dans l\u2019histoire de <strong>Zach\u00e9e<\/strong>, un collecteur d&rsquo;imp\u00f4ts consid\u00e9r\u00e9 comme un p\u00e9cheur par la soci\u00e9t\u00e9, J\u00e9sus lui adresse la parole et l&rsquo;invite \u00e0 descendre de son arbre pour l&rsquo;accueillir chez lui. Apr\u00e8s cet \u00e9v\u00e9nement, Zach\u00e9e annonce qu&rsquo;il va restituer plusieurs fois ce qu\u2019il a pris injustement et donner la moiti\u00e9 de ses biens aux pauvres, un acte de repentance et de transformation personnelle. J\u00e9sus proclame alors que le salut est venu chez lui, car Zach\u00e9e a chang\u00e9 son c\u0153ur.<\/li>\n<\/ul>\n<\/li>\n<li><strong>Le changement int\u00e9rieur<\/strong> : Dans les deux r\u00e9cits, le changement de c\u0153ur des individus (les Ninivites et Zach\u00e9e) est un moment cl\u00e9. Ce changement n\u2019est pas seulement ext\u00e9rieur, il touche profond\u00e9ment la conscience et les actions des personnes concern\u00e9es. La repentance et la volont\u00e9 de changer sont des th\u00e8mes forts qui montrent la possibilit\u00e9 de r\u00e9demption, m\u00eame pour ceux qui sont vus comme p\u00e9cheurs ou perdus.<\/li>\n<li><strong>L\u2019appel universel \u00e0 la repentance<\/strong> :\n<ul>\n<li>Jonas pr\u00eache \u00e0 une grande ville pa\u00efenne, ce qui souligne que la repentance est offerte \u00e0 tous, sans distinction.<\/li>\n<li>Zach\u00e9e, bien qu&rsquo;il soit un Juif, est aussi un \u00ab\u00a0p\u00e9cheur public\u00a0\u00bb dans la soci\u00e9t\u00e9 de l\u2019\u00e9poque, et J\u00e9sus lui montre que m\u00eame lui peut exp\u00e9rimenter la gr\u00e2ce et le salut.<\/li>\n<\/ul>\n<\/li>\n<\/ol>\n<p><strong>Abraham<\/strong> a foi dans le Seigneur, qui l\u2019invite \u00e0 compter les \u00e9toiles aussi nombreuses que sa <strong>descendance<\/strong>.<br \/>\nZ<strong>ach\u00e9e<\/strong> devient gr\u00e2ce \u00e0 <strong>J\u00e9sus<\/strong> un fils d\u2019Abraham.<\/p>\n<p>Le lien entre ces deux r\u00e9cits r\u00e9side dans la mani\u00e8re dont chacun r\u00e9pond \u00e0 une initiative divine, qu\u2019il s\u2019agisse de croire \u00e0 une promesse ou d\u2019accepter une rencontre qui transforme la personne.<\/p>\n<p>Le lien entre Abraham qui compte les \u00e9toiles et Zach\u00e9e qui descend de son arbre repose sur un th\u00e8me fondamental dans la Bible : la foi et la promesse de Dieu.<\/p>\n<ol>\n<li><strong>Abraham qui compte les \u00e9toiles (Gen\u00e8se 15:5)<\/strong><br \/>\nDans le livre de la Gen\u00e8se, Dieu promet \u00e0 Abraham qu&rsquo;il aura une descendance aussi nombreuse que les \u00e9toiles du ciel. Cette promesse appara\u00eet dans un moment de doute, o\u00f9 Abraham est \u00e2g\u00e9 et sans enfants. Malgr\u00e9 l&rsquo;impossibilit\u00e9 apparente de cette promesse, Abraham croit en Dieu, et cette foi lui est compt\u00e9e comme justice (Gen\u00e8se 15:6). L&rsquo;image des \u00e9toiles repr\u00e9sente la grandeur de la promesse divine et la fid\u00e9lit\u00e9 de Dieu \u00e0 accomplir ce qu&rsquo;il a dit.<\/li>\n<li><strong>Zach\u00e9e qui descend de son arbre (Luc 19:1-10)<\/strong><br \/>\nZach\u00e9e, un collecteur d&rsquo;imp\u00f4ts, veut voir J\u00e9sus mais il est trop petit pour y parvenir \u00e0 cause de la foule. Il grimpe donc dans un arbre pour pouvoir apercevoir J\u00e9sus. J\u00e9sus le remarque et lui demande de descendre, car il d\u00e9sire demeurer chez lui. Zach\u00e9e, en descendant de l&rsquo;arbre, montre une r\u00e9ponse imm\u00e9diate \u00e0 l&rsquo;appel de J\u00e9sus. Cet acte symbolise une ouverture du c\u0153ur et un changement radical dans sa vie, o\u00f9 il accueille J\u00e9sus chez lui et d\u00e9cide de se r\u00e9concilier avec Dieu en restituant ce qu&rsquo;il a pris injustement.<\/li>\n<\/ol>\n<h3>Le lien th\u00e9ologique :<\/h3>\n<p>Les deux histoires illustrent des moments de r\u00e9ponse \u00e0 une invitation divine et \u00e0 une promesse :<\/p>\n<ul>\n<li>Abraham, en comptant les \u00e9toiles, re\u00e7oit une promesse de Dieu qu\u2019il accepte par la foi, m\u00eame si cette promesse semble impossible.<\/li>\n<li>Zach\u00e9e, en descendant de l&rsquo;arbre, r\u00e9pond \u00e0 l&rsquo;appel de J\u00e9sus et se laisse transformer par cette rencontre, adoptant une nouvelle direction dans sa vie.<\/li>\n<\/ul>\n<p>Dans les deux cas, il s\u2019agit de foi et de transformation : Abraham par la confiance en une promesse divine, Zach\u00e9e par un acte de repentance et de conversion. Les deux histoires montrent aussi que Dieu prend l&rsquo;initiative de se manifester, que ce soit par une promesse (Abraham) ou par une invitation personnelle \u00e0 la conversion (Zach\u00e9e).<\/p>\n","protected":false},"excerpt":{"rendered":"<p>E27.5 &#8211; Rencontre avec Zach\u00e9e \/ Interpr\u00e9tation Les habitants de la ville de Ninive je\u00fbnent et se rev\u00eatent de sac en signe de p\u00e9nitence suite \u00e0 la parole de Jonas. Zach\u00e9e partag ses biens avec les pauvres, suite \u00e0 sa<\/p>\n","protected":false},"author":1,"featured_media":0,"parent":0,"menu_order":0,"comment_status":"closed","ping_status":"closed","template":"","meta":{"footnotes":""},"_links":{"self":[{"href":"http:\/\/image-bible.ch\/index.php?rest_route=\/wp\/v2\/pages\/2408"}],"collection":[{"href":"http:\/\/image-bible.ch\/index.php?rest_route=\/wp\/v2\/pages"}],"about":[{"href":"http:\/\/image-bible.ch\/index.php?rest_route=\/wp\/v2\/types\/page"}],"author":[{"embeddable":true,"href":"http:\/\/image-bible.ch\/index.php?rest_route=\/wp\/v2\/users\/1"}],"replies":[{"embeddable":true,"href":"http:\/\/image-bible.ch\/index.php?rest_route=%2Fwp%2Fv2%2Fcomments&post=2408"}],"version-history":[{"count":6,"href":"http:\/\/image-bible.ch\/index.php?rest_route=\/wp\/v2\/pages\/2408\/revisions"}],"predecessor-version":[{"id":9174,"href":"http:\/\/image-bible.ch\/index.php?rest_route=\/wp\/v2\/pages\/2408\/revisions\/9174"}],"wp:attachment":[{"href":"http:\/\/image-bible.ch\/index.php?rest_route=%2Fwp%2Fv2%2Fmedia&parent=2408"}],"curies":[{"name":"wp","href":"https:\/\/api.w.org\/{rel}","templated":true}]}}