{"id":2733,"date":"2021-03-20T16:43:22","date_gmt":"2021-03-20T15:43:22","guid":{"rendered":"http:\/\/image-bible.ch\/?page_id=2733"},"modified":"2021-09-20T16:43:53","modified_gmt":"2021-09-20T14:43:53","slug":"g51-1-la-bible-des-pauvres","status":"publish","type":"page","link":"http:\/\/image-bible.ch\/?page_id=2733","title":{"rendered":"G51.1 \/ La Bible des pauvres"},"content":{"rendered":"<p style=\"text-align: center;\"><span style=\"font-family: 'comic sans ms', sans-serif; font-size: 14pt;\">G51.1<\/span><span style=\"font-family: 'comic sans ms', sans-serif; font-size: 14pt;\"> &#8211; Jugement dernier \/ La Bible des pauvres<\/span><\/p>\n<p><img loading=\"lazy\" decoding=\"async\" class=\"alignnone wp-image-5747\" src=\"http:\/\/image-bible.ch\/wp-content\/uploads\/2021\/05\/51.-Jugement-dernier-198x300.jpg\" alt=\"\" width=\"320\" height=\"485\" srcset=\"http:\/\/image-bible.ch\/wp-content\/uploads\/2021\/05\/51.-Jugement-dernier-198x300.jpg 198w, http:\/\/image-bible.ch\/wp-content\/uploads\/2021\/05\/51.-Jugement-dernier.jpg 647w\" sizes=\"(max-width: 320px) 100vw, 320px\" \/><\/p>\n<p><strong>Pr\u00e9figuration :<\/strong> David confie le jugement \u00e0 Salomon\u00a0 &#8211; Jugement de Salomon sur Joab<\/p>\n<p><strong>Accomplissement\u00a0 :\u00a0<\/strong> Jugement dernier : Mt 25,31\u202640<\/p>\n<p><em>1R 2,1 ss :<\/em><\/p>\n<p><span class=\"verse_number\">1<\/span> Comme les jours de David approchaient de leur fin, il exprima ses volont\u00e9s \u00e0 son fils Salomon :<\/p>\n<p><span class=\"verse_number\">2<\/span> \u00ab Je m\u2019en vais par le chemin de tout le monde. Sois fort, sois un homme courageux !<\/p>\n<p><span class=\"verse_number\">3<\/span> Tu garderas les observances du Seigneur ton Dieu, en marchant dans ses chemins. Tu observeras ses d\u00e9crets, ses commandements, ses ordonnances et ses \u00e9dits, selon ce qui est \u00e9crit dans la loi de Mo\u00efse. Ainsi tu r\u00e9ussiras dans tout ce que tu feras et entreprendras,<\/p>\n<p><span class=\"verse_number\">4<\/span> et le Seigneur r\u00e9alisera cette parole qu\u2019il m\u2019a dite : \u201cSi tes fils veillent \u00e0 suivre leur chemin en marchant devant moi avec loyaut\u00e9, de tout leur c\u0153ur et de toute leur \u00e2me, jamais tes descendants ne seront \u00e9cart\u00e9s du tr\u00f4ne d\u2019Isra\u00ebl.\u201d<\/p>\n<p><span class=\"verse_number\">5<\/span> Et de plus, tu sais toi-m\u00eame ce que m\u2019a fait Joab, fils de Cerouya, ce qu\u2019il a fait aux deux chefs des arm\u00e9es d\u2019Isra\u00ebl, Abner, fils de Ner, et Amasa, fils de J\u00e9ther : il les a tu\u00e9s ; il a, en temps de paix, vers\u00e9 le sang de la guerre, et mis le sang de la guerre sur le ceinturon de ses reins et les sandales de ses pieds.<\/p>\n<p><span class=\"verse_number\">6<\/span> Tu agiras selon ta sagesse et tu ne laisseras pas ses cheveux blancs descendre en paix au s\u00e9jour des morts.<\/p>\n<p><span class=\"verse_number\">7<\/span> Envers les fils de Barzilla\u00ef de Galaad, tu agiras avec fid\u00e9lit\u00e9. Ils seront parmi tes invit\u00e9s \u00e0 table, car ils ont agi de la m\u00eame mani\u00e8re quand ils sont venus \u00e0 ma rencontre, alors que je fuyais devant ton fr\u00e8re Absalom.<\/p>\n<p><span class=\"verse_number\">08<\/span> Mais voici pr\u00e8s de toi Shim\u00e9\u00ef, fils de Gu\u00e9ra, benjaminite de Bakourim. C\u2019est lui qui m\u2019a maudit d\u2019une mal\u00e9diction terrible, le jour de mon d\u00e9part pour Mahana\u00efm. C\u2019est lui aussi qui est venu \u00e0 ma rencontre au Jourdain, lors de mon retour d\u2019exil, et je lui ai jur\u00e9 par le Seigneur : \u201cJe ne te mettrai pas \u00e0 mort par l\u2019\u00e9p\u00e9e\u201d.<\/p>\n<p><span class=\"verse_number\">9<\/span> Cependant, ne le tiens pas pour quitte, car tu es un homme sage : tu sais ce que tu dois lui faire ! Tu feras descendre dans le sang ses cheveux blancs au s\u00e9jour des morts ! \u00bb<\/p>\n<p><span class=\"verse_number\">10<\/span> David mourut, il reposa avec ses p\u00e8res, et il fut enseveli dans la Cit\u00e9 de David.<\/p>\n<p><strong>1R 2,28\u202634 :<\/strong><\/p>\n<p><span class=\"verse_number\">28<\/span> La nouvelle en parvint \u00e0 Joab. Joab en effet avait pris le parti d\u2019Adonias, bien qu\u2019il n\u2019e\u00fbt pas pris le parti d\u2019Absalom. Joab se r\u00e9fugia dans la tente du Seigneur et empoigna les cornes de l\u2019autel.<\/p>\n<p><span class=\"verse_number\">29<\/span> On rapporta au roi Salomon que Joab s\u2019\u00e9tait r\u00e9fugi\u00e9 dans la tente du Seigneur et qu\u2019il se trouvait \u00e0 c\u00f4t\u00e9 de l\u2019autel. Salomon envoya Benaya, fils de Joad, en lui disant : \u00ab Va ! Frappe-le ! \u00bb<\/p>\n<p><span class=\"verse_number\">30<\/span> Benaya entra dans la tente du Seigneur et dit \u00e0 Joab : \u00ab Ainsi parle le roi : sors d\u2019ici ! \u00bb Mais l\u2019autre refusa : \u00ab Non ! C\u2019est ici que je mourrai ! \u00bb Benaya rapporta la chose au roi : \u00ab Ainsi a parl\u00e9 Joab, ainsi m\u2019a-t-il r\u00e9pondu. \u00bb<\/p>\n<p><span class=\"verse_number\">31<\/span> Le roi lui r\u00e9pondit : \u00ab Fais donc comme il a dit ! Frappe-le \u00e0 mort et enterre-le ! Tu d\u00e9tourneras ainsi de moi et de la maison de mon p\u00e8re le sang innocent qu\u2019a r\u00e9pandu Joab !<\/p>\n<p><span class=\"verse_number\">32<\/span> Le Seigneur fera retomber son sang sur sa t\u00eate, parce qu\u2019il a frapp\u00e9 deux hommes plus justes et meilleurs que lui. Il les a tu\u00e9s par l\u2019\u00e9p\u00e9e, \u00e0 l\u2019insu de David, mon p\u00e8re : Abner, fils de Ner, chef de l\u2019arm\u00e9e d\u2019Isra\u00ebl, et Amasa, fils de J\u00e9ther, chef de l\u2019arm\u00e9e de Juda.<\/p>\n<p><span class=\"verse_number\">33<\/span> Que leur sang retombe sur la t\u00eate de Joab et sur la t\u00eate de ses descendants, \u00e0 jamais ! Mais pour David et pour sa descendance, pour sa maison et pour son tr\u00f4ne, que demeure \u00e0 jamais la paix qui vient du Seigneur ! \u00bb<\/p>\n<p><span class=\"verse_number\">34<\/span> Benaya, fils de Joad, monta, frappa Joab et le mit \u00e0 mort. Il fut enseveli dans sa maison, au d\u00e9sert.<\/p>\n<p><strong>David :\u00a0<\/strong><em> 2Sm 1,8-15 : <span class=\"verse_number\">6<\/span> Le jeune homme lui dit : \u00ab Je me trouvais, par hasard, sur le mont Gelbo\u00e9. Et j\u2019ai vu Sa\u00fcl appuy\u00e9 sur sa lance, et les chars et les cavaliers qui le serraient de pr\u00e8s. <span class=\"verse_number\">7<\/span> Il s\u2019est retourn\u00e9, il m\u2019a vu et m\u2019a appel\u00e9. J\u2019ai dit : \u201cMe voici.\u201d <span class=\"verse_number\">8<\/span> Il m\u2019a dit : \u201cQui es-tu ?\u201d et je lui ai dit : \u201cJe suis un Amal\u00e9cite.\u201d <span class=\"verse_number\">9<\/span> Il m\u2019a dit : \u201cTiens-toi pr\u00e8s de moi, je t\u2019en prie, et donne-moi la mort, car je suis saisi de vertige alors que je suis encore plein de vie.\u201d <span class=\"verse_number\">10<\/span> Je me suis tenu pr\u00e8s de lui et je lui ai donn\u00e9 la mort car je savais qu\u2019il n\u2019aurait pas surv\u00e9cu \u00e0 sa chute. Ensuite, j\u2019ai pris le diad\u00e8me qui \u00e9tait sur sa t\u00eate et la cha\u00eenette qu\u2019il avait au bras. Je les ai apport\u00e9s ici \u00e0 mon seigneur. \u00bb <span class=\"verse_number\">11<\/span> Alors David arracha et d\u00e9chira ses v\u00eatements, et tous les hommes qui \u00e9taient avec lui firent de m\u00eame.\u00a0<\/em><\/p>\n<p><strong>Mo\u00efse :<\/strong> <em>Nb 16,1ss : Cor\u00e9, fils de Yicehar, fils de Qehath, fils de L\u00e9vi, prit avec lui Datane et Abiram, fils d\u2019\u00c9liab, ainsi que One, fils de P\u00e8leth, des descendants de Roub\u00e8ne. Ils se dress\u00e8rent face \u00e0 Mo\u00efse, ainsi que deux cent cinquante hommes ; c\u2019\u00e9taient des fils d\u2019Isra\u00ebl, responsables de communaut\u00e9, d\u00e9l\u00e9gu\u00e9s de l\u2019assembl\u00e9e, hommes de renom<\/em><\/p>\n<p><strong>Salomon :<\/strong>\u00a0 1R 3,16-28 :<\/p>\n<p><em><span class=\"verse_number\">16<\/span> Un jour, deux prostitu\u00e9es vinrent se pr\u00e9senter devant le roi. <\/em><em><span class=\"verse_number\">17<\/span> L\u2019une des femmes dit : \u00ab De gr\u00e2ce, mon seigneur ! Moi et cette femme, nous habitons la m\u00eame maison. Et j\u2019ai accouch\u00e9, alors qu\u2019elle \u00e9tait \u00e0 la maison. <\/em><em><span class=\"verse_number\">18<\/span> Or, trois jours apr\u00e8s ma d\u00e9livrance, cette femme accoucha \u00e0 son tour. Nous \u00e9tions ensemble : personne d\u2019autre dans la maison ; il n\u2019y avait que nous deux dans la maison ! <\/em><em><span class=\"verse_number\">19<\/span> Une nuit, le fils de cette femme mourut : elle s\u2019\u00e9tait couch\u00e9e sur lui. <\/em><em><span class=\"verse_number\">20<\/span> Elle se leva au milieu de la nuit, prit mon fils qui reposait \u00e0 mon c\u00f4t\u00e9 \u2013 ta servante dormait \u2013 et le coucha contre elle. Et son fils mort, elle le coucha contre moi. <\/em><em><span class=\"verse_number\">21<\/span> Au matin, je me levai pour allaiter mon fils : il \u00e9tait mort ! Je l\u2019examinai attentivement au petit jour : ce n\u2019\u00e9tait pas mon fils, celui que j\u2019avais mis au monde. \u00bb <\/em><em><span class=\"verse_number\">22<\/span> L\u2019autre femme protesta : \u00ab Non ! Mon fils est celui qui est vivant, ton fils celui qui est mort. \u00bb Mais la premi\u00e8re insistait : \u00ab Pas du tout ! Ton fils est celui qui est mort, et mon fils celui qui est vivant ! \u00bb Elles se disputaient ainsi en pr\u00e9sence du roi. <\/em><em><span class=\"verse_number\">23<\/span> Le roi dit alors : \u00ab Celle-ci affirme : Mon fils, c\u2019est le vivant, et ton fils est le mort. Celle-l\u00e0 affirme : Non ! Ton fils, c\u2019est le mort, et mon fils est le vivant ! \u00bb <\/em><em><span class=\"verse_number\">24<\/span> Et le roi ajouta : \u00ab Donnez-moi une \u00e9p\u00e9e ! \u00bb On apporta une \u00e9p\u00e9e devant le roi. <\/em><em><span class=\"verse_number\">25<\/span> Et le roi poursuivit : \u00ab Coupez en deux l\u2019enfant vivant, donnez-en la moiti\u00e9 \u00e0 l\u2019une et la moiti\u00e9 \u00e0 l\u2019autre. \u00bb <\/em><em><span class=\"verse_number\">26<\/span> Mais la femme dont le fils \u00e9tait vivant s\u2019adressa au roi \u2013 car ses entrailles s\u2019\u00e9taient \u00e9mues \u00e0 cause de son fils ! \u2013 : \u00ab De gr\u00e2ce, mon seigneur ! Donnez-lui l\u2019enfant vivant, ne le tuez pas ! \u00bb L\u2019autre protestait : \u00ab Il ne sera ni \u00e0 toi ni \u00e0 moi : coupez-le ! \u00bb <\/em><em><span class=\"verse_number\">27<\/span> Prenant la parole, le roi d\u00e9clara : \u00ab Donnez \u00e0 celle-ci l\u2019enfant vivant, ne le tuez pas : c\u2019est elle, sa m\u00e8re ! \u00bb <\/em><em><span class=\"verse_number\">28<\/span> Tout Isra\u00ebl apprit le jugement qu\u2019avait rendu le roi. Et l\u2019on regarda le roi avec crainte et respect, car on avait vu que, pour rendre la justice, la sagesse de Dieu \u00e9tait en lui.<\/em><\/p>\n<p><strong>J\u00e9r\u00e9mie :<\/strong> Jr 32,18-19 :\u00a0 <em><span class=\"verse_number\">18<\/span> Tu montres ta fid\u00e9lit\u00e9 \u00e0 des milliers, mais la faute des p\u00e8res, tu la fais payer \u00e0 leurs fils apr\u00e8s eux. Le Dieu grand, le valeureux, son nom est \u201cLe Seigneur de l\u2019univers\u201d. <span class=\"verse_number\">19<\/span> Grand par tes desseins et riche en exploits, toi dont les yeux sont ouverts sur tous les chemins des hommes afin de rendre \u00e0 chacun selon sa conduite et selon le fruit de ses actes.<\/em><\/p>\n<p>&nbsp;<\/p>\n","protected":false},"excerpt":{"rendered":"<p>G51.1 &#8211; Jugement dernier \/ La Bible des pauvres Pr\u00e9figuration : David confie le jugement \u00e0 Salomon\u00a0 &#8211; Jugement de Salomon sur Joab Accomplissement\u00a0 :\u00a0 Jugement dernier : Mt 25,31\u202640 1R 2,1 ss : 1 Comme les jours de David<\/p>\n","protected":false},"author":1,"featured_media":0,"parent":0,"menu_order":0,"comment_status":"closed","ping_status":"closed","template":"","meta":{"footnotes":""},"_links":{"self":[{"href":"http:\/\/image-bible.ch\/index.php?rest_route=\/wp\/v2\/pages\/2733"}],"collection":[{"href":"http:\/\/image-bible.ch\/index.php?rest_route=\/wp\/v2\/pages"}],"about":[{"href":"http:\/\/image-bible.ch\/index.php?rest_route=\/wp\/v2\/types\/page"}],"author":[{"embeddable":true,"href":"http:\/\/image-bible.ch\/index.php?rest_route=\/wp\/v2\/users\/1"}],"replies":[{"embeddable":true,"href":"http:\/\/image-bible.ch\/index.php?rest_route=%2Fwp%2Fv2%2Fcomments&post=2733"}],"version-history":[{"count":7,"href":"http:\/\/image-bible.ch\/index.php?rest_route=\/wp\/v2\/pages\/2733\/revisions"}],"predecessor-version":[{"id":6210,"href":"http:\/\/image-bible.ch\/index.php?rest_route=\/wp\/v2\/pages\/2733\/revisions\/6210"}],"wp:attachment":[{"href":"http:\/\/image-bible.ch\/index.php?rest_route=%2Fwp%2Fv2%2Fmedia&parent=2733"}],"curies":[{"name":"wp","href":"https:\/\/api.w.org\/{rel}","templated":true}]}}