{"id":2744,"date":"2021-03-20T16:46:18","date_gmt":"2021-03-20T15:46:18","guid":{"rendered":"http:\/\/image-bible.ch\/?page_id=2744"},"modified":"2024-11-05T20:34:30","modified_gmt":"2024-11-05T19:34:30","slug":"g51-6-icone","status":"publish","type":"page","link":"http:\/\/image-bible.ch\/?page_id=2744","title":{"rendered":"G51.6 \/ Ic\u00f4ne"},"content":{"rendered":"<p style=\"text-align: center;\"><span style=\"font-family: 'comic sans ms', sans-serif; font-size: 14pt;\">G51.6<\/span><span style=\"font-family: 'comic sans ms', sans-serif; font-size: 14pt;\"> &#8211; Jugement dernier \/ Ic\u00f4ne<\/span><\/p>\n<p><a href=\"http:\/\/image-bible.ch\/wp-content\/uploads\/Le-jugement-dernier-portail-cathedrale-Fribourg-Berne-Chartres.pdf\">Le jugement dernier &#8211; portail cath\u00e9drale Fribourg &#8211; Berne &#8211; Chartres<\/a><\/p>\n<p>&nbsp;<\/p>\n<p><img loading=\"lazy\" decoding=\"async\" class=\"alignnone wp-image-9011\" src=\"http:\/\/image-bible.ch\/wp-content\/uploads\/Jugement-dernier-Redemption-Tatiana-Chirikova-2020-Eglise-San-Paolo-Adrano-1-223x300.jpg\" alt=\"\" width=\"598\" height=\"804\" srcset=\"http:\/\/image-bible.ch\/wp-content\/uploads\/Jugement-dernier-Redemption-Tatiana-Chirikova-2020-Eglise-San-Paolo-Adrano-1-223x300.jpg 223w, http:\/\/image-bible.ch\/wp-content\/uploads\/Jugement-dernier-Redemption-Tatiana-Chirikova-2020-Eglise-San-Paolo-Adrano-1-768x1034.jpg 768w, http:\/\/image-bible.ch\/wp-content\/uploads\/Jugement-dernier-Redemption-Tatiana-Chirikova-2020-Eglise-San-Paolo-Adrano-1-1141x1536.jpg 1141w, http:\/\/image-bible.ch\/wp-content\/uploads\/Jugement-dernier-Redemption-Tatiana-Chirikova-2020-Eglise-San-Paolo-Adrano-1-1521x2048.jpg 1521w, http:\/\/image-bible.ch\/wp-content\/uploads\/Jugement-dernier-Redemption-Tatiana-Chirikova-2020-Eglise-San-Paolo-Adrano-1-scaled.jpg 1901w\" sizes=\"(max-width: 598px) 100vw, 598px\" \/><\/p>\n<div class=\"attachment-info\">\n<div class=\"details\">\n<div class=\"filename\"><em>Jugement dernier, Tatiana Chirikova 2020, Eglise San-Paolo, Adrano, Sicile.<br \/>\n<\/em><\/div>\n<div><a href=\"http:\/\/image-bible.ch\/wp-content\/uploads\/Explications-jugement-dernier.docx\">Explications jugement dernier<\/a><\/div>\n<\/div>\n<\/div>\n<div><\/div>\n<div>\n<h1>Pr\u00e9sentation du jugement dernier dans les portail des cath\u00e9drales :<\/h1>\n<p>Dans toutes les cath\u00e9drales gothiques, le portail principal repr\u00e9sente le plus souvent le jugement dernier, comme une invitation en franchissant la porte d&rsquo;entrer dans cette r\u00e9v\u00e9lation de la valeur de nos actes, pour participer \u00e0 la gloire de Dieu.<\/p>\n<\/div>\n<div>\n<p>Les portails des cath\u00e9drales gothiques jouent un r\u00f4le crucial, non seulement en tant qu&rsquo;\u00e9l\u00e9ments architecturaux fonctionnels, mais aussi en tant que supports symboliques et artistiques qui v\u00e9hiculent un message religieux et th\u00e9ologique. Ils sont souvent des points d&rsquo;entr\u00e9e vers un espace sacr\u00e9, et leur d\u00e9coration complexe raconte des r\u00e9cits bibliques, pr\u00e9sente des sc\u00e8nes de la vie des saints ou des \u00e9pisodes de la Passion du Christ, et sert \u00e0 guider le fid\u00e8le \u00e0 travers un voyage spirituel. Voici quelques aspects cl\u00e9s de la repr\u00e9sentation des portails dans l&rsquo;architecture gothique :<\/p>\n<h3>1. <strong>Les Trois Portails :<\/strong><\/h3>\n<p>Dans de nombreuses cath\u00e9drales gothiques, le portail principal est souvent flanqu\u00e9 de deux portails secondaires. Ensemble, ces trois portails peuvent \u00eatre associ\u00e9s \u00e0 diff\u00e9rentes th\u00e9matiques religieuses :<\/p>\n<ul>\n<li><strong>Le portail central<\/strong> repr\u00e9sente souvent le Christ, ou une sc\u00e8ne centrale de la Passion, ou encore le Jugement dernier. Il symbolise l&rsquo;entr\u00e9e dans le monde divin.<\/li>\n<li><strong>Les portails lat\u00e9raux<\/strong> sont souvent d\u00e9di\u00e9s \u00e0 des sc\u00e8nes de la Vierge Marie ou \u00e0 des saints particuliers, comme Saint Pierre ou Saint Jean-Baptiste. Ils ont une fonction plus sp\u00e9cifique de guider les croyants vers diff\u00e9rentes dimensions de la foi chr\u00e9tienne.<\/li>\n<\/ul>\n<h3>2. <strong>La Hi\u00e9rarchisation des Figures :<\/strong><\/h3>\n<p>Les portails gothiques comportent une riche iconographie. Les statues et bas-reliefs qui ornent les voussures (les arcs autour de l&rsquo;entr\u00e9e) suivent souvent une hi\u00e9rarchie, en fonction de leur position :<\/p>\n<ul>\n<li><strong>Les figures du tympan<\/strong> (la zone situ\u00e9e au-dessus de la porte) sont les plus importantes et les plus symboliquement significatives. Par exemple, dans le portail central, le Christ en majest\u00e9 est fr\u00e9quemment repr\u00e9sent\u00e9 entour\u00e9 des symboles des quatre \u00c9vang\u00e9listes (les animaux qui leur correspondent : l&rsquo;aigle pour Jean, le lion pour Marc, le taureau pour Luc, et l&rsquo;homme pour Matthieu).<\/li>\n<li><strong>Les statues des voussures<\/strong> : Ces statues qui encadrent les arcs peuvent repr\u00e9senter des anges, des proph\u00e8tes, des ap\u00f4tres ou des sc\u00e8nes bibliques sp\u00e9cifiques. Elles servent \u00e0 illustrer des aspects de l&rsquo;histoire chr\u00e9tienne ou des valeurs th\u00e9ologiques importantes, comme la R\u00e9demption ou la Cr\u00e9ation.<\/li>\n<\/ul>\n<h3>3. <strong>La Symbolique du Jugement Dernier :<\/strong><\/h3>\n<p>Dans de nombreuses cath\u00e9drales gothiques, particuli\u00e8rement dans le tympan du portail principal, on trouve des repr\u00e9sentations du <strong>Jugement dernier<\/strong>. Le Christ est souvent montr\u00e9 en majest\u00e9, au centre, entour\u00e9 des \u00e9lus et des damn\u00e9s. Ces images ont une forte dimension eschatologique, offrant aux visiteurs un rappel de la vie apr\u00e8s la mort et de l&rsquo;importance du salut. Par exemple, \u00e0 Chartres, la repr\u00e9sentation du Christ dans le tympan central du portail occidental illustre ce th\u00e8me avec un Christ jugeant les \u00e2mes.<\/p>\n<h3>4. <strong>L&rsquo;Architecture et la Lumi\u00e8re :<\/strong><\/h3>\n<p>Les portails gothiques sont souvent con\u00e7us pour maximiser l&rsquo;impact visuel et spirituel. L&rsquo;usage de l&rsquo;arc bris\u00e9 et du vitrail, particuli\u00e8rement dans la partie sup\u00e9rieure du portail, permet de filtrer la lumi\u00e8re et de cr\u00e9er une atmosph\u00e8re sacr\u00e9e \u00e0 l&rsquo;entr\u00e9e de la cath\u00e9drale. Les jeux de lumi\u00e8re accentuent la beaut\u00e9 des sculptures et des figures saintes, transformant l&rsquo;entr\u00e9e en une porte vers le divin.<\/p>\n<h3>5. <strong>Les Portails comme Outils d&rsquo;\u00c9ducation Religieuse :<\/strong><\/h3>\n<p>Dans le contexte m\u00e9di\u00e9val, la majorit\u00e9 de la population \u00e9tait analphab\u00e8te. Les portails gothiques, avec leurs sculptures narratives, servaient donc de <strong>Bible des pauvres<\/strong>, offrant aux visiteurs une compr\u00e9hension visuelle des principes fondamentaux de la foi chr\u00e9tienne, en particulier \u00e0 travers les images du Christ, des saints, et des \u00e9pisodes de la Bible.<\/p>\n<h3>Conclusion :<\/h3>\n<p>Les portails des cath\u00e9drales gothiques ne sont pas seulement des passages physiques vers l&rsquo;int\u00e9rieur du lieu de culte, mais aussi des \u00ab\u00a0portes\u00a0\u00bb symboliques vers le divin, charg\u00e9es de signification th\u00e9ologique. Ils sont des supports de l&rsquo;enseignement religieux, des expressions artistiques sublimes et des t\u00e9moins du r\u00f4le central de l&rsquo;\u00c9glise dans la vie m\u00e9di\u00e9vale. Chaque d\u00e9tail sculpt\u00e9, chaque figure pr\u00e9sente dans les portails a une signification profonde, visant \u00e0 guider les croyants vers la compr\u00e9hension du sacr\u00e9 et \u00e0 renforcer leur foi.<\/p>\n<p><img loading=\"lazy\" decoding=\"async\" class=\"alignnone  wp-image-9017\" src=\"http:\/\/image-bible.ch\/wp-content\/uploads\/Chartres-Portails-ouestRoyal-001-201x300.jpg\" alt=\"\" width=\"607\" height=\"906\" srcset=\"http:\/\/image-bible.ch\/wp-content\/uploads\/Chartres-Portails-ouestRoyal-001-201x300.jpg 201w, http:\/\/image-bible.ch\/wp-content\/uploads\/Chartres-Portails-ouestRoyal-001-685x1024.jpg 685w, http:\/\/image-bible.ch\/wp-content\/uploads\/Chartres-Portails-ouestRoyal-001-768x1147.jpg 768w, http:\/\/image-bible.ch\/wp-content\/uploads\/Chartres-Portails-ouestRoyal-001-1028x1536.jpg 1028w, http:\/\/image-bible.ch\/wp-content\/uploads\/Chartres-Portails-ouestRoyal-001-1371x2048.jpg 1371w, http:\/\/image-bible.ch\/wp-content\/uploads\/Chartres-Portails-ouestRoyal-001-scaled.jpg 1714w\" sizes=\"(max-width: 607px) 100vw, 607px\" \/><em>Chartres les trois portails principaux (France)<\/em><\/p>\n<\/div>\n","protected":false},"excerpt":{"rendered":"<p>G51.6 &#8211; Jugement dernier \/ Ic\u00f4ne Le jugement dernier &#8211; portail cath\u00e9drale Fribourg &#8211; Berne &#8211; Chartres &nbsp; Jugement dernier, Tatiana Chirikova 2020, Eglise San-Paolo, Adrano, Sicile. Explications jugement dernier Pr\u00e9sentation du jugement dernier dans les portail des cath\u00e9drales :<\/p>\n","protected":false},"author":1,"featured_media":0,"parent":0,"menu_order":0,"comment_status":"closed","ping_status":"closed","template":"","meta":{"footnotes":""},"_links":{"self":[{"href":"http:\/\/image-bible.ch\/index.php?rest_route=\/wp\/v2\/pages\/2744"}],"collection":[{"href":"http:\/\/image-bible.ch\/index.php?rest_route=\/wp\/v2\/pages"}],"about":[{"href":"http:\/\/image-bible.ch\/index.php?rest_route=\/wp\/v2\/types\/page"}],"author":[{"embeddable":true,"href":"http:\/\/image-bible.ch\/index.php?rest_route=\/wp\/v2\/users\/1"}],"replies":[{"embeddable":true,"href":"http:\/\/image-bible.ch\/index.php?rest_route=%2Fwp%2Fv2%2Fcomments&post=2744"}],"version-history":[{"count":9,"href":"http:\/\/image-bible.ch\/index.php?rest_route=\/wp\/v2\/pages\/2744\/revisions"}],"predecessor-version":[{"id":9018,"href":"http:\/\/image-bible.ch\/index.php?rest_route=\/wp\/v2\/pages\/2744\/revisions\/9018"}],"wp:attachment":[{"href":"http:\/\/image-bible.ch\/index.php?rest_route=%2Fwp%2Fv2%2Fmedia&parent=2744"}],"curies":[{"name":"wp","href":"https:\/\/api.w.org\/{rel}","templated":true}]}}