{"id":2761,"date":"2021-03-20T16:53:51","date_gmt":"2021-03-20T15:53:51","guid":{"rendered":"http:\/\/image-bible.ch\/?page_id=2761"},"modified":"2024-11-13T17:51:11","modified_gmt":"2024-11-13T16:51:11","slug":"g50-4-bible-a-t","status":"publish","type":"page","link":"http:\/\/image-bible.ch\/?page_id=2761","title":{"rendered":"G50.4 \/ Bible Ancien-Testament"},"content":{"rendered":"<p style=\"text-align: center;\"><span style=\"font-family: 'comic sans ms', sans-serif; font-size: 14pt;\">G50.4<\/span><span style=\"font-family: 'comic sans ms', sans-serif; font-size: 14pt;\"> &#8211; Pentec\u00f4te \/ Bible Ancien-Testament<\/span><\/p>\n<p><img loading=\"lazy\" decoding=\"async\" class=\"alignnone wp-image-5465\" src=\"http:\/\/image-bible.ch\/wp-content\/uploads\/2021\/05\/50.-Pentecote-A-Moise-Loi--203x300.jpg\" alt=\"\" width=\"299\" height=\"442\" srcset=\"http:\/\/image-bible.ch\/wp-content\/uploads\/2021\/05\/50.-Pentecote-A-Moise-Loi--203x300.jpg 203w, http:\/\/image-bible.ch\/wp-content\/uploads\/2021\/05\/50.-Pentecote-A-Moise-Loi-.jpg 324w\" sizes=\"(max-width: 299px) 100vw, 299px\" \/><\/p>\n<h3><strong>A. Le don de la Loi sur la montagne du Sina\u00ef<\/strong><\/h3>\n<p><i>Ex 24,12 -18 :\u00a0 <\/i><\/p>\n<p><span style=\"color: #008080;\"><sup>12<\/sup><\/span> Le Seigneur dit \u00e0 <strong>Mo\u00efse\u00a0<\/strong>: \u00ab\u00a0<em>Monte vers moi<\/em> sur <strong>la montagne<\/strong> et reste l\u00e0\u00a0; je vais te donner<em> les tables de pier<\/em>re, <em>la loi<\/em> et les commandements que j\u2019ai \u00e9crits pour qu\u2019on les enseigne.\u00a0\u00bb<\/p>\n<p><span style=\"color: #008080;\"><sup>13<\/sup> <\/span><strong>Mo\u00efse<\/strong> se leva avec <strong>Josu\u00e9<\/strong>, son auxiliaire, et il gravit <strong>la montagne<\/strong> de Dieu.<\/p>\n<p><sup><span style=\"color: #008080;\">14<\/span> <\/sup>Auparavant il avait dit <strong>aux anciens\u00a0<\/strong>: \u00ab\u00a0<em>Attendez<\/em>-nous ici jusqu\u2019\u00e0 notre retour. <strong>Aaron et Hour<\/strong> sont avec vous\u00a0: celui qui a une affaire \u00e0 r\u00e9gler, qu\u2019il s\u2019adresse \u00e0 eux.\u00a0\u00bb<\/p>\n<p><span style=\"color: #008080;\"><sup>15<\/sup> <\/span><strong>Mo\u00efse<\/strong> gravit donc<strong> la montagne<\/strong>, et l<em>a nu\u00e9e<\/em> recouvrit <strong>la montagne, <\/strong><span style=\"color: #008080;\"><sup>16<\/sup><\/span> <em>la gloire du Seigneur<\/em> demeura sur la montagne du <strong>Sina\u00ef,<\/strong> que <em>la nu\u00e9e<\/em> recouvrit pendant <em>six jours<\/em>. Le <em>septi\u00e8me jour,<\/em> le Seigneur ap<strong>pela Mo\u00efse<\/strong> du milieu de l<em>a nu\u00e9e.<\/em><\/p>\n<p><span style=\"color: #008080;\"><sup>17<\/sup> <\/span><em>La gloire du Seigneur<\/em> apparaissait aux fils d\u2019Isra\u00ebl comme <em>un feu d\u00e9vorant,<\/em> au sommet de<strong> la montagne<\/strong>.<\/p>\n<p><span style=\"color: #008080;\"><sup>18<\/sup><\/span><strong> Mo\u00efse<\/strong> entra dans <em>la nu\u00e9e<\/em> et gravit<strong> la montagne. Mo\u00efse<\/strong> resta su<strong>r la montagne<\/strong><em> quarante jours et quarante nuits<\/em>.<\/p>\n<p><strong><span style=\"color: #993300;\">Vocabulaire :<\/span><\/strong><\/p>\n<p>&nbsp;<\/p>\n<p><strong><span style=\"color: #0000ff;\">Questions :<\/span><\/strong><\/p>\n<p>&nbsp;<\/p>\n<h4><strong>Commentaire :<\/strong><\/h4>\n<p>&nbsp;<\/p>\n<h3>ou Babel<\/h3>\n<p><span style=\"color: #0000ff;\">Gn 11,7-9\u00a0:<\/span><\/p>\n<p><span style=\"color: #0000ff;\"><sup>1<\/sup><\/span> <strong>Toute la terre<\/strong> avait alors la <span style=\"color: #ff0000;\">m\u00eame langue<\/span> et les <span style=\"color: #ff0000;\">m\u00eames mots<\/span>.<\/p>\n<p><span style=\"color: #0000ff;\"><sup>2<\/sup><\/span> Au cours de leurs d\u00e9placements du <span style=\"color: #008000;\">c\u00f4t\u00e9 de l\u2019orient<\/span>, les hommes d\u00e9couvrirent une plaine <span style=\"color: #008000;\">en M\u00e9sopotamie<\/span>, et s\u2019y \u00e9tablirent.<\/p>\n<p><span style=\"color: #0000ff;\"><sup>3<\/sup><\/span> Ils se dirent l\u2019un \u00e0 l\u2019autre\u00a0: \u00ab\u00a0Allons\u00a0! f<em>abriquons des briques et mettons-les \u00e0 cuire\u00a0!<\/em>\u00a0\u00bb Les briques leur servaient de pierres, et le bitume, de mortier.<\/p>\n<p><span style=\"color: #0000ff;\"><sup>4<\/sup><\/span> Ils dirent\u00a0: \u00ab\u00a0Allons\u00a0! <em>b\u00e2tissons-nous <\/em><span style=\"color: #008080;\">une ville<\/span>, avec <span style=\"color: #ff0000;\"><strong>une tour dont le sommet soit dans les cieux<\/strong><\/span>. <span style=\"color: #ff0000;\">Faisons-nous un nom<\/span>, pour ne <span style=\"color: #ff0000;\">pas \u00eatre diss\u00e9min\u00e9s<\/span> sur toute la surface de la terre.\u00a0\u00bb<\/p>\n<p><span style=\"color: #0000ff;\"><sup>5<\/sup><\/span> <strong>Le Seigneur<\/strong> descendit pour<span style=\"color: #008080;\"> voir la ville<\/span> et la tour que les hommes avaient b\u00e2ties.<\/p>\n<p><span style=\"color: #0000ff;\"><sup>6<\/sup><\/span> Et <strong>le Seigneur<\/strong> dit\u00a0: \u00ab\u00a0Ils sont<span style=\"color: #ff0000;\"> un seul peuple<\/span>, ils ont tous <span style=\"color: #ff0000;\">la m\u00eame langu<\/span>e\u00a0: s\u2019ils commencent ainsi, rien ne les emp\u00eachera d\u00e9sormais de <span style=\"color: #ff0000;\">faire tout ce qu\u2019ils d\u00e9cideront<\/span>.<\/p>\n<p><span style=\"color: #0000ff;\"><sup>7<\/sup><\/span> Allons\u00a0! descendons, et l\u00e0,<span style=\"color: #ff0000;\"><em> embrouillons leur langue<\/em><\/span>\u00a0: qu\u2019ils ne se comprennent plus les uns les autres.\u00a0\u00bb<\/p>\n<p><span style=\"color: #0000ff;\"><sup>8<\/sup> <\/span>De l\u00e0, le<strong> Seigneur<\/strong> <span style=\"color: #ff0000;\">les dispersa<\/span> sur toute la surface <span style=\"color: #008000;\">de la terre<\/span>. Ils cess\u00e8rent donc de b\u00e2tir la ville.<\/p>\n<p><span style=\"color: #0000ff;\"><sup>9<\/sup><\/span> C\u2019est pourquoi on <span style=\"color: #ff0000;\">l\u2019appela Babel<\/span>, car c\u2019est l\u00e0 que le Seigneur <span style=\"color: #ff0000;\">embrouilla la langue<\/span> des habitants de toute la terre\u00a0; et c\u2019est de l\u00e0 qu\u2019il les <span style=\"color: #ff0000;\">dispersa<\/span> sur toute la surface de la terre.<\/p>\n<p><strong><span style=\"color: #993300;\">Vocabulaire :<\/span><\/strong><\/p>\n<p>&nbsp;<\/p>\n<p><strong><span style=\"color: #0000ff;\">Questions :<\/span><\/strong><\/p>\n<p>&nbsp;<\/p>\n<p><strong>Commentaire :<\/strong><\/p>\n<p>Ce r\u00e9cit, fait suite \u00e0 celui du D\u00e9luge. Il est de type \u00ab\u00a0\u00e9tiologique\u00a0\u00bb, c&rsquo;est-\u00e0-dire qu&rsquo;il cherche \u00e0 expliquer, sous forme de l\u00e9gende populaire, pourquoi les hommes se sont dispers\u00e9s sur la terre et pourquoi ils parlent des langues diff\u00e9rentes. Tout commence avec la d\u00e9cision des hommes de construire une ville unique et, surtout, une tour qui \u201c p\u00e9n\u00e8tre les cieux \u201d. Ce projet, au premier abord, ne semble gu\u00e8re r\u00e9pr\u00e9hensible. Pourquoi reprocher aux hommes de chercher \u00e0 perp\u00e9tuer leur m\u00e9moire par des monuments grandioses ? On pourrait m\u00eame admirer ce projet commun qui unit les hommes et les rassemble dans un m\u00eame travail. Dieu, pourtant, condamne s\u00e9v\u00e8rement ce projet. Il y voit l&rsquo;expression de l&rsquo;orgueil des hommes qui ont la pr\u00e9tention de vouloir, par leurs propres forces, rivaliser avec lui en construisant cette tour dans le but clairement revendiqu\u00e9 d&rsquo;atteindre l&rsquo;espace divin. En les dispersant et en les divisant par la multiplicit\u00e9 des langues, Dieu punit tout \u00e0 la fois leur vanit\u00e9 et leur arrogance. Pour les chr\u00e9tiens, le r\u00e9cit de la Tour de Babel s&rsquo;\u00e9claire par le r\u00e9cit de la Pentec\u00f4te Les correspondances, et surtout les oppositions entre les deux r\u00e9cits, sont frappantes. L&rsquo;un et l&rsquo;autre \u00e9voquent la descente de Dieu parmi les hommes, mais dans un contexte radicalement diff\u00e9rent. Dans le livre de la Gen\u00e8se, Dieu intervient pour sanctionner les hommes et rabaisser leur orgueil d\u00e9mesur\u00e9. Dans les Actes des Ap\u00f4tres, Dieu fait don aux ap\u00f4tres \u2013 et \u00e0 travers eux \u00e0 tous les hommes \u2013 de l&rsquo;Esprit Saint qui vient prolonger la pr\u00e9sence de J\u00e9sus parmi eux.<\/p>\n<h3><strong>B. L&rsquo;offrande d\u2019\u00c9lis\u00e9e consum\u00e9e par le feu du ciel<\/strong><\/h3>\n<p><img loading=\"lazy\" decoding=\"async\" class=\"alignnone wp-image-5464\" src=\"http:\/\/image-bible.ch\/wp-content\/uploads\/2021\/05\/50.-Pentecot-B-Elisee-offrande-feu--199x300.jpg\" alt=\"\" width=\"240\" height=\"362\" srcset=\"http:\/\/image-bible.ch\/wp-content\/uploads\/2021\/05\/50.-Pentecot-B-Elisee-offrande-feu--199x300.jpg 199w, http:\/\/image-bible.ch\/wp-content\/uploads\/2021\/05\/50.-Pentecot-B-Elisee-offrande-feu-.jpg 315w\" sizes=\"(max-width: 240px) 100vw, 240px\" \/><\/p>\n<p><i>1R 18,29-40 : <\/i><\/p>\n<p><span style=\"color: #0000ff;\"><sup>20<\/sup><\/span> <strong>Acab<\/strong> convoqua <strong>tout Isra\u00ebl<\/strong> et r\u00e9unit <strong>les proph\u00e8tes<\/strong> sur<span style=\"color: #008000;\"> le mont Carmel<\/span>.<\/p>\n<p><span style=\"color: #0000ff;\"><sup>21<\/sup><\/span> <strong>\u00c9lie<\/strong> se pr\u00e9senta devant <strong>la foule<\/strong> et dit : \u00ab Combien de temps allez-vous <em>danser pour l\u2019un et pour l\u2019autre<\/em> ? Si c\u2019est le Seigneur qui est Dieu, <em>suivez le Seigneur<\/em> ; si c\u2019est <em>Baal, suivez Baal<\/em>. \u00bb Et la foule ne r\u00e9pondit mot.<\/p>\n<p><span style=\"color: #0000ff;\"><sup>22<\/sup> <\/span>\u00c9lie continua : \u00ab Moi, je suis le seul qui reste des proph\u00e8tes du Seigneur, tandis que les proph\u00e8tes de Baal sont quatre cent cinquante.<\/p>\n<p><span style=\"color: #0000ff;\"><sup>23<\/sup><\/span> Amenez-nous deux jeunes taureaux ; qu\u2019ils en choisissent un, qu\u2019ils le d\u00e9p\u00e8cent et le placent sur le b\u00fbcher, mais qu\u2019ils n\u2019y mettent pas le feu. Moi, je pr\u00e9parerai l\u2019autre taureau, je le placerai sur le b\u00fbcher, mais je n\u2019y mettrai pas le feu.<\/p>\n<p><span style=\"color: #0000ff;\"><sup>24<\/sup><\/span> Vous invoquerez le nom de votre dieu, et moi, j\u2019invoquerai le nom du Seigneur : le dieu qui r\u00e9pondra par le feu, c\u2019est lui qui est Dieu. \u00bb La foule r\u00e9pondit : \u00ab C\u2019est d\u2019accord. \u00bb<\/p>\n<p><span style=\"color: #0000ff;\"><sup>25<\/sup> <\/span>\u00c9lie dit alors aux proph\u00e8tes de Baal : \u00ab Choisissez votre taureau et commencez, car vous \u00eates les plus nombreux. Invoquez le nom de votre dieu, mais ne mettez pas le feu. \u00bb<\/p>\n<p><span style=\"color: #0000ff;\"><sup>26<\/sup><\/span> Ils prirent le taureau et le pr\u00e9par\u00e8rent, et ils invoqu\u00e8rent le nom de Baal depuis le matin jusqu\u2019au milieu du jour, en disant : \u00ab \u00d4 Baal, r\u00e9ponds-nous ! \u00bb Mais il n\u2019y eut ni voix ni r\u00e9ponse ; et ils dansaient devant l\u2019autel qu\u2019ils avaient dress\u00e9.<\/p>\n<p><span style=\"color: #0000ff;\"><sup>27<\/sup><\/span> Au milieu du jour, \u00c9lie se moqua d\u2019eux en disant : \u00ab Criez plus fort, puisque c\u2019est un dieu : il a des soucis ou des affaires, ou bien il est en voyage ; il dort peut-\u00eatre, mais il va se r\u00e9veiller ! \u00bb<\/p>\n<p><span style=\"color: #0000ff;\"><sup>28<\/sup><\/span> Ils cri\u00e8rent donc plus fort et, selon leur coutume, ils se taillad\u00e8rent jusqu\u2019au sang avec des \u00e9p\u00e9es et des lances.<\/p>\n<p><span style=\"color: #0000ff;\"><sup>29<\/sup><\/span> Dans l\u2019apr\u00e8s-midi, ils se livr\u00e8rent \u00e0 des transes proph\u00e9tiques jusqu\u2019\u00e0 l\u2019heure du sacrifice du soir, mais il n\u2019y eut ni voix, ni r\u00e9ponse, ni le moindre signe.<\/p>\n<p><span style=\"color: #0000ff;\"><sup>30<\/sup><\/span> Alors \u00c9lie dit \u00e0 la foule : \u00ab Approchez. \u00bb Et toute la foule s\u2019approcha de lui. Il releva l\u2019autel du Seigneur, qui avait \u00e9t\u00e9 d\u00e9moli.<\/p>\n<p><span style=\"color: #0000ff;\"><sup>31<\/sup><\/span> Il prit douze pierres, selon le nombre des tribus des fils de Jacob \u00e0 qui le Seigneur avait dit : \u00ab Ton nom sera Isra\u00ebl. \u00bb<\/p>\n<p><span style=\"color: #0000ff;\"><sup>32<\/sup><\/span> Avec ces pierres il \u00e9rigea un autel au Seigneur. Il creusa autour de l\u2019autel une rigole d\u2019une capacit\u00e9 d\u2019environ trente litres.<\/p>\n<p><span style=\"color: #0000ff;\"><sup>33 <\/sup><\/span>Il disposa le bois, d\u00e9pe\u00e7a le taureau et le pla\u00e7a sur le b\u00fbcher.<\/p>\n<p><span style=\"color: #0000ff;\"><sup>34 <\/sup><\/span>Puis il dit : \u00ab Emplissez d\u2019eau quatre cruches, et versez-les sur la victime et sur le bois. \u00bb Et l\u2019on fit ainsi. Il dit : \u00ab Une deuxi\u00e8me fois ! \u00bb et l\u2019on recommen\u00e7a. Il dit : \u00ab Une troisi\u00e8me fois ! \u00bb et l\u2019on recommen\u00e7a encore.<\/p>\n<p><span style=\"color: #0000ff;\"><sup>35<\/sup><\/span> L\u2019eau ruissela autour de l\u2019autel, et la rigole elle-m\u00eame fut remplie d\u2019eau.<\/p>\n<p><span style=\"color: #0000ff;\"><sup>36<\/sup><\/span> <span style=\"color: #993300;\">\u00c0 l\u2019heure du sacrifice du soir<\/span>, <strong>\u00c9lie<\/strong> le proph\u00e8te s\u2019avan\u00e7a et dit : \u00ab <strong>Seigneur, Dieu d\u2019Abraham, d\u2019Isaac et d\u2019Isra\u00ebl,<\/strong> on saura aujourd\u2019hui que tu es Dieu en Isra\u00ebl, que je suis ton serviteur, et que j\u2019ai accompli toutes ces choses sur ton ordre.<\/p>\n<p><span style=\"color: #0000ff;\"><sup>37<\/sup> <\/span>R\u00e9ponds-moi, Seigneur, r\u00e9ponds-moi, pour que <span style=\"color: #ff0000;\">tout ce peuple sache que c\u2019est toi, Seigneur, qui es Die<\/span>u, et qui as retourn\u00e9 leur c\u0153ur ! \u00bb<\/p>\n<p><span style=\"color: #0000ff;\"><sup>38 <\/sup><\/span>Alors <strong><span style=\"color: #ff0000;\">le feu du Seigneur<\/span><\/strong> <strong>tomba<\/strong>, il <span style=\"color: #ff0000;\">d\u00e9vora la victime et le bois<\/span>, les pierres et la poussi\u00e8re, et l\u2019eau qui \u00e9tait dans la rigole.<\/p>\n<p><span style=\"color: #0000ff;\"><sup>39 <\/sup><\/span>Tout <strong>le peuple<\/strong> en fut t\u00e9moin ; les<em> gens tomb\u00e8rent face contre terre<\/em> et dirent : \u00ab <span style=\"color: #ff0000;\">C\u2019est le Seigneur qui est Dieu !<\/span> C\u2019est le Seigneur qui est Dieu ! \u00bb<\/p>\n<p><span style=\"color: #0000ff;\"><sup>40 <\/sup><\/span>\u00c9lie leur dit alors : \u00ab Saisissez les proph\u00e8tes de Baal : que pas un seul ne s\u2019\u00e9chappe ! \u00bb Ils les saisirent. \u00c9lie les fit descendre au ravin du Qishone, et l\u00e0 il les \u00e9gorgea.<\/p>\n<p><strong><span style=\"color: #993300;\">Vocabulaire :<\/span><\/strong><\/p>\n<p>&nbsp;<\/p>\n<p><strong><span style=\"color: #0000ff;\">Questions :<\/span><\/strong><\/p>\n<p>&nbsp;<\/p>\n<p><strong>Commentaire :<\/strong><\/p>\n<p>Elie lors de sa rencontre avec le roi Acab lance un d\u00e9fi. Un d\u00e9fi qui concerne les 850 proph\u00e8tes de Baal et d&rsquo;Ashera nourris par la reine J\u00e9zabel. Par rapport au d\u00e9but de l&rsquo;histoire (1R 17,1) les choses ont boug\u00e9 : le conflit n&rsquo;est plus tant entre Achab et \u00c9lie qu&rsquo;entre le Seigneur et Baal d&rsquo;une part et \u00c9lie et J\u00e9zabel de l&rsquo;autre. La reine qui, jusqu&rsquo;\u00e0 pr\u00e9sent, n&rsquo;est pas apparue sur le devant de la sc\u00e8ne, emplit la rumeur. Elle pourrait bien \u00eatre le contre-type de la veuve de Sarepta : \u00e9trang\u00e8re comme elle, mais riche, puissante, et mauvaise\u2026<br \/>\nMais Elie aussi s\u2019enferme dans une logique de soif de reconnaissance, de spectaculaire et de pouvoir, qui s&rsquo;av\u00e8re, en fin de compte, un \u00e9chec<\/p>\n<p><img loading=\"lazy\" decoding=\"async\" class=\"alignnone size-medium wp-image-5467\" src=\"http:\/\/image-bible.ch\/wp-content\/uploads\/2021\/05\/50.-Pentecote-D--300x239.jpg\" alt=\"\" width=\"300\" height=\"239\" srcset=\"http:\/\/image-bible.ch\/wp-content\/uploads\/2021\/05\/50.-Pentecote-D--300x239.jpg 300w, http:\/\/image-bible.ch\/wp-content\/uploads\/2021\/05\/50.-Pentecote-D-.jpg 625w\" sizes=\"(max-width: 300px) 100vw, 300px\" \/><\/p>\n<p><strong>David :<\/strong><i> Ps 32,6 : Le Seigneur a fait les cieux par sa parole, l&rsquo;univers, par le souffle de sa bouche.<br \/>\n<\/i><\/p>\n<p><strong>Ez\u00e9chiel : <\/strong><i>Ez 36,27 : Je mettrai en vous mon esprit, je ferai que vous marchiez selon mes lois, que vous gardiez mes pr\u00e9ceptes et leur soyez fid\u00e8les.<br \/>\n<\/i><\/p>\n<p><strong>Ben Sirach :<\/strong><i> Sg 1,7 : L\u2019esprit du Seigneur remplit l\u2019univers : lui qui tient ensemble tous les \u00eatres, il entend toutes les voix.<br \/>\n<\/i><\/p>\n<p><strong>Joel :<\/strong><i> Jl 3,1 : Alors, apr\u00e8s cela, je r\u00e9pandrai mon esprit sur tout \u00eatre de chair, vos fils et vos filles proph\u00e9tiseront, vos anciens seront instruits par des songes, et vos jeunes gens par des visions.<br \/>\n<\/i><\/p>\n<p>&nbsp;<\/p>\n","protected":false},"excerpt":{"rendered":"<p>G50.4 &#8211; Pentec\u00f4te \/ Bible Ancien-Testament A. Le don de la Loi sur la montagne du Sina\u00ef Ex 24,12 -18 :\u00a0 12 Le Seigneur dit \u00e0 Mo\u00efse\u00a0: \u00ab\u00a0Monte vers moi sur la montagne et reste l\u00e0\u00a0; je vais te donner<\/p>\n","protected":false},"author":1,"featured_media":0,"parent":0,"menu_order":0,"comment_status":"closed","ping_status":"closed","template":"","meta":{"footnotes":""},"_links":{"self":[{"href":"http:\/\/image-bible.ch\/index.php?rest_route=\/wp\/v2\/pages\/2761"}],"collection":[{"href":"http:\/\/image-bible.ch\/index.php?rest_route=\/wp\/v2\/pages"}],"about":[{"href":"http:\/\/image-bible.ch\/index.php?rest_route=\/wp\/v2\/types\/page"}],"author":[{"embeddable":true,"href":"http:\/\/image-bible.ch\/index.php?rest_route=\/wp\/v2\/users\/1"}],"replies":[{"embeddable":true,"href":"http:\/\/image-bible.ch\/index.php?rest_route=%2Fwp%2Fv2%2Fcomments&post=2761"}],"version-history":[{"count":9,"href":"http:\/\/image-bible.ch\/index.php?rest_route=\/wp\/v2\/pages\/2761\/revisions"}],"predecessor-version":[{"id":9470,"href":"http:\/\/image-bible.ch\/index.php?rest_route=\/wp\/v2\/pages\/2761\/revisions\/9470"}],"wp:attachment":[{"href":"http:\/\/image-bible.ch\/index.php?rest_route=%2Fwp%2Fv2%2Fmedia&parent=2761"}],"curies":[{"name":"wp","href":"https:\/\/api.w.org\/{rel}","templated":true}]}}