{"id":2765,"date":"2021-03-20T16:54:28","date_gmt":"2021-03-20T15:54:28","guid":{"rendered":"http:\/\/image-bible.ch\/?page_id=2765"},"modified":"2024-11-13T17:59:53","modified_gmt":"2024-11-13T16:59:53","slug":"g50-6-icone","status":"publish","type":"page","link":"http:\/\/image-bible.ch\/?page_id=2765","title":{"rendered":"G50.6 \/ Ic\u00f4ne"},"content":{"rendered":"<p style=\"text-align: center;\"><span style=\"font-family: 'comic sans ms', sans-serif; font-size: 14pt;\">G50.6<\/span><span style=\"font-family: 'comic sans ms', sans-serif; font-size: 14pt;\"> &#8211; Pentec\u00f4te \/ Ic\u00f4ne<\/span><\/p>\n<h3>Ic\u00f4ne de la Pentec\u00f4te<\/h3>\n<p><img loading=\"lazy\" decoding=\"async\" class=\"alignnone wp-image-6866\" src=\"http:\/\/image-bible.ch\/wp-content\/uploads\/12.-Pentecote-Bihin-2-cprr-238x300.jpg\" alt=\"\" width=\"613\" height=\"772\" \/><\/p>\n<p>L\u2019ic\u00f4ne illustre moins l\u2019\u00e9v\u00e8nement qu\u2019elle ne symbolise l\u2019\u00c9glise v\u00e9ritablement fond\u00e9e \u00e0 Pentec\u00f4te par l\u2019envoi de l\u2019Esprit Saint sur l\u2019assembl\u00e9e des croyants, comme cela se renouvelle lors de chaque messe au moment de l\u2019\u00e9picl\u00e8se (appel de l\u2019Esprit-Saint sur les offrandes et les fid\u00e8les). Les ap\u00f4tres si\u00e8gent en un demi-cercle autour d\u2019une place vide au centre. Il s\u2019agit de la place du Christ invisiblement pr\u00e9sent et unique chef de l\u2019\u00c9glise. De part et d\u2019autre on reconna\u00eet l\u2019ap\u00f4tre Paul, absent historiquement le jour de la Pentec\u00f4te mais pr\u00e9sent sur l\u2019ic\u00f4ne \u00e0 titre d\u2019\u00e9vang\u00e9lisateur des premi\u00e8res communaut\u00e9s chr\u00e9tiennes aux c\u00f4t\u00e9s de l\u2019ap\u00f4tre Pierre. Figurent \u00e9galement le jeune Mathias, choisi en remplacement de Judas, et parfois, sur certaines ic\u00f4nes, la M\u00e8re de Dieu. A la partie inf\u00e9rieure le coll\u00e8ge apostolique s\u2019ouvre sur l\u2019humanit\u00e9 et le monde entier symbolis\u00e9 par le vieillard couronn\u00e9, le Cosmos, tenant les 12 rouleaux de l\u2019enseignement des ap\u00f4tres en direction des 12 tribus d\u2019Isra\u00ebl.<\/p>\n<p>Les langues de feu se posent individuellement sur les ap\u00f4tres r\u00e9unis coll\u00e9gialement soulignant la dimension \u00e0 la fois personnelle et collective de la gr\u00e2ce. Par sa descente l\u2019Esprit saint venu du P\u00e8re fonde l\u2019\u00c9glise comme corps du Christ, assembl\u00e9e autour des ap\u00f4tres choisis par le Christ lui-m\u00eame. Comme les personnes de la Trinit\u00e9 les ap\u00f4tres sont unis mais non confondus.<\/p>\n<div id='gallery-1' class='gallery galleryid-2765 gallery-columns-2 gallery-size-large'><figure class='gallery-item'>\n\t\t\t<div class='gallery-icon portrait'>\n\t\t\t\t<a href='http:\/\/image-bible.ch\/?attachment_id=8632'><img loading=\"lazy\" decoding=\"async\" width=\"705\" height=\"1024\" src=\"http:\/\/image-bible.ch\/wp-content\/uploads\/12.-Pentecote-705x1024.jpg\" class=\"attachment-large size-large\" alt=\"\" srcset=\"http:\/\/image-bible.ch\/wp-content\/uploads\/12.-Pentecote-705x1024.jpg 705w, http:\/\/image-bible.ch\/wp-content\/uploads\/12.-Pentecote-207x300.jpg 207w, http:\/\/image-bible.ch\/wp-content\/uploads\/12.-Pentecote-768x1115.jpg 768w, http:\/\/image-bible.ch\/wp-content\/uploads\/12.-Pentecote-1058x1536.jpg 1058w, http:\/\/image-bible.ch\/wp-content\/uploads\/12.-Pentecote-1411x2048.jpg 1411w, http:\/\/image-bible.ch\/wp-content\/uploads\/12.-Pentecote.jpg 1722w\" sizes=\"(max-width: 705px) 100vw, 705px\" \/><\/a>\n\t\t\t<\/div><\/figure><figure class='gallery-item'>\n\t\t\t<div class='gallery-icon portrait'>\n\t\t\t\t<a href='http:\/\/image-bible.ch\/?attachment_id=8612'><img loading=\"lazy\" decoding=\"async\" width=\"750\" height=\"883\" src=\"http:\/\/image-bible.ch\/wp-content\/uploads\/4.18-Pentecote-Icone-centre-international-Marial-Nazareth-29-870x1024.jpg\" class=\"attachment-large size-large\" alt=\"\" srcset=\"http:\/\/image-bible.ch\/wp-content\/uploads\/4.18-Pentecote-Icone-centre-international-Marial-Nazareth-29-870x1024.jpg 870w, http:\/\/image-bible.ch\/wp-content\/uploads\/4.18-Pentecote-Icone-centre-international-Marial-Nazareth-29-255x300.jpg 255w, http:\/\/image-bible.ch\/wp-content\/uploads\/4.18-Pentecote-Icone-centre-international-Marial-Nazareth-29-768x904.jpg 768w, http:\/\/image-bible.ch\/wp-content\/uploads\/4.18-Pentecote-Icone-centre-international-Marial-Nazareth-29-1305x1536.jpg 1305w, http:\/\/image-bible.ch\/wp-content\/uploads\/4.18-Pentecote-Icone-centre-international-Marial-Nazareth-29-1740x2048.jpg 1740w\" sizes=\"(max-width: 750px) 100vw, 750px\" \/><\/a>\n\t\t\t<\/div><\/figure><figure class='gallery-item'>\n\t\t\t<div class='gallery-icon landscape'>\n\t\t\t\t<a href='http:\/\/image-bible.ch\/?attachment_id=8558'><img loading=\"lazy\" decoding=\"async\" width=\"750\" height=\"422\" src=\"http:\/\/image-bible.ch\/wp-content\/uploads\/Pentecote-Bucarest-eglise-St-Jean-Chrisosthome-Iconostase-1024x576.jpg\" class=\"attachment-large size-large\" alt=\"\" srcset=\"http:\/\/image-bible.ch\/wp-content\/uploads\/Pentecote-Bucarest-eglise-St-Jean-Chrisosthome-Iconostase-1024x576.jpg 1024w, http:\/\/image-bible.ch\/wp-content\/uploads\/Pentecote-Bucarest-eglise-St-Jean-Chrisosthome-Iconostase-300x169.jpg 300w, http:\/\/image-bible.ch\/wp-content\/uploads\/Pentecote-Bucarest-eglise-St-Jean-Chrisosthome-Iconostase-768x432.jpg 768w, http:\/\/image-bible.ch\/wp-content\/uploads\/Pentecote-Bucarest-eglise-St-Jean-Chrisosthome-Iconostase-1536x863.jpg 1536w, http:\/\/image-bible.ch\/wp-content\/uploads\/Pentecote-Bucarest-eglise-St-Jean-Chrisosthome-Iconostase-2048x1151.jpg 2048w\" sizes=\"(max-width: 750px) 100vw, 750px\" \/><\/a>\n\t\t\t<\/div><\/figure><figure class='gallery-item'>\n\t\t\t<div class='gallery-icon landscape'>\n\t\t\t\t<a href='http:\/\/image-bible.ch\/?attachment_id=6603'><img loading=\"lazy\" decoding=\"async\" width=\"750\" height=\"546\" src=\"http:\/\/image-bible.ch\/wp-content\/uploads\/PentecoteAc2-45-Mosaique-byzantine-Monreale-1024x745.jpg\" class=\"attachment-large size-large\" alt=\"\" aria-describedby=\"gallery-1-6603\" srcset=\"http:\/\/image-bible.ch\/wp-content\/uploads\/PentecoteAc2-45-Mosaique-byzantine-Monreale-1024x745.jpg 1024w, http:\/\/image-bible.ch\/wp-content\/uploads\/PentecoteAc2-45-Mosaique-byzantine-Monreale-300x218.jpg 300w, http:\/\/image-bible.ch\/wp-content\/uploads\/PentecoteAc2-45-Mosaique-byzantine-Monreale-768x558.jpg 768w, http:\/\/image-bible.ch\/wp-content\/uploads\/PentecoteAc2-45-Mosaique-byzantine-Monreale-1536x1117.jpg 1536w, http:\/\/image-bible.ch\/wp-content\/uploads\/PentecoteAc2-45-Mosaique-byzantine-Monreale-2048x1489.jpg 2048w\" sizes=\"(max-width: 750px) 100vw, 750px\" \/><\/a>\n\t\t\t<\/div>\n\t\t\t\t<figcaption class='wp-caption-text gallery-caption' id='gallery-1-6603'>\n\t\t\t\tMosa\u00efque byzantine, cath\u00e9drale de Monreale, Sicile, Italie\n\t\t\t\t<\/figcaption><\/figure>\n\t\t<\/div>\n\n","protected":false},"excerpt":{"rendered":"<p>G50.6 &#8211; Pentec\u00f4te \/ Ic\u00f4ne Ic\u00f4ne de la Pentec\u00f4te L\u2019ic\u00f4ne illustre moins l\u2019\u00e9v\u00e8nement qu\u2019elle ne symbolise l\u2019\u00c9glise v\u00e9ritablement fond\u00e9e \u00e0 Pentec\u00f4te par l\u2019envoi de l\u2019Esprit Saint sur l\u2019assembl\u00e9e des croyants, comme cela se renouvelle lors de chaque messe au moment<\/p>\n","protected":false},"author":1,"featured_media":0,"parent":0,"menu_order":0,"comment_status":"closed","ping_status":"closed","template":"","meta":{"footnotes":""},"_links":{"self":[{"href":"http:\/\/image-bible.ch\/index.php?rest_route=\/wp\/v2\/pages\/2765"}],"collection":[{"href":"http:\/\/image-bible.ch\/index.php?rest_route=\/wp\/v2\/pages"}],"about":[{"href":"http:\/\/image-bible.ch\/index.php?rest_route=\/wp\/v2\/types\/page"}],"author":[{"embeddable":true,"href":"http:\/\/image-bible.ch\/index.php?rest_route=\/wp\/v2\/users\/1"}],"replies":[{"embeddable":true,"href":"http:\/\/image-bible.ch\/index.php?rest_route=%2Fwp%2Fv2%2Fcomments&post=2765"}],"version-history":[{"count":6,"href":"http:\/\/image-bible.ch\/index.php?rest_route=\/wp\/v2\/pages\/2765\/revisions"}],"predecessor-version":[{"id":9473,"href":"http:\/\/image-bible.ch\/index.php?rest_route=\/wp\/v2\/pages\/2765\/revisions\/9473"}],"wp:attachment":[{"href":"http:\/\/image-bible.ch\/index.php?rest_route=%2Fwp%2Fv2%2Fmedia&parent=2765"}],"curies":[{"name":"wp","href":"https:\/\/api.w.org\/{rel}","templated":true}]}}

G50.6 / Icône

<p style="text-align: center;"><span style="font-family: 'comic sans ms', sans-serif; font-size: 14pt;">G50.6</span><span style="font-family: 'comic sans ms', sans-serif; font-size: 14pt;"> &#8211; Pentecôte / Icône</span></p>
<h3>Icône de la Pentecôte</h3>
<p><img loading="lazy" decoding="async" class="alignnone wp-image-6866" src="http://image-bible.ch/wp-content/uploads/12.-Pentecote-Bihin-2-cprr-238x300.jpg" alt="" width="613" height="772" /></p>
<p>L’icône illustre moins l’évènement qu’elle ne symbolise l’Église véritablement fondée à Pentecôte par l’envoi de l’Esprit Saint sur l’assemblée des croyants, comme cela se renouvelle lors de chaque messe au moment de l’épiclèse (appel de l’Esprit-Saint sur les offrandes et les fidèles). Les apôtres siègent en un demi-cercle autour d’une place vide au centre. Il s’agit de la place du Christ invisiblement présent et unique chef de l’Église. De part et d’autre on reconnaît l’apôtre Paul, absent historiquement le jour de la Pentecôte mais présent sur l’icône à titre d’évangélisateur des premières communautés chrétiennes aux côtés de l’apôtre Pierre. Figurent également le jeune Mathias, choisi en remplacement de Judas, et parfois, sur certaines icônes, la Mère de Dieu. A la partie inférieure le collège apostolique s’ouvre sur l’humanité et le monde entier symbolisé par le vieillard couronné, le Cosmos, tenant les 12 rouleaux de l’enseignement des apôtres en direction des 12 tribus d’Israël.</p>
<p>Les langues de feu se posent individuellement sur les apôtres réunis collégialement soulignant la dimension à la fois personnelle et collective de la grâce. Par sa descente l’Esprit saint venu du Père fonde l’Église comme corps du Christ, assemblée autour des apôtres choisis par le Christ lui-même. Comme les personnes de la Trinité les apôtres sont unis mais non confondus.</p>
<div id='gallery-1' class='gallery galleryid-2765 gallery-columns-2 gallery-size-large'><figure class='gallery-item'>
			<div class='gallery-icon portrait'>
				<a href='http://image-bible.ch/?attachment_id=8632'><img loading="lazy" decoding="async" width="705" height="1024" src="http://image-bible.ch/wp-content/uploads/12.-Pentecote-705x1024.jpg" class="attachment-large size-large" alt="" srcset="http://image-bible.ch/wp-content/uploads/12.-Pentecote-705x1024.jpg 705w, http://image-bible.ch/wp-content/uploads/12.-Pentecote-207x300.jpg 207w, http://image-bible.ch/wp-content/uploads/12.-Pentecote-768x1115.jpg 768w, http://image-bible.ch/wp-content/uploads/12.-Pentecote-1058x1536.jpg 1058w, http://image-bible.ch/wp-content/uploads/12.-Pentecote-1411x2048.jpg 1411w, http://image-bible.ch/wp-content/uploads/12.-Pentecote.jpg 1722w" sizes="(max-width: 705px) 100vw, 705px" /></a>
			</div></figure><figure class='gallery-item'>
			<div class='gallery-icon portrait'>
				<a href='http://image-bible.ch/?attachment_id=8612'><img loading="lazy" decoding="async" width="750" height="883" src="http://image-bible.ch/wp-content/uploads/4.18-Pentecote-Icone-centre-international-Marial-Nazareth-29-870x1024.jpg" class="attachment-large size-large" alt="" srcset="http://image-bible.ch/wp-content/uploads/4.18-Pentecote-Icone-centre-international-Marial-Nazareth-29-870x1024.jpg 870w, http://image-bible.ch/wp-content/uploads/4.18-Pentecote-Icone-centre-international-Marial-Nazareth-29-255x300.jpg 255w, http://image-bible.ch/wp-content/uploads/4.18-Pentecote-Icone-centre-international-Marial-Nazareth-29-768x904.jpg 768w, http://image-bible.ch/wp-content/uploads/4.18-Pentecote-Icone-centre-international-Marial-Nazareth-29-1305x1536.jpg 1305w, http://image-bible.ch/wp-content/uploads/4.18-Pentecote-Icone-centre-international-Marial-Nazareth-29-1740x2048.jpg 1740w" sizes="(max-width: 750px) 100vw, 750px" /></a>
			</div></figure><figure class='gallery-item'>
			<div class='gallery-icon landscape'>
				<a href='http://image-bible.ch/?attachment_id=8558'><img loading="lazy" decoding="async" width="750" height="422" src="http://image-bible.ch/wp-content/uploads/Pentecote-Bucarest-eglise-St-Jean-Chrisosthome-Iconostase-1024x576.jpg" class="attachment-large size-large" alt="" srcset="http://image-bible.ch/wp-content/uploads/Pentecote-Bucarest-eglise-St-Jean-Chrisosthome-Iconostase-1024x576.jpg 1024w, http://image-bible.ch/wp-content/uploads/Pentecote-Bucarest-eglise-St-Jean-Chrisosthome-Iconostase-300x169.jpg 300w, http://image-bible.ch/wp-content/uploads/Pentecote-Bucarest-eglise-St-Jean-Chrisosthome-Iconostase-768x432.jpg 768w, http://image-bible.ch/wp-content/uploads/Pentecote-Bucarest-eglise-St-Jean-Chrisosthome-Iconostase-1536x863.jpg 1536w, http://image-bible.ch/wp-content/uploads/Pentecote-Bucarest-eglise-St-Jean-Chrisosthome-Iconostase-2048x1151.jpg 2048w" sizes="(max-width: 750px) 100vw, 750px" /></a>
			</div></figure><figure class='gallery-item'>
			<div class='gallery-icon landscape'>
				<a href='http://image-bible.ch/?attachment_id=6603'><img loading="lazy" decoding="async" width="750" height="546" src="http://image-bible.ch/wp-content/uploads/PentecoteAc2-45-Mosaique-byzantine-Monreale-1024x745.jpg" class="attachment-large size-large" alt="" aria-describedby="gallery-1-6603" srcset="http://image-bible.ch/wp-content/uploads/PentecoteAc2-45-Mosaique-byzantine-Monreale-1024x745.jpg 1024w, http://image-bible.ch/wp-content/uploads/PentecoteAc2-45-Mosaique-byzantine-Monreale-300x218.jpg 300w, http://image-bible.ch/wp-content/uploads/PentecoteAc2-45-Mosaique-byzantine-Monreale-768x558.jpg 768w, http://image-bible.ch/wp-content/uploads/PentecoteAc2-45-Mosaique-byzantine-Monreale-1536x1117.jpg 1536w, http://image-bible.ch/wp-content/uploads/PentecoteAc2-45-Mosaique-byzantine-Monreale-2048x1489.jpg 2048w" sizes="(max-width: 750px) 100vw, 750px" /></a>
			</div>
				<figcaption class='wp-caption-text gallery-caption' id='gallery-1-6603'>
				Mosaïque byzantine, cathédrale de Monreale, Sicile, Italie
				</figcaption></figure>
		</div>

<p>G50.6 &#8211; Pentecôte / Icône Icône de la Pentecôte L’icône illustre moins l’évènement qu’elle ne symbolise l’Église véritablement fondée à Pentecôte par l’envoi de l’Esprit Saint sur l’assemblée des croyants, comme cela se renouvelle lors de chaque messe au moment</p>
