{"id":279,"date":"2021-03-02T16:43:04","date_gmt":"2021-03-02T15:43:04","guid":{"rendered":"http:\/\/image-bible.ch\/?page_id=279"},"modified":"2024-09-18T14:24:42","modified_gmt":"2024-09-18T12:24:42","slug":"21-kt-enfants","status":"publish","type":"page","link":"http:\/\/image-bible.ch\/?page_id=279","title":{"rendered":"A1.8 \/ KT enfants"},"content":{"rendered":"<p style=\"text-align: center;\"><span style=\"font-size: 14pt; font-family: 'comic sans ms', sans-serif;\">A1. L\u2019Annonciation \u00e0 Marie \/\u00a0 KT enfants<\/span><\/p>\n<p><strong>Un mot crois\u00e9<\/strong><\/p>\n<p><img loading=\"lazy\" decoding=\"async\" class=\"alignnone size-medium wp-image-5920\" src=\"http:\/\/image-bible.ch\/wp-content\/uploads\/2021\/09\/jouonsavecmarie5-300x212.jpg\" alt=\"\" width=\"300\" height=\"212\" srcset=\"http:\/\/image-bible.ch\/wp-content\/uploads\/2021\/09\/jouonsavecmarie5-300x212.jpg 300w, http:\/\/image-bible.ch\/wp-content\/uploads\/2021\/09\/jouonsavecmarie5-768x544.jpg 768w, http:\/\/image-bible.ch\/wp-content\/uploads\/2021\/09\/jouonsavecmarie5-rotated.jpg 774w\" sizes=\"(max-width: 300px) 100vw, 300px\" \/><\/p>\n<p>1- La maman de J\u00e9sus.<br \/>\n2- Le premier mot du Sh\u00e9ma Isra\u00ebl&#8230; C&rsquo;est aussi ce que fait Marie lorsque l&rsquo;ange parle.<br \/>\n3- On trouve celle de Dieu dans la bible&#8230; C&rsquo;est aussi un ensemble de mots port\u00e9 par la voix.<br \/>\n4- Marie re\u00e7oit le don de Dieu; elle l&rsquo;&#8212;&#8212;&#8211;. ( Sens voisin de \u00ab\u00a0elle le laisse entrer\u00a0\u00bb, \u00ab\u00a0elle lui donne l&rsquo;hospitalit\u00e9\u00a0\u00bb.)<br \/>\n5- Le don de Dieu.<br \/>\n6- Contraire de \u00ab\u00a0non\u00a0\u00bb.<br \/>\n7- Synonyme de confiance.<br \/>\n8- Marie en est une grande.<br \/>\n9- A la fin du r\u00e9cit de l&rsquo;Annonciation,Marie veut bien \u00eatre celle du Seigneur: la &#8212;&#8212;&#8212;-.<br \/>\n10- En accueillant le don de Dieu, Marie est chang\u00e9e; on dit aussi qu&rsquo;elle est &#8212;&#8212;&#8212;&#8211;.<br \/>\n11- Une qualit\u00e9 de Marie; elle est &#8212;&#8212;. (Synonymes: modeste, effac\u00e9e)<br \/>\n12- Une autre qualit\u00e9 de Marie. (Elle ne g\u00eane pas les autres. Elle est r\u00e9serv\u00e9e dans ses paroles, ses actions&#8230;)<br \/>\n13- Marie ne le comprend pas toujours mais elle va le suivre.<br \/>\n14- Marie est heureuse; elle d\u00e9couvre le &#8212;&#8212;-. (synonyme de b\u00e9atitude, de grand plaisir).<br \/>\n15- Joie en d\u00e9sordre.<br \/>\n16- Synonyme d&rsquo;existence&#8230; Marie marche vers une &#8212; plus riche, plus grande, plus \u00e9panouie.<\/p>\n<p><i>R\u00e9ponses:<\/i> Marie,\u00e9coute, parole, accueille, esprit, oui, foi, croyante,servante, transform\u00e9e, humble, discr\u00e8te, J\u00e9sus, bonheur, joie, vie.<\/p>\n<p><a href=\"http:\/\/www.idees-cate.com\/le_cate\/mariejeux.html\">R\u00e9f\u00e9rences<\/a><\/p>\n<p>Autres jeux &#8211; vid\u00e9os &#8211; animations : <a href=\"https:\/\/www.kt42.fr\/search?q=Annonciation\">Jeux &#8211; vid\u00e9os &#8211; animations<\/a><\/p>\n<p>La f\u00eate de l&rsquo;annonciation (25 mars) avec les enfants<\/p>\n<p><!-- \/wp:paragraph --><\/p>\n","protected":false},"excerpt":{"rendered":"<p>A1. L\u2019Annonciation \u00e0 Marie \/\u00a0 KT enfants Un mot crois\u00e9 1- La maman de J\u00e9sus. 2- Le premier mot du Sh\u00e9ma Isra\u00ebl&#8230; C&rsquo;est aussi ce que fait Marie lorsque l&rsquo;ange parle. 3- On trouve celle de Dieu dans la bible&#8230;<\/p>\n","protected":false},"author":1,"featured_media":0,"parent":21,"menu_order":8,"comment_status":"closed","ping_status":"closed","template":"","meta":{"footnotes":""},"_links":{"self":[{"href":"http:\/\/image-bible.ch\/index.php?rest_route=\/wp\/v2\/pages\/279"}],"collection":[{"href":"http:\/\/image-bible.ch\/index.php?rest_route=\/wp\/v2\/pages"}],"about":[{"href":"http:\/\/image-bible.ch\/index.php?rest_route=\/wp\/v2\/types\/page"}],"author":[{"embeddable":true,"href":"http:\/\/image-bible.ch\/index.php?rest_route=\/wp\/v2\/users\/1"}],"replies":[{"embeddable":true,"href":"http:\/\/image-bible.ch\/index.php?rest_route=%2Fwp%2Fv2%2Fcomments&post=279"}],"version-history":[{"count":16,"href":"http:\/\/image-bible.ch\/index.php?rest_route=\/wp\/v2\/pages\/279\/revisions"}],"predecessor-version":[{"id":8889,"href":"http:\/\/image-bible.ch\/index.php?rest_route=\/wp\/v2\/pages\/279\/revisions\/8889"}],"up":[{"embeddable":true,"href":"http:\/\/image-bible.ch\/index.php?rest_route=\/wp\/v2\/pages\/21"}],"wp:attachment":[{"href":"http:\/\/image-bible.ch\/index.php?rest_route=%2Fwp%2Fv2%2Fmedia&parent=279"}],"curies":[{"name":"wp","href":"https:\/\/api.w.org\/{rel}","templated":true}]}}