{"id":2826,"date":"2021-03-20T20:05:38","date_gmt":"2021-03-20T19:05:38","guid":{"rendered":"http:\/\/image-bible.ch\/?page_id=2826"},"modified":"2021-09-30T14:20:09","modified_gmt":"2021-09-30T12:20:09","slug":"g47-6-icone","status":"publish","type":"page","link":"http:\/\/image-bible.ch\/?page_id=2826","title":{"rendered":"G47.6 \/ Ic\u00f4ne"},"content":{"rendered":"<p style=\"text-align: center;\"><span style=\"font-family: 'comic sans ms', sans-serif; font-size: 14pt;\">G47.6<\/span><span style=\"font-family: 'comic sans ms', sans-serif; font-size: 14pt;\"> &#8211; Apparition au c\u00e9nacle devant la Vierge et les Ap\u00f4tres \/ Ic\u00f4ne<\/span><\/p>\n<p><a name=\"_Toc83891060\"><\/a>Ic\u00f4ne des disciples d\u2019Emma\u00fcs<\/p>\n<p>Vitrail les disciples d&rsquo;Emma\u00fcs, Yoki, Le Ch\u00e2telard (Suisse)<\/p>\n<p style=\"text-align: justify;\">Dans une ambiance de couleurs chaleureuses, Yoki pr\u00e9sente le Christ fractionnant le pain en pr\u00e9sence des deux disciples. Nous porterons notre attention sur les regards \u00e9merveill\u00e9s des disciples qui reconnaissent J\u00e9sus dans ce geste. Au fa\u00eete du vitrail, nous d\u00e9couvrons un poisson et trois pains, rappel du miracle de la multiplication des pains et des poissons, tandis que la partie inf\u00e9rieure de la verri\u00e8re \u00e9voque la P\u00e2que juive. Quant \u00e0 J\u00e9sus, en ressuscit\u00e9, il appartient d\u00e9j\u00e0 \u00e0 l\u2019autre monde et notre regard physique, comme bient\u00f4t celui des disciples, ne pourra plus l\u2019atteindre. Ainsi na\u00eet la marche de la foi qui, bien qu\u2019elle se pr\u00e9sente parfois \u00e0 nous comme un chemin de croix, demeure cependant une travers\u00e9e qui nous conduit vers la gloire. Et, au cours de cette marche, nous recevons trois grandes nourritures: la Parole, l\u2019Eucharistie et le T\u00e9moignage. C\u2019est une marche avec J\u00e9sus et le fameux \u00ab Reste avec nous \u00bb du disciple n\u2019est autre qu\u2019une parole d\u2019amour pour dire \u00e0 J\u00e9sus : \u00ab Je veux rester avec toi \u00bb.<\/p>\n<p>Pri\u00e8re<\/p>\n<p>&nbsp;<\/p>\n<p>&nbsp;<\/p>\n","protected":false},"excerpt":{"rendered":"<p>G47.6 &#8211; Apparition au c\u00e9nacle devant la Vierge et les Ap\u00f4tres \/ Ic\u00f4ne Ic\u00f4ne des disciples d\u2019Emma\u00fcs Vitrail les disciples d&rsquo;Emma\u00fcs, Yoki, Le Ch\u00e2telard (Suisse) Dans une ambiance de couleurs chaleureuses, Yoki pr\u00e9sente le Christ fractionnant le pain en pr\u00e9sence<\/p>\n","protected":false},"author":1,"featured_media":0,"parent":0,"menu_order":0,"comment_status":"closed","ping_status":"closed","template":"","meta":{"footnotes":""},"_links":{"self":[{"href":"http:\/\/image-bible.ch\/index.php?rest_route=\/wp\/v2\/pages\/2826"}],"collection":[{"href":"http:\/\/image-bible.ch\/index.php?rest_route=\/wp\/v2\/pages"}],"about":[{"href":"http:\/\/image-bible.ch\/index.php?rest_route=\/wp\/v2\/types\/page"}],"author":[{"embeddable":true,"href":"http:\/\/image-bible.ch\/index.php?rest_route=\/wp\/v2\/users\/1"}],"replies":[{"embeddable":true,"href":"http:\/\/image-bible.ch\/index.php?rest_route=%2Fwp%2Fv2%2Fcomments&post=2826"}],"version-history":[{"count":6,"href":"http:\/\/image-bible.ch\/index.php?rest_route=\/wp\/v2\/pages\/2826\/revisions"}],"predecessor-version":[{"id":6308,"href":"http:\/\/image-bible.ch\/index.php?rest_route=\/wp\/v2\/pages\/2826\/revisions\/6308"}],"wp:attachment":[{"href":"http:\/\/image-bible.ch\/index.php?rest_route=%2Fwp%2Fv2%2Fmedia&parent=2826"}],"curies":[{"name":"wp","href":"https:\/\/api.w.org\/{rel}","templated":true}]}}