{"id":2909,"date":"2021-03-21T08:04:56","date_gmt":"2021-03-21T07:04:56","guid":{"rendered":"http:\/\/image-bible.ch\/?page_id=2909"},"modified":"2024-11-08T19:01:41","modified_gmt":"2024-11-08T18:01:41","slug":"f28-6-icone","status":"publish","type":"page","link":"http:\/\/image-bible.ch\/?page_id=2909","title":{"rendered":"F28.6 \/ Ic\u00f4ne"},"content":{"rendered":"<p style=\"text-align: center;\"><span style=\"font-family: 'comic sans ms', sans-serif; font-size: 14pt;\">F28.6<\/span><span style=\"font-family: 'comic sans ms', sans-serif; font-size: 14pt;\"> &#8211; Entr\u00e9e de J\u00e9sus \u00e0 J\u00e9rusalem \/ Ic\u00f4ne<\/span><\/p>\n<div id='gallery-1' class='gallery galleryid-2909 gallery-columns-3 gallery-size-medium'><figure class='gallery-item'>\n\t\t\t<div class='gallery-icon landscape'>\n\t\t\t\t<a href='http:\/\/image-bible.ch\/?attachment_id=8571'><img loading=\"lazy\" decoding=\"async\" width=\"300\" height=\"296\" src=\"http:\/\/image-bible.ch\/wp-content\/uploads\/Voronet-Iconostase-9-Entree-a-Jerusalem-300x296.jpg\" class=\"attachment-medium size-medium\" alt=\"\" srcset=\"http:\/\/image-bible.ch\/wp-content\/uploads\/Voronet-Iconostase-9-Entree-a-Jerusalem-300x296.jpg 300w, http:\/\/image-bible.ch\/wp-content\/uploads\/Voronet-Iconostase-9-Entree-a-Jerusalem-1024x1011.jpg 1024w, http:\/\/image-bible.ch\/wp-content\/uploads\/Voronet-Iconostase-9-Entree-a-Jerusalem-768x758.jpg 768w, http:\/\/image-bible.ch\/wp-content\/uploads\/Voronet-Iconostase-9-Entree-a-Jerusalem-1536x1517.jpg 1536w, http:\/\/image-bible.ch\/wp-content\/uploads\/Voronet-Iconostase-9-Entree-a-Jerusalem-2048x2022.jpg 2048w\" sizes=\"(max-width: 300px) 100vw, 300px\" \/><\/a>\n\t\t\t<\/div><\/figure><figure class='gallery-item'>\n\t\t\t<div class='gallery-icon landscape'>\n\t\t\t\t<a href='http:\/\/image-bible.ch\/?attachment_id=8557'><img loading=\"lazy\" decoding=\"async\" width=\"300\" height=\"169\" src=\"http:\/\/image-bible.ch\/wp-content\/uploads\/Entree-a-Jerusalem-Bucarest-eglise-St-Jean-Chrisosthome-Iconostase-300x169.jpg\" class=\"attachment-medium size-medium\" alt=\"\" srcset=\"http:\/\/image-bible.ch\/wp-content\/uploads\/Entree-a-Jerusalem-Bucarest-eglise-St-Jean-Chrisosthome-Iconostase-300x169.jpg 300w, http:\/\/image-bible.ch\/wp-content\/uploads\/Entree-a-Jerusalem-Bucarest-eglise-St-Jean-Chrisosthome-Iconostase-1024x576.jpg 1024w, http:\/\/image-bible.ch\/wp-content\/uploads\/Entree-a-Jerusalem-Bucarest-eglise-St-Jean-Chrisosthome-Iconostase-768x432.jpg 768w, http:\/\/image-bible.ch\/wp-content\/uploads\/Entree-a-Jerusalem-Bucarest-eglise-St-Jean-Chrisosthome-Iconostase-1536x863.jpg 1536w, http:\/\/image-bible.ch\/wp-content\/uploads\/Entree-a-Jerusalem-Bucarest-eglise-St-Jean-Chrisosthome-Iconostase-2048x1151.jpg 2048w\" sizes=\"(max-width: 300px) 100vw, 300px\" \/><\/a>\n\t\t\t<\/div><\/figure><figure class='gallery-item'>\n\t\t\t<div class='gallery-icon landscape'>\n\t\t\t\t<a href='http:\/\/image-bible.ch\/?attachment_id=8556'><img loading=\"lazy\" decoding=\"async\" width=\"300\" height=\"200\" src=\"http:\/\/image-bible.ch\/wp-content\/uploads\/Entree-a-Jerusalem-Bucarest-eglise-St-Jean-Chrisosthome-Iconostase--300x200.jpg\" class=\"attachment-medium size-medium\" alt=\"\" srcset=\"http:\/\/image-bible.ch\/wp-content\/uploads\/Entree-a-Jerusalem-Bucarest-eglise-St-Jean-Chrisosthome-Iconostase--300x200.jpg 300w, http:\/\/image-bible.ch\/wp-content\/uploads\/Entree-a-Jerusalem-Bucarest-eglise-St-Jean-Chrisosthome-Iconostase--1024x682.jpg 1024w, http:\/\/image-bible.ch\/wp-content\/uploads\/Entree-a-Jerusalem-Bucarest-eglise-St-Jean-Chrisosthome-Iconostase--768x511.jpg 768w, http:\/\/image-bible.ch\/wp-content\/uploads\/Entree-a-Jerusalem-Bucarest-eglise-St-Jean-Chrisosthome-Iconostase--1536x1022.jpg 1536w, http:\/\/image-bible.ch\/wp-content\/uploads\/Entree-a-Jerusalem-Bucarest-eglise-St-Jean-Chrisosthome-Iconostase--2048x1363.jpg 2048w\" sizes=\"(max-width: 300px) 100vw, 300px\" \/><\/a>\n\t\t\t<\/div><\/figure>\n\t\t<\/div>\n\n<p class=\"Normallivre\">Dans cette ic\u00f4ne, une atmosph\u00e8re de f\u00eate ; la ville de J\u00e9rusalem, image de la J\u00e9rusalem c\u00e9leste, y est lumineuse, avec une dimension verticale tr\u00e8s marqu\u00e9e. Les habitants sont sortis accueillir le Christ avec des palmes, comme tout personnage important. L\u2019ic\u00f4ne se compose de trois grands axes\u00a0: <i>\u00e0 gauche<\/i> les disciples, <i>au centre<\/i> le Christ sur une \u00e2nesse, <i>\u00e0 droite<\/i> la ville de J\u00e9rusalem et le Temple avec ses habitants.<\/p>\n<p class=\"Normallivre\"><i>En arri\u00e8re-plan<\/i> les rochers du mont des oliviers et au centre l&rsquo;Arbre symbole du peuple qui accueille son roi en cueillant les palmes.<\/p>\n<p class=\"Normallivre\">Au centre, J\u00e9sus. Il monte un \u00e2ne blanc. L&rsquo;\u00e2ne est une monture humble : il dit l&rsquo;humilit\u00e9 de J\u00e9sus. L&rsquo;\u00e2ne est aussi un animal paisible : Le royaume que J\u00e9sus est venu annoncer est un Royaume de paix. L&rsquo;\u00e2ne est blanc, la couleur du triomphe. J\u00e9sus fait une entr\u00e9e humble mais triomphale \u00e0 J\u00e9rusalem. J\u00e9sus b\u00e9nit de sa main droite et porte le rouleau de l\u2019\u00c9criture dans sa main gauche<\/p>\n","protected":false},"excerpt":{"rendered":"<p>F28.6 &#8211; Entr\u00e9e de J\u00e9sus \u00e0 J\u00e9rusalem \/ Ic\u00f4ne Dans cette ic\u00f4ne, une atmosph\u00e8re de f\u00eate ; la ville de J\u00e9rusalem, image de la J\u00e9rusalem c\u00e9leste, y est lumineuse, avec une dimension verticale tr\u00e8s marqu\u00e9e. Les habitants sont sortis accueillir<\/p>\n","protected":false},"author":1,"featured_media":0,"parent":0,"menu_order":0,"comment_status":"closed","ping_status":"closed","template":"","meta":{"footnotes":""},"_links":{"self":[{"href":"http:\/\/image-bible.ch\/index.php?rest_route=\/wp\/v2\/pages\/2909"}],"collection":[{"href":"http:\/\/image-bible.ch\/index.php?rest_route=\/wp\/v2\/pages"}],"about":[{"href":"http:\/\/image-bible.ch\/index.php?rest_route=\/wp\/v2\/types\/page"}],"author":[{"embeddable":true,"href":"http:\/\/image-bible.ch\/index.php?rest_route=\/wp\/v2\/users\/1"}],"replies":[{"embeddable":true,"href":"http:\/\/image-bible.ch\/index.php?rest_route=%2Fwp%2Fv2%2Fcomments&post=2909"}],"version-history":[{"count":5,"href":"http:\/\/image-bible.ch\/index.php?rest_route=\/wp\/v2\/pages\/2909\/revisions"}],"predecessor-version":[{"id":9186,"href":"http:\/\/image-bible.ch\/index.php?rest_route=\/wp\/v2\/pages\/2909\/revisions\/9186"}],"wp:attachment":[{"href":"http:\/\/image-bible.ch\/index.php?rest_route=%2Fwp%2Fv2%2Fmedia&parent=2909"}],"curies":[{"name":"wp","href":"https:\/\/api.w.org\/{rel}","templated":true}]}}