{"id":2940,"date":"2021-03-21T08:19:59","date_gmt":"2021-03-21T07:19:59","guid":{"rendered":"http:\/\/image-bible.ch\/?page_id=2940"},"modified":"2021-09-21T18:51:52","modified_gmt":"2021-09-21T16:51:52","slug":"f30-1-la-bible-des-pauvres","status":"publish","type":"page","link":"http:\/\/image-bible.ch\/?page_id=2940","title":{"rendered":"F30.1 \/ La Bible des pauvres"},"content":{"rendered":"<p style=\"text-align: center;\"><span style=\"font-family: 'comic sans ms', sans-serif; font-size: 14pt;\">F30.1<\/span><span style=\"font-family: 'comic sans ms', sans-serif; font-size: 14pt;\"> &#8211; Lavement des pieds \/ La Bible des pauvres<\/span><\/p>\n<p><img loading=\"lazy\" decoding=\"async\" class=\"alignnone size-medium wp-image-5612\" src=\"http:\/\/image-bible.ch\/wp-content\/uploads\/2021\/05\/19.-Lavement-des-pieds-197x300.jpg\" alt=\"\" width=\"197\" height=\"300\" srcset=\"http:\/\/image-bible.ch\/wp-content\/uploads\/2021\/05\/19.-Lavement-des-pieds-197x300.jpg 197w, http:\/\/image-bible.ch\/wp-content\/uploads\/2021\/05\/19.-Lavement-des-pieds.jpg 623w\" sizes=\"(max-width: 197px) 100vw, 197px\" \/><\/p>\n<p><strong>Types :<\/strong> Abraham lave les pieds des trois visiteurs (anges) &#8211; Mo\u00efse prie pour le peuple d\u2019Isra\u00ebl<\/p>\n<p><strong>Antitype<\/strong> : J\u00e9sus lave les pieds de ses disciples<\/p>\n<p>Abraham, lave les pieds des trois visiteurs pr\u00e9figurant J\u00e9sus-Christ qui lave les pieds de ses disciples comme le dernier des serviteurs.<\/p>\n<p><i>Gn 18,1-4 Aux ch\u00eanes de Mambr\u00e9, le Seigneur apparut \u00e0 Abraham, qui \u00e9tait assis \u00e0 l\u2019entr\u00e9e de la tente\u2026 Il vit trois hommes qui se tenaient debout pr\u00e8s de lui. D\u00e8s qu\u2019il les vit, il courut \u00e0 leur rencontre depuis l\u2019entr\u00e9e de la tente et se prosterna jusqu\u2019\u00e0 terre. Il dit : \u00ab Mon seigneur, ne passe pas sans t\u2019arr\u00eater pr\u00e8s de ton serviteur. Permettez que l\u2019on vous apporte un peu d\u2019eau, vous vous laverez les pieds, et vous vous \u00e9tendrez sous cet arbre.<\/i><\/p>\n<p>&nbsp;<\/p>\n<p>Mo\u00efse interc\u00e8de aupr\u00e8s de Dieu pour le peuple pour apaiser la col\u00e8re de Dieu face au veau d\u2019or fabriqu\u00e9 par le peuple,\u00a0 pr\u00e9figuration du geste et de la pri\u00e8re de J\u00e9sus-Christ qui lave les pieds de ses ap\u00f4tres.<\/p>\n<p><i>Ex 32,1 ss (9-14)<\/i><\/p>\n<p><i>Le Seigneur dit encore \u00e0 Mo\u00efse\u00a0: \u00ab\u00a0Je vois que ce peuple est un peuple \u00e0 la nuque raide.<\/i><\/p>\n<p><i>Maintenant, laisse-moi faire\u00a0; ma col\u00e8re va s\u2019enflammer contre eux \u2026 \u00bb<\/i><\/p>\n<p><i>Mo\u00efse apaisa le visage du Seigneur son Dieu en disant\u00a0: \u00ab\u00a0Pourquoi, Seigneur, ta col\u00e8re s\u2019enflammerait-elle contre ton peuple, que tu as fait sortir du pays d\u2019\u00c9gypte par ta grande force et ta main puissante\u00a0? \u2026 Reviens de l\u2019ardeur de ta col\u00e8re, renonce au mal que tu veux faire \u00e0 ton peuple. Souviens-toi de tes serviteurs, Abraham, Isaac \u2026 \u00bb<\/i><\/p>\n<p><i>Le Seigneur renon\u00e7a au mal qu\u2019il avait voulu faire \u00e0 son peuple.<\/i><\/p>\n<p>&nbsp;<\/p>\n<p><i><strong>Mo\u00efse<\/strong> (Ps 57,11) : Joie pour le juste de voir la vengeance, de laver ses pieds dans le sang de l&rsquo;impie !<\/i><\/p>\n<p><i><strong>Jesus\u00a0 (Ben ) sirach<\/strong> :\u00a0 Sir : <\/i><i>(Job 29,6) Quand je lavais mes pieds dans le lait !<\/i><\/p>\n<p><i><strong>Jesus\u00a0 (Ben ) sirach<\/strong> :\u00a0 Sir ( Esther8.,3 )De nouveau, Esther vint parler au roi Assu\u00e9rus. Elle tomba \u00e0 ses pieds, en pleurant, et elle le supplia d\u2019\u00e9carter le malheur pr\u00e9par\u00e9 par Amane, et tous les affreux projets qu\u2019il avait form\u00e9s contre les Juifs.)<\/i><\/p>\n<p><i><strong>Ez\u00e9chiel<\/strong> : Ez\u00a0 \u00a034,19 : Ainsi mes brebis doivent pa\u00eetre dans ce que vos pieds ont foul\u00e9, et boire l\u2019eau que vos pieds ont troubl\u00e9e.<\/i><i><\/i><i><\/i><\/p>\n","protected":false},"excerpt":{"rendered":"<p>F30.1 &#8211; Lavement des pieds \/ La Bible des pauvres Types : Abraham lave les pieds des trois visiteurs (anges) &#8211; Mo\u00efse prie pour le peuple d\u2019Isra\u00ebl Antitype : J\u00e9sus lave les pieds de ses disciples Abraham, lave les pieds<\/p>\n","protected":false},"author":1,"featured_media":0,"parent":0,"menu_order":0,"comment_status":"closed","ping_status":"closed","template":"","meta":{"footnotes":""},"_links":{"self":[{"href":"http:\/\/image-bible.ch\/index.php?rest_route=\/wp\/v2\/pages\/2940"}],"collection":[{"href":"http:\/\/image-bible.ch\/index.php?rest_route=\/wp\/v2\/pages"}],"about":[{"href":"http:\/\/image-bible.ch\/index.php?rest_route=\/wp\/v2\/types\/page"}],"author":[{"embeddable":true,"href":"http:\/\/image-bible.ch\/index.php?rest_route=\/wp\/v2\/users\/1"}],"replies":[{"embeddable":true,"href":"http:\/\/image-bible.ch\/index.php?rest_route=%2Fwp%2Fv2%2Fcomments&post=2940"}],"version-history":[{"count":6,"href":"http:\/\/image-bible.ch\/index.php?rest_route=\/wp\/v2\/pages\/2940\/revisions"}],"predecessor-version":[{"id":6248,"href":"http:\/\/image-bible.ch\/index.php?rest_route=\/wp\/v2\/pages\/2940\/revisions\/6248"}],"wp:attachment":[{"href":"http:\/\/image-bible.ch\/index.php?rest_route=%2Fwp%2Fv2%2Fmedia&parent=2940"}],"curies":[{"name":"wp","href":"https:\/\/api.w.org\/{rel}","templated":true}]}}