{"id":2961,"date":"2021-03-21T08:27:43","date_gmt":"2021-03-21T07:27:43","guid":{"rendered":"http:\/\/image-bible.ch\/?page_id=2961"},"modified":"2021-09-21T18:54:48","modified_gmt":"2021-09-21T16:54:48","slug":"f31-1-la-bible-des-pauvres","status":"publish","type":"page","link":"http:\/\/image-bible.ch\/?page_id=2961","title":{"rendered":"F31.1 \/ La Bible des pauvres"},"content":{"rendered":"<p style=\"text-align: center;\"><span style=\"font-family: 'comic sans ms', sans-serif; font-size: 14pt;\">F31.1<\/span><span style=\"font-family: 'comic sans ms', sans-serif; font-size: 14pt;\"> &#8211; Agonie du Christ \u00e0 Geths\u00e9mani \/ La Bible des pauvres<\/span><\/p>\n<p><img loading=\"lazy\" decoding=\"async\" class=\"alignnone size-medium wp-image-5623\" src=\"http:\/\/image-bible.ch\/wp-content\/uploads\/2021\/05\/20.-Agonie-de-Jesus-194x300.jpg\" alt=\"\" width=\"194\" height=\"300\" srcset=\"http:\/\/image-bible.ch\/wp-content\/uploads\/2021\/05\/20.-Agonie-de-Jesus-194x300.jpg 194w, http:\/\/image-bible.ch\/wp-content\/uploads\/2021\/05\/20.-Agonie-de-Jesus.jpg 633w\" sizes=\"(max-width: 194px) 100vw, 194px\" \/><\/p>\n<p><strong>Types :<\/strong> Suzanne prie pour le peuple Dn 13 &#8211; la pri\u00e8re de Ezechias Es 37<\/p>\n<p><strong>Antitype :<\/strong> J\u00e9sus dans le jardin des Geths\u00e9mani<\/p>\n<p><strong>Suzanne prie pour le peuple Dn 13<\/strong><\/p>\n<p>Alors Suzanne cria d\u2019une voix forte\u00a0: \u00ab\u00a0Dieu \u00e9ternel, toi qui p\u00e9n\u00e8tres les secrets, toi qui connais toutes choses avant qu\u2019elles n\u2019arrivent, tu sais qu\u2019ils ont port\u00e9 contre moi un faux t\u00e9moignage. Voici que je vais mourir, sans avoir rien fait de tout ce que leur m\u00e9chancet\u00e9 a imagin\u00e9 contre moi.\u00a0\u00bb<\/p>\n<p>Le Seigneur entendit sa voix. Comme on la conduisait \u00e0 la mort, Dieu \u00e9veilla l\u2019esprit de saintet\u00e9 chez un tout jeune gar\u00e7on nomm\u00e9 Daniel, qui se mit \u00e0 crier d\u2019une voix forte\u00a0: \u00ab\u00a0Je suis innocent de la mort de cette femme\u00a0!\u00a0\u00bb<\/p>\n<p>Alors, debout au milieu du peuple, il leur dit\u00a0: \u00ab\u00a0Fils d\u2019Isra\u00ebl, vous \u00eates donc fous\u00a0? Sans interrogatoire, \u2026 condamn\u00e9 une fille d\u2019Isra\u00ebl. Revenez au tribunal, car ces gens-l\u00e0 ont port\u00e9 contre elle un faux t\u00e9moignage.\u00a0\u00bb \u2026 Et Daniel leur dit\u00a0: \u00ab\u00a0S\u00e9parez-les bien l\u2019un de l\u2019autre, je vais les interroger.\u00a0\u00bb<\/p>\n<p>Quand on les eut s\u00e9par\u00e9s, Daniel appela le premier et lui dit\u00a0: \u00ab\u00a0\u2026 Eh bien\u00a0! si r\u00e9ellement tu as vu cette femme, dis-nous sous quel arbre tu les as vus se donner l\u2019un \u00e0 l\u2019autre\u00a0?\u00a0\u00bb Il r\u00e9pondit\u00a0: \u00ab\u00a0Sous un sycomore.\u00a0\u00bb\u2026 Daniel &#8230;, fit amener l\u2019autre et lui dit\u00a0: \u00ab\u00a0\u2026 Dis-moi donc sous quel arbre tu les as vus se donner l\u2019un \u00e0 l\u2019autre\u00a0?\u00a0\u00bb Il r\u00e9pondit\u00a0: \u00ab\u00a0Sous un ch\u00e2taignier.\u00a0\u00bb<\/p>\n<p><i><strong>La pri\u00e8re de Ezechias<\/strong>\u00a0 Es 37, 9\u202620<\/i><\/p>\n<p>Le\u00a0roi d\u2019Assour envoya des messagers dire \u00e0 \u00c9z\u00e9kias roi d\u2019Isar\u00ebl\u00a0: \u00ab\u00a0Ne te laisse pas tromper par ton Dieu, en qui tu mets ta confiance, et ne dis pas\u00a0: \u201cJ\u00e9rusalem ne sera pas livr\u00e9e aux mains du roi d\u2019Assour\u00a0!\u201d \u2026 \u00bb<\/p>\n<p>\u00c9z\u00e9kias prit la lettre de la main des messagers\u00a0; il la lut. Puis il monta \u00e0 la Maison du Seigneur, d\u00e9plia la lettre devant le Seigneur, et le pria en disant\u00a0: \u00ab\u00a0Seigneur de l\u2019univers, Dieu d\u2019Isra\u00ebl, toi qui si\u00e8ges sur les K\u00e9roubim, tu es le seul Dieu de tous les royaumes de la terre, c\u2019est toi qui as fait le ciel et la terre. Pr\u00eate l\u2019oreille, Seigneur, et entends, ouvre les yeux, Seigneur, et vois\u00a0! \u00c9coute le message envoy\u00e9 par Sennak\u00e9rib pour insulter le Dieu vivant. \u2026 Seigneur notre Dieu, sauve-nous de la main de Sennak\u00e9rib, et tous les royaumes de la terre sauront que tu es Seigneur, toi le seul\u00a0!\u00a0\u00bb<\/p>\n<p><strong>David :<\/strong> <em>(Ps 87,3) : que ma pri\u00e8re parvienne jusqu&rsquo;\u00e0 toi, ouvre l&rsquo;oreille \u00e0 ma plainte.<\/em><\/p>\n<p><strong>Os\u00e9e :<\/strong>\u00a0<em> (Is 38,5) : \u00a0\u00bb Va dire \u00e0 \u00c9z\u00e9kias : Ainsi parle le Seigneur, Dieu de David ton anc\u00eatre : J\u2019ai entendu ta pri\u00e8re, j\u2019ai vu tes larmes. Je vais ajouter quinze ann\u00e9es \u00e0 ta vie.\u00a0\u00bb<\/em><\/p>\n<p><strong>Job :<\/strong> <em>Jb 16,17 : Pourtant, nulle violence en mes mains et ma pri\u00e8re est pure\u00a0!<\/em><\/p>\n<p><strong>Ben Sirach :<\/strong><em> Sg 35,16 : Il ne d\u00e9favorise pas le pauvre, il \u00e9coute la pri\u00e8re de l\u2019opprim\u00e9.<\/em><\/p>\n","protected":false},"excerpt":{"rendered":"<p>F31.1 &#8211; Agonie du Christ \u00e0 Geths\u00e9mani \/ La Bible des pauvres Types : Suzanne prie pour le peuple Dn 13 &#8211; la pri\u00e8re de Ezechias Es 37 Antitype : J\u00e9sus dans le jardin des Geths\u00e9mani Suzanne prie pour le<\/p>\n","protected":false},"author":1,"featured_media":0,"parent":0,"menu_order":0,"comment_status":"closed","ping_status":"closed","template":"","meta":{"footnotes":""},"_links":{"self":[{"href":"http:\/\/image-bible.ch\/index.php?rest_route=\/wp\/v2\/pages\/2961"}],"collection":[{"href":"http:\/\/image-bible.ch\/index.php?rest_route=\/wp\/v2\/pages"}],"about":[{"href":"http:\/\/image-bible.ch\/index.php?rest_route=\/wp\/v2\/types\/page"}],"author":[{"embeddable":true,"href":"http:\/\/image-bible.ch\/index.php?rest_route=\/wp\/v2\/users\/1"}],"replies":[{"embeddable":true,"href":"http:\/\/image-bible.ch\/index.php?rest_route=%2Fwp%2Fv2%2Fcomments&post=2961"}],"version-history":[{"count":6,"href":"http:\/\/image-bible.ch\/index.php?rest_route=\/wp\/v2\/pages\/2961\/revisions"}],"predecessor-version":[{"id":6249,"href":"http:\/\/image-bible.ch\/index.php?rest_route=\/wp\/v2\/pages\/2961\/revisions\/6249"}],"wp:attachment":[{"href":"http:\/\/image-bible.ch\/index.php?rest_route=%2Fwp%2Fv2%2Fmedia&parent=2961"}],"curies":[{"name":"wp","href":"https:\/\/api.w.org\/{rel}","templated":true}]}}