{"id":2987,"date":"2021-03-21T08:35:34","date_gmt":"2021-03-21T07:35:34","guid":{"rendered":"http:\/\/image-bible.ch\/?page_id=2987"},"modified":"2024-11-09T14:36:31","modified_gmt":"2024-11-09T13:36:31","slug":"f32-4-bible-a-t","status":"publish","type":"page","link":"http:\/\/image-bible.ch\/?page_id=2987","title":{"rendered":"F32.4 \/ Bible A-T"},"content":{"rendered":"<p style=\"text-align: center;\"><span style=\"font-family: 'comic sans ms', sans-serif; font-size: 14pt;\">F32.4<\/span><span style=\"font-family: 'comic sans ms', sans-serif; font-size: 14pt;\"> &#8211; Juda vend J\u00e9sus \/ Bible Ancien-Testament<\/span><\/p>\n<h3><strong>Les fr\u00e8res de Joseph envoie un serviteur avec la robe \u00e0 leur p\u00e8re Jacob<br \/>\n<\/strong><\/h3>\n<p><img loading=\"lazy\" decoding=\"async\" class=\"alignnone size-medium wp-image-5624\" src=\"http:\/\/image-bible.ch\/wp-content\/uploads\/2021\/05\/21.-Judas-vend-Jesus-A-Les-freres-de-Joseph-envoie-un-serviteur-avec-la-robe-a-leur-pere-Jacob-211x300.jpg\" alt=\"\" width=\"211\" height=\"300\" srcset=\"http:\/\/image-bible.ch\/wp-content\/uploads\/2021\/05\/21.-Judas-vend-Jesus-A-Les-freres-de-Joseph-envoie-un-serviteur-avec-la-robe-a-leur-pere-Jacob-211x300.jpg 211w, http:\/\/image-bible.ch\/wp-content\/uploads\/2021\/05\/21.-Judas-vend-Jesus-A-Les-freres-de-Joseph-envoie-un-serviteur-avec-la-robe-a-leur-pere-Jacob.jpg 331w\" sizes=\"(max-width: 211px) 100vw, 211px\" \/><\/p>\n<p><i>Gn 37,31-34 : <\/i><\/p>\n<p><sup>31<\/sup> Ils prirent la tunique de Joseph et, ayant \u00e9gorg\u00e9 un bouc, ils tremp\u00e8rent la tunique dans le sang. <sup>32<\/sup> Ils envoy\u00e8rent la tunique orn\u00e9e, il la firent porter \u00e0 leur p\u00e8re avec ces mots : Voil\u00e0 ce que nous avons trouv\u00e9 ! <strong>Regarde si ce ne serait pas la tunique de ton fils<\/strong>. <sup>33<\/sup> Celui-ci regarda et dit : C&rsquo;est la tunique de mon fils ! Une b\u00eate f\u00e9roce l&rsquo;a d\u00e9vor\u00e9. Joseph a \u00e9t\u00e9 mis en pi\u00e8ces ! <sup>34 <\/sup>Jacob d\u00e9chira son v\u00eatement, il mit un sac sur ses reins et fit le deuil de son fils pendant longtemps.<\/p>\n<p><strong><span style=\"color: #993300;\">Vocabulaire :<\/span><\/strong><\/p>\n<p>&nbsp;<\/p>\n<p><strong><span style=\"color: #0000ff;\">Questions :<\/span><\/strong><\/p>\n<p>&nbsp;<\/p>\n<p><strong>Commentaire :<\/strong><\/p>\n<p>Dans ce passage, les fr\u00e8res de Joseph, jaloux de lui et de la faveur que leur p\u00e8re Jacob lui accorde, ont d\u00e9cid\u00e9 de se d\u00e9barrasser de lui. Apr\u00e8s l&rsquo;avoir vendu \u00e0 des marchands en route vers l&rsquo;\u00c9gypte, ils complotent pour dissimuler leur acte. Plonger la tunique dans le sang d&rsquo;un animal pour faire croire \u00e0 sa mort t\u00e9moigne de leur intention de tromper leur p\u00e8re et de se lib\u00e9rer de la culpabilit\u00e9.<\/p>\n<p>Voici quelques \u00e9l\u00e9ments cl\u00e9s de ce passage :<\/p>\n<ol>\n<li><strong>La jalousie et les cons\u00e9quences de la haine<\/strong><br \/>\nCe passage illustre comment la jalousie, lorsqu&rsquo;elle n&rsquo;est pas contr\u00f4l\u00e9e, peut conduire \u00e0 des actes de violence et de tromperie. Les fr\u00e8res de Joseph n\u2019ont pas seulement ressenti de l\u2019animosit\u00e9 envers lui, mais ont aussi agi pour l&rsquo;\u00e9liminer. Cette jalousie les pousse jusqu&rsquo;\u00e0 blesser \u00e9motionnellement leur p\u00e8re, Jacob.<\/li>\n<li><strong>La symbolique de la tunique ensanglant\u00e9e<\/strong><br \/>\nLa tunique de Joseph \u00e9tait un symbole d&rsquo;amour et de faveur de la part de Jacob. En la trempant dans le sang, les fr\u00e8res font dispara\u00eetre ce symbole, comme s&rsquo;ils voulaient effacer la pr\u00e9f\u00e9rence que leur p\u00e8re lui accordait. La tunique ensanglant\u00e9e devient aussi un faux t\u00e9moin, une preuve mensong\u00e8re qui trompe Jacob en lui faisant croire \u00e0 la mort de son fils.<\/li>\n<li><strong>Le deuil de Jacob<\/strong><br \/>\nEn voyant la tunique, Jacob est d\u00e9vast\u00e9 et se livre \u00e0 un deuil profond et d\u00e9sesp\u00e9r\u00e9. La peine de Jacob refl\u00e8te l&rsquo;amour paternel profond pour Joseph et rappelle combien une telle trahison peut causer une souffrance immense. Pour Jacob, cette perte est irr\u00e9parable et l&rsquo;entra\u00eene dans un chagrin intense.<\/li>\n<li><strong>La th\u00e9matique du mensonge et de la r\u00e9conciliation \u00e0 venir<\/strong><br \/>\nCe mensonge des fr\u00e8res, bien que cruel, sera plus tard source de r\u00e9demption et de r\u00e9conciliation. Joseph, vendu en \u00c9gypte, deviendra un instrument de salut pour sa famille. Ce passage pr\u00e9pare ainsi le terrain pour la r\u00e9conciliation future, o\u00f9 Joseph, malgr\u00e9 la trahison de ses fr\u00e8res, se montrera capable de pardon.<\/li>\n<\/ol>\n<p>Ce passage de Gen\u00e8se 37, 31-34 est donc un puissant rappel des effets destructeurs de la jalousie et de la tromperie, mais aussi de l&rsquo;esp\u00e9rance qui peut na\u00eetre de la r\u00e9conciliation et du pardon. La suite de l&rsquo;histoire de Joseph montre comment Dieu peut transformer m\u00eame les actions les plus sombres pour accomplir son plan de salut.<\/p>\n<h3><strong>Absalon conspire contre David<\/strong><\/h3>\n<p><img loading=\"lazy\" decoding=\"async\" class=\"alignnone size-medium wp-image-5625\" src=\"http:\/\/image-bible.ch\/wp-content\/uploads\/2021\/05\/21.-Judas-vend-Jesus-B-Absalon-conspire-contre-David-185x300.jpg\" alt=\"\" width=\"185\" height=\"300\" srcset=\"http:\/\/image-bible.ch\/wp-content\/uploads\/2021\/05\/21.-Judas-vend-Jesus-B-Absalon-conspire-contre-David-185x300.jpg 185w, http:\/\/image-bible.ch\/wp-content\/uploads\/2021\/05\/21.-Judas-vend-Jesus-B-Absalon-conspire-contre-David.jpg 287w\" sizes=\"(max-width: 185px) 100vw, 185px\" \/><\/p>\n<p><em>2Sm 15,1-6 :<\/em><\/p>\n<p><sup>1<\/sup> Voici ce qui arriva par la suite. Absalom se fit pr\u00e9parer un char, des chevaux, ainsi que cinquante hommes pour courir devant lui.<br \/>\n<sup>2<\/sup> T\u00f4t lev\u00e9, il se postait au bord du chemin qui m\u00e8ne \u00e0 la porte de la ville. Chaque fois qu\u2019un homme ayant un proc\u00e8s se rendait aupr\u00e8s du roi pour obtenir un jugement, Absalom l\u2019interpellait en disant\u00a0: \u00ab\u00a0De quelle ville es-tu\u00a0?\u00a0\u00bb Et l\u2019autre r\u00e9pondait\u00a0: \u00ab\u00a0Ton serviteur est de telle tribu d\u2019Isra\u00ebl.\u00a0\u00bb<br \/>\n<sup>3 <\/sup>Alors Absalom lui disait\u00a0: \u00ab\u00a0Vois\u00a0! Ta cause est bonne et l\u00e9gitime, mais il n\u2019y aura personne de chez le roi pour t\u2019\u00e9couter.\u00a0\u00bb<br \/>\n<sup>4<\/sup> Il disait encore\u00a0: \u00ab\u00a0Ah, si l\u2019on m\u2019\u00e9tablissait juge sur le pays\u00a0! C\u2019est \u00e0 moi que viendraient tous ceux qui ont un proc\u00e8s en attente de jugement, et je leur rendrais justice\u00a0!\u00a0\u00bb<br \/>\n<sup>5<\/sup> Et si l\u2019homme s\u2019approchait pour se prosterner devant lui, il lui tendait la main, le saisissait et l\u2019embrassait.<br \/>\n<sup>6 <\/sup>Absalom agissait de la sorte envers tous ceux qui, en Isra\u00ebl, venaient aupr\u00e8s du roi pour obtenir un jugement. C\u2019est ainsi qu\u2019il ravissait le c\u0153ur des gens d\u2019Isra\u00ebl.<\/p>\n<p><span style=\"color: #993300;\"><strong>Vocabulaire :<\/strong><\/span><\/p>\n<p>&nbsp;<\/p>\n<p><span style=\"color: #0000ff;\"><strong>Questions :<\/strong><\/span><\/p>\n<p>&nbsp;<\/p>\n<p><strong>Commentaire :<\/strong><\/p>\n<p>Le passage de 2 Samuel 15, 1-6 relate comment Absalom, le fils de David, commence \u00e0 conspirer pour prendre le pouvoir et se faire accepter par le peuple comme un meilleur roi que son propre p\u00e8re.<\/p>\n<p>Voici les points cl\u00e9s de ce passage :<\/p>\n<ol>\n<li><strong>L\u2019ambition d\u2019Absalom et la manipulation du peuple<\/strong><br \/>\nAbsalom est un homme ambitieux, d\u00e9termin\u00e9 \u00e0 gagner le pouvoir par tous les moyens. Il se met en sc\u00e8ne avec un char, des chevaux et une escorte, ce qui montre son d\u00e9sir de se pr\u00e9senter comme un personnage important et influent. En se postant \u00e0 l\u2019entr\u00e9e de la ville pour rencontrer ceux qui viennent voir le roi, il prend l\u2019initiative de se poser en alternative \u00e0 son p\u00e8re. Par ses paroles et son attitude, il manipule les gens, leur faisant croire que le roi est inaccessible et indiff\u00e9rent \u00e0 leurs pr\u00e9occupations.<\/li>\n<li><strong>La critique indirecte de la justice de David<\/strong><br \/>\nAbsalom insinue que les gens ne peuvent pas obtenir justice aupr\u00e8s du roi, insinuant que David est soit absent, soit incomp\u00e9tent, et qu\u2019il faudrait quelqu\u2019un de plus accessible et proche du peuple. Absalom se pr\u00e9sente comme une figure empathique, disant qu&rsquo;il rendrait justice \u00e0 tous. Ce comportement critique indirectement la capacit\u00e9 de David \u00e0 gouverner, tout en s\u00e9duisant le peuple.<\/li>\n<li><strong>Les m\u00e9thodes de s\u00e9duction d\u2019Absalom<\/strong><br \/>\nAbsalom utilise des gestes d\u2019affection et de proximit\u00e9 (il tend la main, embrasse, salue ceux qui viennent \u00e0 lui) pour gagner le c\u0153ur du peuple. Ce comportement, tr\u00e8s calcul\u00e9, vise \u00e0 attirer la sympathie et \u00e0 cr\u00e9er une fausse image de bienveillance et d\u2019accessibilit\u00e9. Il manipule les sentiments des gens pour les rallier \u00e0 sa cause, exploitant leur besoin de justice et leur d\u00e9sir d\u2019\u00eatre entendus.<\/li>\n<li><strong>Les dangers de la division et de la d\u00e9loyaut\u00e9<\/strong><br \/>\nEn agissant ainsi, Absalom s\u00e8me les graines de la division au sein du royaume. Son comportement montre l&rsquo;impact destructeur de la trahison au sein m\u00eame de la famille royale. En \u00e9loignant les gens de David et en attirant leur loyaut\u00e9 \u00e0 lui, Absalom pr\u00e9pare une scission dans le royaume et entra\u00eene Isra\u00ebl vers la guerre civile.<\/li>\n<\/ol>\n<p>Ce passage met donc en lumi\u00e8re les cons\u00e9quences de l\u2019ambition d\u00e9mesur\u00e9e et de la manipulation, tout en illustrant les dangers de la division et de la trahison. Absalom utilise la ruse pour s\u00e9duire et diviser, contrastant avec l\u2019id\u00e9al du roi juste et fid\u00e8le \u00e0 son peuple. Il nous invite \u00e0 r\u00e9fl\u00e9chir aux valeurs de loyaut\u00e9, de sinc\u00e9rit\u00e9 et de justice, essentielles pour construire une communaut\u00e9 unie et forte.<\/p>\n<p>&nbsp;<\/p>\n<p><img loading=\"lazy\" decoding=\"async\" class=\"alignnone wp-image-5627\" src=\"http:\/\/image-bible.ch\/wp-content\/uploads\/2021\/05\/21.-Judas-vend-Jesus-D-300x239.jpg\" alt=\"\" width=\"400\" height=\"319\" srcset=\"http:\/\/image-bible.ch\/wp-content\/uploads\/2021\/05\/21.-Judas-vend-Jesus-D-300x239.jpg 300w, http:\/\/image-bible.ch\/wp-content\/uploads\/2021\/05\/21.-Judas-vend-Jesus-D.jpg 621w\" sizes=\"(max-width: 400px) 100vw, 400px\" \/><\/p>\n<p><strong>David <\/strong><strong>:<\/strong><i> (Ps 30,14) : J&rsquo;entends les calomnies de la foule : de tous c\u00f4t\u00e9s c&rsquo;est l&rsquo;\u00e9pouvante. * Ils ont tenu conseil contre moi, ils s&rsquo;accordent pour m&rsquo;\u00f4ter la vie<br \/>\n<\/i><\/p>\n<p><strong>Nahum : <\/strong><i>Na 1,9 : Quelle id\u00e9e vous faites-vous du Seigneur ? C\u2019est lui qui r\u00e9duit \u00e0 n\u00e9ant Ninive ; vous ne conna\u00eetrez pas une nouvelle d\u00e9tresse.<br \/>\n<\/i><\/p>\n<p><strong>Salomon :<\/strong><i> (Pr 21,30) : Point de sagesse, point de raison, point de projet qui tienne en face du Seigneur !<br \/>\n<\/i><\/p>\n<p><strong>Jacob :<\/strong><i> (Gn 49,6) : Que je ne participe pas \u00e0 leur conseil, que je ne rejoigne pas leur assembl\u00e9e ! Car, dans leur col\u00e8re, ils ont massacr\u00e9 des hommes, dans leur fr\u00e9n\u00e9sie, ils ont mutil\u00e9 des taureaux.<br \/>\n<\/i><\/p>\n","protected":false},"excerpt":{"rendered":"<p>F32.4 &#8211; Juda vend J\u00e9sus \/ Bible Ancien-Testament Les fr\u00e8res de Joseph envoie un serviteur avec la robe \u00e0 leur p\u00e8re Jacob Gn 37,31-34 : 31 Ils prirent la tunique de Joseph et, ayant \u00e9gorg\u00e9 un bouc, ils tremp\u00e8rent la<\/p>\n","protected":false},"author":1,"featured_media":0,"parent":0,"menu_order":0,"comment_status":"closed","ping_status":"closed","template":"","meta":{"footnotes":""},"_links":{"self":[{"href":"http:\/\/image-bible.ch\/index.php?rest_route=\/wp\/v2\/pages\/2987"}],"collection":[{"href":"http:\/\/image-bible.ch\/index.php?rest_route=\/wp\/v2\/pages"}],"about":[{"href":"http:\/\/image-bible.ch\/index.php?rest_route=\/wp\/v2\/types\/page"}],"author":[{"embeddable":true,"href":"http:\/\/image-bible.ch\/index.php?rest_route=\/wp\/v2\/users\/1"}],"replies":[{"embeddable":true,"href":"http:\/\/image-bible.ch\/index.php?rest_route=%2Fwp%2Fv2%2Fcomments&post=2987"}],"version-history":[{"count":7,"href":"http:\/\/image-bible.ch\/index.php?rest_route=\/wp\/v2\/pages\/2987\/revisions"}],"predecessor-version":[{"id":9224,"href":"http:\/\/image-bible.ch\/index.php?rest_route=\/wp\/v2\/pages\/2987\/revisions\/9224"}],"wp:attachment":[{"href":"http:\/\/image-bible.ch\/index.php?rest_route=%2Fwp%2Fv2%2Fmedia&parent=2987"}],"curies":[{"name":"wp","href":"https:\/\/api.w.org\/{rel}","templated":true}]}}