{"id":435,"date":"2021-03-03T15:47:06","date_gmt":"2021-03-03T14:47:06","guid":{"rendered":"http:\/\/image-bible.ch\/?page_id=435"},"modified":"2021-09-21T17:09:46","modified_gmt":"2021-09-21T15:09:46","slug":"a3-4-ancien-testament","status":"publish","type":"page","link":"http:\/\/image-bible.ch\/?page_id=435","title":{"rendered":"A3.4 \/ Ancien-Testament"},"content":{"rendered":"\r\n<p style=\"text-align: center;\"><span style=\"font-size: 14pt; font-family: 'comic sans ms', sans-serif;\">A3. La circoncision \/\u00a0 Ancien-Testament<\/span><\/p>\r\n\r\n\r\n\r\n<h3><b>Circoncision d\u2019Isaac fils d\u2019Abraham :<\/b><\/h3>\r\n<p><img loading=\"lazy\" decoding=\"async\" class=\"alignnone size-medium wp-image-5411\" src=\"http:\/\/image-bible.ch\/wp-content\/uploads\/2021\/05\/3.-Circoncision-A-Isaac-189x300.jpg\" alt=\"\" width=\"189\" height=\"300\" srcset=\"http:\/\/image-bible.ch\/wp-content\/uploads\/2021\/05\/3.-Circoncision-A-Isaac-189x300.jpg 189w, http:\/\/image-bible.ch\/wp-content\/uploads\/2021\/05\/3.-Circoncision-A-Isaac.jpg 295w\" sizes=\"(max-width: 189px) 100vw, 189px\" \/><\/p>\r\n<p><em><span style=\"color: #000000;\">Gn 21,3-4 : <br \/><\/span><\/em><\/p>\r\n<p>Et <strong>Abraham<\/strong> donna un nom au fils que <strong>Sara<\/strong> lui avait enfant\u00e9 : il l\u2019appela <b>Isaac<\/b> (c\u2019est-\u00e0-dire : <b>Il rit<\/b>).<\/p>\r\n<p>Quand Isaac eut <span style=\"color: #ff0000;\"><em>huit jours<\/em><\/span>, <strong>Abraham<\/strong> <b>le <\/b><em><span style=\"color: #ff0000;\">circoncit<\/span><\/em>, comme Dieu le lui avait <em>ordonn\u00e9<\/em>.<\/p>\r\n<p><span style=\"color: #993300;\"><strong>Vocabulaire :<\/strong><\/span><\/p>\r\n<p><span style=\"color: #993300;\"><strong>Abraham :<\/strong>\u00a0 p\u00e8re d&rsquo;une multitude<\/span><\/p>\r\n<p><span style=\"color: #993300;\"><strong>Circoncision : <\/strong><span class=\"ILfuVd\"><span class=\"hgKElc\">consiste \u00e0 enlever le pr\u00e9puce qui recouvre le gland du p\u00e9nis<\/span><\/span><\/span><\/p>\r\n<p><span style=\"color: #993300;\"><strong>Isaac :<\/strong> il rit (car Sarah avait ri lors de l&rsquo;annonce de sa venue : Gn 18)<\/span><\/p>\r\n<p><span style=\"color: #993300;\"><strong>Sara :<\/strong> signifie \u00ab\u00a0princesse\u00a0\u00bb ou \u00ab\u00a0souveraine\u00a0\u00bb en h\u00e9breu.<\/span><\/p>\r\n<p><span style=\"color: #0000ff;\"><strong>Questions :<\/strong> <\/span><\/p>\r\n<p><span style=\"color: #0000ff;\">1\u00b0 Pour quoi Abraham circoncit son fils Isaac ?<\/span><\/p>\r\n<p><strong>Commentaire :<\/strong><\/p>\r\n<p>Abraham marque Isaac du signe de l&rsquo;Alliance avec Dieu par la circoncision.<\/p>\r\n<h3><b>Circoncision d\u2019un juif <\/b><\/h3>\r\n<h3><b><img loading=\"lazy\" decoding=\"async\" class=\"alignnone size-medium wp-image-5412\" src=\"http:\/\/image-bible.ch\/wp-content\/uploads\/2021\/05\/3.-Circoncision-B-un-juif-189x300.jpg\" alt=\"\" width=\"189\" height=\"300\" srcset=\"http:\/\/image-bible.ch\/wp-content\/uploads\/2021\/05\/3.-Circoncision-B-un-juif-189x300.jpg 189w, http:\/\/image-bible.ch\/wp-content\/uploads\/2021\/05\/3.-Circoncision-B-un-juif.jpg 291w\" sizes=\"(max-width: 189px) 100vw, 189px\" \/><\/b><\/h3>\r\n<p><em><span style=\"color: #000000;\">Gn 17,14 : <br \/><\/span><\/em><\/p>\r\n<p><strong>Dieu<\/strong> dit \u00e0 <strong>Abraham<\/strong> : \u00ab Toi, tu observeras <span style=\"color: #ff0000;\"><em>mon alliance<\/em><\/span>, toi et ta descendance apr\u00e8s toi, de g\u00e9n\u00e9ration en g\u00e9n\u00e9ration.<\/p>\r\n<p>\u00a0Et voici <em>l\u2019alliance<\/em> qui sera <em>observ\u00e9e<\/em> entre moi et vous, c\u2019est-\u00e0-dire toi et ta descendance apr\u00e8s toi : <span style=\"color: #ff0000;\"><em>tous vos enfants m\u00e2les seront circoncis<\/em><\/span>.<\/p>\r\n<p>La chair de votre pr\u00e9puce sera circoncise, et cela deviendra <em>le signe de l\u2019alliance<\/em> entre moi et vous.<\/p>\r\n<p>\u00c0 chaque g\u00e9n\u00e9ration, tous vos enfants m\u00e2les \u00e2g\u00e9s <em>de huit jours<\/em> seront circoncis, les enfants n\u00e9s dans la maison, ou les enfants \u00e9trangers qui ne sont pas de ta descendance mais sont acquis \u00e0 prix d\u2019argent.<\/p>\r\n<p><span style=\"color: #993300;\"><strong>Vocabulaire :<\/strong><\/span><\/p>\r\n<p><span style=\"color: #993300;\"><strong>Alliance : <\/strong>Dieu fait Alliance avec Abraham pour signifier le lien privil\u00e9gi\u00e9 et son choix.<br \/><\/span><\/p>\r\n<p><span style=\"color: #993300;\"><strong>Circoncision : <\/strong><span class=\"ILfuVd\"><span class=\"hgKElc\">consiste \u00e0 enlever le pr\u00e9puce qui recouvre le gland du p\u00e9nis.<\/span><\/span><\/span><\/p>\r\n<p><span style=\"color: #993300;\"><strong>Huit jours : <\/strong>peu apr\u00e8s la naissance.<\/span><\/p>\r\n<p><strong><span style=\"color: #0000ff;\">Questions :<\/span> <\/strong><\/p>\r\n<p><span style=\"color: #0000ff;\">1\u00b0 Quel est le sens de la circoncision ?<\/span><\/p>\r\n<p>&nbsp;<\/p>\r\n<p><strong>Commentaire :<\/strong><\/p>\r\n<p>Tout juif m\u00e2le et faisant partie d&rsquo;une famille juive est marqu\u00e9 pour toujours du signe de l&rsquo;alliance avec Dieu : la circoncision.<\/p>\r\n<p><img loading=\"lazy\" decoding=\"async\" class=\"alignnone size-medium wp-image-5413\" src=\"http:\/\/image-bible.ch\/wp-content\/uploads\/2021\/05\/3.-Circoncision-C-300x244.jpg\" alt=\"\" width=\"300\" height=\"244\" srcset=\"http:\/\/image-bible.ch\/wp-content\/uploads\/2021\/05\/3.-Circoncision-C-300x244.jpg 300w, http:\/\/image-bible.ch\/wp-content\/uploads\/2021\/05\/3.-Circoncision-C.jpg 597w\" sizes=\"(max-width: 300px) 100vw, 300px\" \/><\/p>\r\n<p><strong>Isa\u00efe :<\/strong><\/p>\r\n<p><b>Mo\u00efse : <\/b><i>Dt<\/i><i> 10,16 : Pratiquez la circoncision du c\u0153ur, n\u2019ayez plus la nuque raide (d\u00e9j\u00e0 dans l&rsquo;A.T. les proph\u00e8tes insiste sur la circoncision &#8211; purification int\u00e9rieure du c\u0153ur)<br \/><\/i><\/p>\r\n<p><b>Mo\u00efse<\/b><b> : <\/b><em>Jos 5,2-3 : En ce temps-l\u00e0, le Seigneur dit \u00e0 Josu\u00e9\u00a0: \u00ab\u00a0Fais-toi des couteaux de silex et circoncis la deuxi\u00e8me g\u00e9n\u00e9ration des fils d\u2019Isra\u00ebl.\u00a0\u00bb\u00a0Josu\u00e9 se fit des couteaux de silex et circoncit les fils d\u2019Isra\u00ebl sur la colline des Pr\u00e9puces.<\/em><\/p>\r\n<p><b>J\u00e9r\u00e9mie : <\/b><em>Jr \u00a04,4 : <\/em><i>Soyez circoncis pour le Seigneur, enlevez le pr\u00e9puce de votre c\u0153ur, gens de Juda et habitants de J\u00e9rusalem, de peur que ma col\u00e8re n\u2019\u00e9clate comme un feu et ne br\u00fble, sans personne pour l\u2019\u00e9teindre, \u00e0 cause de la malice de vos actes.<\/i><\/p>\r\n<p>&nbsp;<\/p>\r\n<p>&nbsp;<\/p>\r\n","protected":false},"excerpt":{"rendered":"<p>A3. La circoncision \/\u00a0 Ancien-Testament Circoncision d\u2019Isaac fils d\u2019Abraham : Gn 21,3-4 : Et Abraham donna un nom au fils que Sara lui avait enfant\u00e9 : il l\u2019appela Isaac (c\u2019est-\u00e0-dire : Il rit). Quand Isaac eut huit jours, Abraham le<\/p>\n","protected":false},"author":1,"featured_media":0,"parent":25,"menu_order":4,"comment_status":"closed","ping_status":"closed","template":"","meta":{"footnotes":""},"_links":{"self":[{"href":"http:\/\/image-bible.ch\/index.php?rest_route=\/wp\/v2\/pages\/435"}],"collection":[{"href":"http:\/\/image-bible.ch\/index.php?rest_route=\/wp\/v2\/pages"}],"about":[{"href":"http:\/\/image-bible.ch\/index.php?rest_route=\/wp\/v2\/types\/page"}],"author":[{"embeddable":true,"href":"http:\/\/image-bible.ch\/index.php?rest_route=\/wp\/v2\/users\/1"}],"replies":[{"embeddable":true,"href":"http:\/\/image-bible.ch\/index.php?rest_route=%2Fwp%2Fv2%2Fcomments&post=435"}],"version-history":[{"count":7,"href":"http:\/\/image-bible.ch\/index.php?rest_route=\/wp\/v2\/pages\/435\/revisions"}],"predecessor-version":[{"id":6233,"href":"http:\/\/image-bible.ch\/index.php?rest_route=\/wp\/v2\/pages\/435\/revisions\/6233"}],"up":[{"embeddable":true,"href":"http:\/\/image-bible.ch\/index.php?rest_route=\/wp\/v2\/pages\/25"}],"wp:attachment":[{"href":"http:\/\/image-bible.ch\/index.php?rest_route=%2Fwp%2Fv2%2Fmedia&parent=435"}],"curies":[{"name":"wp","href":"https:\/\/api.w.org\/{rel}","templated":true}]}}

<p style="text-align: center;"><span style="font-size: 14pt; font-family: 'comic sans ms', sans-serif;">A3. La circoncision /  Ancien-Testament</span></p>



<h3><b>Circoncision d’Isaac fils d’Abraham :</b></h3>
<p><img loading="lazy" decoding="async" class="alignnone size-medium wp-image-5411" src="http://image-bible.ch/wp-content/uploads/2021/05/3.-Circoncision-A-Isaac-189x300.jpg" alt="" width="189" height="300" srcset="http://image-bible.ch/wp-content/uploads/2021/05/3.-Circoncision-A-Isaac-189x300.jpg 189w, http://image-bible.ch/wp-content/uploads/2021/05/3.-Circoncision-A-Isaac.jpg 295w" sizes="(max-width: 189px) 100vw, 189px" /></p>
<p><em><span style="color: #000000;">Gn 21,3-4 : <br /></span></em></p>
<p>Et <strong>Abraham</strong> donna un nom au fils que <strong>Sara</strong> lui avait enfanté : il l’appela <b>Isaac</b> (c’est-à-dire : <b>Il rit</b>).</p>
<p>Quand Isaac eut <span style="color: #ff0000;"><em>huit jours</em></span>, <strong>Abraham</strong> <b>le </b><em><span style="color: #ff0000;">circoncit</span></em>, comme Dieu le lui avait <em>ordonné</em>.</p>
<p><span style="color: #993300;"><strong>Vocabulaire :</strong></span></p>
<p><span style="color: #993300;"><strong>Abraham :</strong>  père d&rsquo;une multitude</span></p>
<p><span style="color: #993300;"><strong>Circoncision : </strong><span class="ILfuVd"><span class="hgKElc">consiste à enlever le prépuce qui recouvre le gland du pénis</span></span></span></p>
<p><span style="color: #993300;"><strong>Isaac :</strong> il rit (car Sarah avait ri lors de l&rsquo;annonce de sa venue : Gn 18)</span></p>
<p><span style="color: #993300;"><strong>Sara :</strong> signifie « princesse » ou « souveraine » en hébreu.</span></p>
<p><span style="color: #0000ff;"><strong>Questions :</strong> </span></p>
<p><span style="color: #0000ff;">1° Pour quoi Abraham circoncit son fils Isaac ?</span></p>
<p><strong>Commentaire :</strong></p>
<p>Abraham marque Isaac du signe de l&rsquo;Alliance avec Dieu par la circoncision.</p>
<h3><b>Circoncision d’un juif </b></h3>
<h3><b><img loading="lazy" decoding="async" class="alignnone size-medium wp-image-5412" src="http://image-bible.ch/wp-content/uploads/2021/05/3.-Circoncision-B-un-juif-189x300.jpg" alt="" width="189" height="300" srcset="http://image-bible.ch/wp-content/uploads/2021/05/3.-Circoncision-B-un-juif-189x300.jpg 189w, http://image-bible.ch/wp-content/uploads/2021/05/3.-Circoncision-B-un-juif.jpg 291w" sizes="(max-width: 189px) 100vw, 189px" /></b></h3>
<p><em><span style="color: #000000;">Gn 17,14 : <br /></span></em></p>
<p><strong>Dieu</strong> dit à <strong>Abraham</strong> : « Toi, tu observeras <span style="color: #ff0000;"><em>mon alliance</em></span>, toi et ta descendance après toi, de génération en génération.</p>
<p> Et voici <em>l’alliance</em> qui sera <em>observée</em> entre moi et vous, c’est-à-dire toi et ta descendance après toi : <span style="color: #ff0000;"><em>tous vos enfants mâles seront circoncis</em></span>.</p>
<p>La chair de votre prépuce sera circoncise, et cela deviendra <em>le signe de l’alliance</em> entre moi et vous.</p>
<p>À chaque génération, tous vos enfants mâles âgés <em>de huit jours</em> seront circoncis, les enfants nés dans la maison, ou les enfants étrangers qui ne sont pas de ta descendance mais sont acquis à prix d’argent.</p>
<p><span style="color: #993300;"><strong>Vocabulaire :</strong></span></p>
<p><span style="color: #993300;"><strong>Alliance : </strong>Dieu fait Alliance avec Abraham pour signifier le lien privilégié et son choix.<br /></span></p>
<p><span style="color: #993300;"><strong>Circoncision : </strong><span class="ILfuVd"><span class="hgKElc">consiste à enlever le prépuce qui recouvre le gland du pénis.</span></span></span></p>
<p><span style="color: #993300;"><strong>Huit jours : </strong>peu après la naissance.</span></p>
<p><strong><span style="color: #0000ff;">Questions :</span> </strong></p>
<p><span style="color: #0000ff;">1° Quel est le sens de la circoncision ?</span></p>
<p>&nbsp;</p>
<p><strong>Commentaire :</strong></p>
<p>Tout juif mâle et faisant partie d&rsquo;une famille juive est marqué pour toujours du signe de l&rsquo;alliance avec Dieu : la circoncision.</p>
<p><img loading="lazy" decoding="async" class="alignnone size-medium wp-image-5413" src="http://image-bible.ch/wp-content/uploads/2021/05/3.-Circoncision-C-300x244.jpg" alt="" width="300" height="244" srcset="http://image-bible.ch/wp-content/uploads/2021/05/3.-Circoncision-C-300x244.jpg 300w, http://image-bible.ch/wp-content/uploads/2021/05/3.-Circoncision-C.jpg 597w" sizes="(max-width: 300px) 100vw, 300px" /></p>
<p><strong>Isaïe :</strong></p>
<p><b>Moïse : </b><i>Dt</i><i> 10,16 : Pratiquez la circoncision du cœur, n’ayez plus la nuque raide (déjà dans l&rsquo;A.T. les prophètes insiste sur la circoncision &#8211; purification intérieure du cœur)<br /></i></p>
<p><b>Moïse</b><b> : </b><em>Jos 5,2-3 : En ce temps-là, le Seigneur dit à Josué : « Fais-toi des couteaux de silex et circoncis la deuxième génération des fils d’Israël. » Josué se fit des couteaux de silex et circoncit les fils d’Israël sur la colline des Prépuces.</em></p>
<p><b>Jérémie : </b><em>Jr  4,4 : </em><i>Soyez circoncis pour le Seigneur, enlevez le prépuce de votre cœur, gens de Juda et habitants de Jérusalem, de peur que ma colère n’éclate comme un feu et ne brûle, sans personne pour l’éteindre, à cause de la malice de vos actes.</i></p>
<p>&nbsp;</p>
<p>&nbsp;</p>

<p>A3. La circoncision /  Ancien-Testament Circoncision d’Isaac fils d’Abraham : Gn 21,3-4 : Et Abraham donna un nom au fils que Sara lui avait enfanté : il l’appela Isaac (c’est-à-dire : Il rit). Quand Isaac eut huit jours, Abraham le</p>
