{"id":4462,"date":"2021-04-05T10:03:12","date_gmt":"2021-04-05T08:03:12","guid":{"rendered":"http:\/\/image-bible.ch\/?page_id=4462"},"modified":"2024-11-13T18:34:58","modified_gmt":"2024-11-13T17:34:58","slug":"g52-4-bible-ancien-testament","status":"publish","type":"page","link":"http:\/\/image-bible.ch\/?page_id=4462","title":{"rendered":"G52.4 \/ Bible Ancien-Testament"},"content":{"rendered":"<p style=\"text-align: center;\"><span style=\"font-family: 'comic sans ms', sans-serif; font-size: 14pt;\">G52.4<\/span><span style=\"font-family: 'comic sans ms', sans-serif; font-size: 14pt;\"> &#8211; Assomption de la Vierge Marie \/ Bible Ancien-Testament<\/span><\/p>\n<figure id=\"attachment_9486\" aria-describedby=\"caption-attachment-9486\" style=\"width: 462px\" class=\"wp-caption alignnone\"><img loading=\"lazy\" decoding=\"async\" class=\" wp-image-9486\" src=\"http:\/\/image-bible.ch\/wp-content\/uploads\/42.-Enlevement-Henok-226x300.jpg\" alt=\"\" width=\"462\" height=\"613\" srcset=\"http:\/\/image-bible.ch\/wp-content\/uploads\/42.-Enlevement-Henok-226x300.jpg 226w, http:\/\/image-bible.ch\/wp-content\/uploads\/42.-Enlevement-Henok-773x1024.jpg 773w, http:\/\/image-bible.ch\/wp-content\/uploads\/42.-Enlevement-Henok-768x1017.jpg 768w, http:\/\/image-bible.ch\/wp-content\/uploads\/42.-Enlevement-Henok-1160x1536.jpg 1160w, http:\/\/image-bible.ch\/wp-content\/uploads\/42.-Enlevement-Henok.jpg 1405w\" sizes=\"(max-width: 462px) 100vw, 462px\" \/><figcaption id=\"caption-attachment-9486\" class=\"wp-caption-text\">H\u00e9nok monte au ciel<\/figcaption><\/figure>\n<p><span style=\"color: #0000ff;\">Gn 5,21-24\u00a0:<\/span><\/p>\n<p><span style=\"color: #0000ff;\"><sup>21<\/sup><\/span> <strong>H\u00e9nok<\/strong> v\u00e9cut <span style=\"color: #993300;\">soixante-cinq ans<\/span>, puis il engendra <strong>Mathusalem<\/strong>.<\/p>\n<p><span style=\"color: #0000ff;\"><sup>22<\/sup><\/span> Apr\u00e8s avoir engendr\u00e9 <strong>Mathusalem<\/strong>, <strong>H\u00e9nok<\/strong> marcha encore avec Dieu pendant <span style=\"color: #993300;\">trois cents ans<\/span> et engendra des fils et des filles.<\/p>\n<p><span style=\"color: #0000ff;\"><sup>23<\/sup><\/span> <strong>H\u00e9nok<\/strong> v\u00e9cut en tout <span style=\"color: #993300;\">trois cent soixante-cinq ans<\/span>.<\/p>\n<p><span style=\"color: #0000ff;\"><sup>24<\/sup><\/span> Il avait march\u00e9 avec Dieu, puis il <span style=\"color: #ff0000;\">disparut<\/span> car <strong><span style=\"color: #ff0000;\">Dieu l\u2019avait enlev\u00e9<\/span><\/strong>.<\/p>\n<p><strong><span style=\"color: #993300;\">Vocabulaire :<\/span><\/strong><\/p>\n<p>&nbsp;<\/p>\n<p><strong><span style=\"color: #0000ff;\">Questions :<\/span><\/strong><\/p>\n<p>&nbsp;<\/p>\n<h4>Commentaire :<\/h4>\n<p>H\u00e9nok est le fils de Yared, le p\u00e8re de Mathusalem et l&rsquo;arri\u00e8re-grand-p\u00e8re de No\u00e9. Septi\u00e8me patriarche du lignage de Seth, il a v\u00e9cu 365 ans avant que Dieu le prenne pour le placer au ciel : H\u00e9noch \u00ab marchait avec Dieu \u00bb, ce qui exprime une relation privil\u00e9gi\u00e9e avec Dieu. Sa dur\u00e9e de vie terrestre est courte en comparaison avec des autres patriarches avant No\u00e9 et sugg\u00e8re un lien avec l&rsquo;ann\u00e9e solaire de 365 jours.<\/p>\n<figure id=\"attachment_9485\" aria-describedby=\"caption-attachment-9485\" style=\"width: 548px\" class=\"wp-caption alignnone\"><img loading=\"lazy\" decoding=\"async\" class=\" wp-image-9485\" src=\"http:\/\/image-bible.ch\/wp-content\/uploads\/42.-2R-2-11-12_Elie-emporte-ciel-1-223x300.jpg\" alt=\"\" width=\"548\" height=\"737\" srcset=\"http:\/\/image-bible.ch\/wp-content\/uploads\/42.-2R-2-11-12_Elie-emporte-ciel-1-223x300.jpg 223w, http:\/\/image-bible.ch\/wp-content\/uploads\/42.-2R-2-11-12_Elie-emporte-ciel-1-761x1024.jpg 761w, http:\/\/image-bible.ch\/wp-content\/uploads\/42.-2R-2-11-12_Elie-emporte-ciel-1-768x1033.jpg 768w, http:\/\/image-bible.ch\/wp-content\/uploads\/42.-2R-2-11-12_Elie-emporte-ciel-1-1142x1536.jpg 1142w, http:\/\/image-bible.ch\/wp-content\/uploads\/42.-2R-2-11-12_Elie-emporte-ciel-1.jpg 1409w\" sizes=\"(max-width: 548px) 100vw, 548px\" \/><figcaption id=\"caption-attachment-9485\" class=\"wp-caption-text\">Elie monte au ciel sur un char de feu<\/figcaption><\/figure>\n<p><span style=\"color: #0000ff;\">2R 2,11 :<\/span><\/p>\n<p><span style=\"color: #0000ff;\"><sup>11<\/sup><\/span> <strong>Elie et Elis\u00e9e<\/strong> \u00e9taient en train de marcher tout en parlant lorsqu\u2019<strong><span style=\"color: #ff0000;\">un char de feu<\/span><\/strong>, avec des chevaux de feu, les <span style=\"color: #ff0000;\">s\u00e9para<\/span>. Alors, <strong><span style=\"color: #ff0000;\">\u00c9lie monta au ciel dans un ouragan<\/span><\/strong>.<\/p>\n<p><span style=\"color: #0000ff;\"><sup>12<\/sup><\/span> <strong>\u00c9lis\u00e9e<\/strong> le vit et se mit \u00e0 crier\u00a0: \u00ab\u00a0<em>Mon p\u00e8re\u00a0!&#8230; Mon p\u00e8re\u00a0!.<\/em>.. Char d\u2019Isra\u00ebl et ses cavaliers\u00a0!\u00a0\u00bb Puis il cessa de le voir. Il saisit ses v\u00eatements et les d\u00e9chira en deux.<\/p>\n<p><span style=\"color: #0000ff;\"><sup>13<\/sup><\/span> Il ramassa <em>le manteau qu\u2019\u00c9lie<\/em> avait laiss\u00e9 tomber, il revint et s\u2019arr\u00eata sur <span style=\"color: #008000;\">la rive du Jourdain<\/span>.<\/p>\n<p><strong><span style=\"color: #993300;\">Vocabulaire :<\/span><\/strong><\/p>\n<p>&nbsp;<\/p>\n<p><strong><span style=\"color: #0000ff;\">Questions :<\/span><\/strong><\/p>\n<p>&nbsp;<\/p>\n<h4>Commentaire :<\/h4>\n<p>Au lieu de mourir, \u00c9lie est emport\u00e9 au ciel sur un char de feu. A cette \u00e9poque ont se repr\u00e9sente la terre plate et soutenue par de gros piliers. C\u2019est le lieu de vie des humains. En haut, dans le ciel, se trouvent les eaux, les luminaires, mais surtout Dieu et sa cour divine. Sous la terre, est situ\u00e9 le lieu de la mort\u00a0: le sh\u00e9ol.<\/p>\n<p>Dans notre r\u00e9cit, \u00c9lie est enlev\u00e9 de la terre, le lieu de vie des humains, vers le ciel, le lieu de Dieu. On surnommait \u00c9lie \u00ab\u00a0l\u2019homme de Dieu\u00a0\u00bb. Il \u00e9tait tellement rempli de Dieu qu\u2019il a \u00e9t\u00e9 enlev\u00e9 vers lui \u00e0 la fin de sa vie.<\/p>\n<p>Le feu associ\u00e9 au char et aux chevaux symbolise la puissance du Seigneur.<\/p>\n","protected":false},"excerpt":{"rendered":"<p>G52.4 &#8211; Assomption de la Vierge Marie \/ Bible Ancien-Testament Gn 5,21-24\u00a0: 21 H\u00e9nok v\u00e9cut soixante-cinq ans, puis il engendra Mathusalem. 22 Apr\u00e8s avoir engendr\u00e9 Mathusalem, H\u00e9nok marcha encore avec Dieu pendant trois cents ans et engendra des fils et<\/p>\n","protected":false},"author":1,"featured_media":0,"parent":0,"menu_order":0,"comment_status":"closed","ping_status":"closed","template":"","meta":{"footnotes":""},"_links":{"self":[{"href":"http:\/\/image-bible.ch\/index.php?rest_route=\/wp\/v2\/pages\/4462"}],"collection":[{"href":"http:\/\/image-bible.ch\/index.php?rest_route=\/wp\/v2\/pages"}],"about":[{"href":"http:\/\/image-bible.ch\/index.php?rest_route=\/wp\/v2\/types\/page"}],"author":[{"embeddable":true,"href":"http:\/\/image-bible.ch\/index.php?rest_route=\/wp\/v2\/users\/1"}],"replies":[{"embeddable":true,"href":"http:\/\/image-bible.ch\/index.php?rest_route=%2Fwp%2Fv2%2Fcomments&post=4462"}],"version-history":[{"count":6,"href":"http:\/\/image-bible.ch\/index.php?rest_route=\/wp\/v2\/pages\/4462\/revisions"}],"predecessor-version":[{"id":9494,"href":"http:\/\/image-bible.ch\/index.php?rest_route=\/wp\/v2\/pages\/4462\/revisions\/9494"}],"wp:attachment":[{"href":"http:\/\/image-bible.ch\/index.php?rest_route=%2Fwp%2Fv2%2Fmedia&parent=4462"}],"curies":[{"name":"wp","href":"https:\/\/api.w.org\/{rel}","templated":true}]}}

<p style="text-align: center;"><span style="font-family: 'comic sans ms', sans-serif; font-size: 14pt;">G52.4</span><span style="font-family: 'comic sans ms', sans-serif; font-size: 14pt;"> &#8211; Assomption de la Vierge Marie / Bible Ancien-Testament</span></p>
<figure id="attachment_9486" aria-describedby="caption-attachment-9486" style="width: 462px" class="wp-caption alignnone"><img loading="lazy" decoding="async" class=" wp-image-9486" src="http://image-bible.ch/wp-content/uploads/42.-Enlevement-Henok-226x300.jpg" alt="" width="462" height="613" srcset="http://image-bible.ch/wp-content/uploads/42.-Enlevement-Henok-226x300.jpg 226w, http://image-bible.ch/wp-content/uploads/42.-Enlevement-Henok-773x1024.jpg 773w, http://image-bible.ch/wp-content/uploads/42.-Enlevement-Henok-768x1017.jpg 768w, http://image-bible.ch/wp-content/uploads/42.-Enlevement-Henok-1160x1536.jpg 1160w, http://image-bible.ch/wp-content/uploads/42.-Enlevement-Henok.jpg 1405w" sizes="(max-width: 462px) 100vw, 462px" /><figcaption id="caption-attachment-9486" class="wp-caption-text">Hénok monte au ciel</figcaption></figure>
<p><span style="color: #0000ff;">Gn 5,21-24 :</span></p>
<p><span style="color: #0000ff;"><sup>21</sup></span> <strong>Hénok</strong> vécut <span style="color: #993300;">soixante-cinq ans</span>, puis il engendra <strong>Mathusalem</strong>.</p>
<p><span style="color: #0000ff;"><sup>22</sup></span> Après avoir engendré <strong>Mathusalem</strong>, <strong>Hénok</strong> marcha encore avec Dieu pendant <span style="color: #993300;">trois cents ans</span> et engendra des fils et des filles.</p>
<p><span style="color: #0000ff;"><sup>23</sup></span> <strong>Hénok</strong> vécut en tout <span style="color: #993300;">trois cent soixante-cinq ans</span>.</p>
<p><span style="color: #0000ff;"><sup>24</sup></span> Il avait marché avec Dieu, puis il <span style="color: #ff0000;">disparut</span> car <strong><span style="color: #ff0000;">Dieu l’avait enlevé</span></strong>.</p>
<p><strong><span style="color: #993300;">Vocabulaire :</span></strong></p>
<p>&nbsp;</p>
<p><strong><span style="color: #0000ff;">Questions :</span></strong></p>
<p>&nbsp;</p>
<h4>Commentaire :</h4>
<p>Hénok est le fils de Yared, le père de Mathusalem et l&rsquo;arrière-grand-père de Noé. Septième patriarche du lignage de Seth, il a vécu 365 ans avant que Dieu le prenne pour le placer au ciel : Hénoch « marchait avec Dieu », ce qui exprime une relation privilégiée avec Dieu. Sa durée de vie terrestre est courte en comparaison avec des autres patriarches avant Noé et suggère un lien avec l&rsquo;année solaire de 365 jours.</p>
<figure id="attachment_9485" aria-describedby="caption-attachment-9485" style="width: 548px" class="wp-caption alignnone"><img loading="lazy" decoding="async" class=" wp-image-9485" src="http://image-bible.ch/wp-content/uploads/42.-2R-2-11-12_Elie-emporte-ciel-1-223x300.jpg" alt="" width="548" height="737" srcset="http://image-bible.ch/wp-content/uploads/42.-2R-2-11-12_Elie-emporte-ciel-1-223x300.jpg 223w, http://image-bible.ch/wp-content/uploads/42.-2R-2-11-12_Elie-emporte-ciel-1-761x1024.jpg 761w, http://image-bible.ch/wp-content/uploads/42.-2R-2-11-12_Elie-emporte-ciel-1-768x1033.jpg 768w, http://image-bible.ch/wp-content/uploads/42.-2R-2-11-12_Elie-emporte-ciel-1-1142x1536.jpg 1142w, http://image-bible.ch/wp-content/uploads/42.-2R-2-11-12_Elie-emporte-ciel-1.jpg 1409w" sizes="(max-width: 548px) 100vw, 548px" /><figcaption id="caption-attachment-9485" class="wp-caption-text">Elie monte au ciel sur un char de feu</figcaption></figure>
<p><span style="color: #0000ff;">2R 2,11 :</span></p>
<p><span style="color: #0000ff;"><sup>11</sup></span> <strong>Elie et Elisée</strong> étaient en train de marcher tout en parlant lorsqu’<strong><span style="color: #ff0000;">un char de feu</span></strong>, avec des chevaux de feu, les <span style="color: #ff0000;">sépara</span>. Alors, <strong><span style="color: #ff0000;">Élie monta au ciel dans un ouragan</span></strong>.</p>
<p><span style="color: #0000ff;"><sup>12</sup></span> <strong>Élisée</strong> le vit et se mit à crier : « <em>Mon père !&#8230; Mon père !.</em>.. Char d’Israël et ses cavaliers ! » Puis il cessa de le voir. Il saisit ses vêtements et les déchira en deux.</p>
<p><span style="color: #0000ff;"><sup>13</sup></span> Il ramassa <em>le manteau qu’Élie</em> avait laissé tomber, il revint et s’arrêta sur <span style="color: #008000;">la rive du Jourdain</span>.</p>
<p><strong><span style="color: #993300;">Vocabulaire :</span></strong></p>
<p>&nbsp;</p>
<p><strong><span style="color: #0000ff;">Questions :</span></strong></p>
<p>&nbsp;</p>
<h4>Commentaire :</h4>
<p>Au lieu de mourir, Élie est emporté au ciel sur un char de feu. A cette époque ont se représente la terre plate et soutenue par de gros piliers. C’est le lieu de vie des humains. En haut, dans le ciel, se trouvent les eaux, les luminaires, mais surtout Dieu et sa cour divine. Sous la terre, est situé le lieu de la mort : le shéol.</p>
<p>Dans notre récit, Élie est enlevé de la terre, le lieu de vie des humains, vers le ciel, le lieu de Dieu. On surnommait Élie « l’homme de Dieu ». Il était tellement rempli de Dieu qu’il a été enlevé vers lui à la fin de sa vie.</p>
<p>Le feu associé au char et aux chevaux symbolise la puissance du Seigneur.</p>

<p>G52.4 &#8211; Assomption de la Vierge Marie / Bible Ancien-Testament Gn 5,21-24 : 21 Hénok vécut soixante-cinq ans, puis il engendra Mathusalem. 22 Après avoir engendré Mathusalem, Hénok marcha encore avec Dieu pendant trois cents ans et engendra des fils et</p>
