{"id":549,"date":"2021-03-04T10:24:45","date_gmt":"2021-03-04T09:24:45","guid":{"rendered":"http:\/\/image-bible.ch\/?page_id=549"},"modified":"2021-09-15T16:02:19","modified_gmt":"2021-09-15T14:02:19","slug":"a5-8-kt-enfants","status":"publish","type":"page","link":"http:\/\/image-bible.ch\/?page_id=549","title":{"rendered":"A5.8 KT enfants"},"content":{"rendered":"<p style=\"text-align: center;\"><span style=\"font-size: 14pt; font-family: 'comic sans ms', sans-serif;\">A5.\u00a0 La pr\u00e9sentation de J\u00e9sus au temple \/ KT enfants<\/span><\/p>\n<p><img decoding=\"async\" id=\"img-image-preview\" src=\"http:\/\/www.idees-cate.com\/files\/images-max\/presentationjesus3.png\" \/><\/p>\n<p><img decoding=\"async\" id=\"img-image-preview\" src=\"http:\/\/www.idees-cate.com\/files\/images-max\/presentationjesus2.png\" \/><\/p>\n<p>*Quels sont les cinq personnages de l&rsquo;histoire?<br \/>\n*Que peux-tu raconter sur chacun d&rsquo;eux?<br \/>\n*Dans quelle ville se situe l&rsquo;histoire?<br \/>\n*Que s&rsquo;est-il pass\u00e9 pour J\u00e9sus dans cette ville?<br \/>\n*Pourquoi Joseph et Marie vont-ils au Temple?<br \/>\n*Sim\u00e9on prend J\u00e9sus dans ses bras et remercie Dieu. Que dit-il de J\u00e9sus?<br \/>\n*A quoi sert une lumi\u00e8re?<br \/>\n*J\u00e9sus est-il ta lumi\u00e8re?<\/p>\n<p><a href=\"http:\/\/www.idees-cate.com\/le_cate\/presentationjesus.html\">Id\u00e9es KT<\/a><\/p>\n","protected":false},"excerpt":{"rendered":"<p>A5.\u00a0 La pr\u00e9sentation de J\u00e9sus au temple \/ KT enfants *Quels sont les cinq personnages de l&rsquo;histoire? *Que peux-tu raconter sur chacun d&rsquo;eux? *Dans quelle ville se situe l&rsquo;histoire? *Que s&rsquo;est-il pass\u00e9 pour J\u00e9sus dans cette ville? *Pourquoi Joseph et<\/p>\n","protected":false},"author":1,"featured_media":0,"parent":29,"menu_order":8,"comment_status":"closed","ping_status":"closed","template":"","meta":{"footnotes":""},"_links":{"self":[{"href":"http:\/\/image-bible.ch\/index.php?rest_route=\/wp\/v2\/pages\/549"}],"collection":[{"href":"http:\/\/image-bible.ch\/index.php?rest_route=\/wp\/v2\/pages"}],"about":[{"href":"http:\/\/image-bible.ch\/index.php?rest_route=\/wp\/v2\/types\/page"}],"author":[{"embeddable":true,"href":"http:\/\/image-bible.ch\/index.php?rest_route=\/wp\/v2\/users\/1"}],"replies":[{"embeddable":true,"href":"http:\/\/image-bible.ch\/index.php?rest_route=%2Fwp%2Fv2%2Fcomments&post=549"}],"version-history":[{"count":5,"href":"http:\/\/image-bible.ch\/index.php?rest_route=\/wp\/v2\/pages\/549\/revisions"}],"predecessor-version":[{"id":5892,"href":"http:\/\/image-bible.ch\/index.php?rest_route=\/wp\/v2\/pages\/549\/revisions\/5892"}],"up":[{"embeddable":true,"href":"http:\/\/image-bible.ch\/index.php?rest_route=\/wp\/v2\/pages\/29"}],"wp:attachment":[{"href":"http:\/\/image-bible.ch\/index.php?rest_route=%2Fwp%2Fv2%2Fmedia&parent=549"}],"curies":[{"name":"wp","href":"https:\/\/api.w.org\/{rel}","templated":true}]}}