{"id":578,"date":"2021-03-04T13:28:59","date_gmt":"2021-03-04T12:28:59","guid":{"rendered":"http:\/\/image-bible.ch\/?page_id=578"},"modified":"2021-09-21T11:33:12","modified_gmt":"2021-09-21T09:33:12","slug":"a6-1-la-bible-des-pauvres","status":"publish","type":"page","link":"http:\/\/image-bible.ch\/?page_id=578","title":{"rendered":"A6.1 \/ La Bible des pauvres"},"content":{"rendered":"<p><\/p>\r\n<p style=\"text-align: center;\"><span style=\"font-size: 14pt; font-family: 'comic sans ms', sans-serif;\">A6. La fuite en Egypte \/ La Bible des pauvres<\/span><\/p>\r\n<p><img loading=\"lazy\" decoding=\"async\" class=\"alignnone  wp-image-5443\" src=\"http:\/\/image-bible.ch\/wp-content\/uploads\/2021\/05\/5.-Fuite-en-Egypte-192x300.jpg\" alt=\"\" width=\"236\" height=\"369\" srcset=\"http:\/\/image-bible.ch\/wp-content\/uploads\/2021\/05\/5.-Fuite-en-Egypte-192x300.jpg 192w, http:\/\/image-bible.ch\/wp-content\/uploads\/2021\/05\/5.-Fuite-en-Egypte.jpg 625w\" sizes=\"(max-width: 236px) 100vw, 236px\" \/><\/p>\r\n<p>Types : <strong>Rebecca entre \u00c9sa\u00fc et Jacob<\/strong> &#8211; <strong>Mikal aide David \u00e0 fuir devant le roi Sa\u00fcl<\/strong><\/p>\r\n<p>Antitype : <strong>Fuite en \u00c9gypte<\/strong><\/p>\r\n<p>Dans la Gen\u00e8se ont lit : <strong>Rebecca<\/strong> la m\u00e8re de \u00c9sa\u00fc et Jacob, lorsqu\u2019elle entendit d\u2019Esa\u00fc que le temps arriverait une fois o\u00f9 il tuerait son fr\u00e8re Jacob, <strong>envoya elle-m\u00eame son fils Jacob<\/strong> dans un <strong>pays \u00e9tranger<\/strong>, afin d\u2019\u00e9chapper au meurtre. Ceci est une bonne pr\u00e9figuration\u00a0 de la fuite de J\u00e9sus en Egypte lorsque H\u00e9rode recherchait l\u2019enfant nouveau-n\u00e9 pour le masacrer.<\/p>\r\n<p><i>Gn 27,41-45 : \u00a0\u00a0\u00c9sa\u00fc prit Jacob en haine \u00e0 cause de la b\u00e9n\u00e9diction que son p\u00e8re avait donn\u00e9e \u00e0 celui-ci et il se dit en lui-m\u00eame : Proche est le temps o\u00f9 l&rsquo;on fera le deuil de mon p\u00e8re. Alors je tuerai mon fr\u00e8re Jacob.42.\u00a0Lorsqu&rsquo;on rapporta \u00e0 R\u00e9becca les paroles d&rsquo;\u00c9sa\u00fc, son fils a\u00een\u00e9, elle fit appeler Jacob, son fils cadet, et lui dit : Ton fr\u00e8re \u00c9sa\u00fc veut se venger de toi en te tuant.43.\u00a0Maintenant, mon fils, \u00e9coute-moi : pars, enfuis-toi chez mon fr\u00e8re Laban \u00e0 Har\u00e2n.44.\u00a0Tu habiteras avec lui quelque temps, jusqu&rsquo;\u00e0 ce que se d\u00e9tourne la fureur de ton fr\u00e8re,45.\u00a0jusqu&rsquo;\u00e0 ce que la col\u00e8re de ton fr\u00e8re se d\u00e9tourne de toi et qu&rsquo;il oublie ce que tu lui as fait; alors je t&rsquo;enverrai chercher l\u00e0-bas. Pourquoi vous perdrais-je tous les deux en un seul jour ? Isaac envoie Jacob chez Laban.<\/i><\/p>\r\n<p><i>\u00a0<\/i><\/p>\r\n<p>Dans le livre des Rois on lit : Lorsque <strong>le roi Sa\u00fcl<\/strong> a ordonn\u00e9 de <strong>rechercher David<\/strong> pour <strong>le tuer,<\/strong> sa femme, la femme de David le fit descendre par la fen\u00eatre avec une corde, pour fuir en Egypte et \u00e9chapper \u00e0 la poursuite du roi Sa\u00fcl. Le roi Sa\u00fcl est une pr\u00e9figuration d\u2019H\u00e9rode, et David du Christ, que H\u00e9rode cherchait \u00e0 tuer.<\/p>\r\n<p><i>1Sm 19,11-17 : \u00a0\u00a0Sa\u00fcl envoya des \u00e9missaires surveiller la maison de David, voulant le mettre \u00e0 mort d\u00e8s le matin. Mais la femme de David, Mikal, lui donna cet avertissement : \u00ab Si tu ne t&rsquo;\u00e9chappes pas cette nuit, demain tu es un homme mort! \u00bb12.\u00a0Mikal fit descendre David par la fen\u00eatre. Il partit, prit la fuite et se sauva.13.\u00a0Mikal prit le t\u00e9raphim, elle le pla\u00e7a sur le lit, mit \u00e0 son chevet une tresse en poils de ch\u00e8vre et le couvrit d&rsquo;un v\u00eatement.14.\u00a0Lorsque Sa\u00fcl envoya des messagers pour s&#8217;emparer de David, elle dit : \u00ab Il est malade. \u00bb15.\u00a0Mais Sa\u00fcl renvoya les messagers voir David et leur dit : \u00ab Portez-le moi dans son lit que je le mette \u00e0 mort! \u00bb16.\u00a0Les messagers entr\u00e8rent, et voil\u00e0 que c&rsquo;\u00e9tait le t\u00e9raphim dans le lit, avec la tresse en poils de ch\u00e8vre \u00e0 son chevet!17.\u00a0Sa\u00fcl dit \u00e0 Mikal : \u00ab Pourquoi m&rsquo;as-tu ainsi trahi et as-tu laiss\u00e9 partir mon ennemi pour qu&rsquo;il s&rsquo;\u00e9chappe ? \u00bb Mikal r\u00e9pondit \u00e0 Sa\u00fcl : \u00ab C&rsquo;est lui qui m&rsquo;a dit : Laisse-moi partir, ou je te tue! \u00bb<\/i><\/p>\r\n<p><strong>\u00a0Proph\u00e8tes :<br \/><\/strong><\/p>\r\n<p><i><strong>David :<\/strong> Ps 54,8 : <\/i><i>Loin, tr\u00e8s loin, je m&rsquo;enfuirais pour chercher asile au d\u00e9sert. \u00bb<\/i><\/p>\r\n<p><i><strong>J\u00e9r\u00e9mie :<\/strong> Jr 12,7 : <\/i><i>J\u2019ai abandonn\u00e9 ma maison, d\u00e9laiss\u00e9 mon h\u00e9ritage, livr\u00e9 ma bien-aim\u00e9e \u00e0 la poigne de ses ennemis.<\/i><\/p>\r\n<p><i><strong>Isa\u00efe :<\/strong> Es 19,1 : <\/i><i>Proclamation sur l\u2019\u00c9gypte. Voici le Seigneur : il chevauche une nu\u00e9e l\u00e9g\u00e8re, il entre en \u00c9gypte ; les idoles d\u2019\u00c9gypte vacillent devant lui, l\u2019\u00c9gypte voit fondre son courage<\/i><\/p>\r\n<p><i><strong>Os\u00e9e :<\/strong> Os 5,6 : <\/i><i>Avec leurs brebis et leurs b\u0153ufs, ils iront chercher le Seigneur, mais ils ne le trouveront pas\u00a0: il s\u2019est \u00e9loign\u00e9 d\u2019eux\u00a0!,<\/i><\/p>\r\n<p>&nbsp;<\/p>\r\n<p>&nbsp;<\/p>\r\n<p>&nbsp;<\/p>\r\n","protected":false},"excerpt":{"rendered":"<p>A6. La fuite en Egypte \/ La Bible des pauvres Types : Rebecca entre \u00c9sa\u00fc et Jacob &#8211; Mikal aide David \u00e0 fuir devant le roi Sa\u00fcl Antitype : Fuite en \u00c9gypte Dans la Gen\u00e8se ont lit : Rebecca la<\/p>\n","protected":false},"author":1,"featured_media":0,"parent":31,"menu_order":1,"comment_status":"closed","ping_status":"closed","template":"","meta":{"footnotes":""},"_links":{"self":[{"href":"http:\/\/image-bible.ch\/index.php?rest_route=\/wp\/v2\/pages\/578"}],"collection":[{"href":"http:\/\/image-bible.ch\/index.php?rest_route=\/wp\/v2\/pages"}],"about":[{"href":"http:\/\/image-bible.ch\/index.php?rest_route=\/wp\/v2\/types\/page"}],"author":[{"embeddable":true,"href":"http:\/\/image-bible.ch\/index.php?rest_route=\/wp\/v2\/users\/1"}],"replies":[{"embeddable":true,"href":"http:\/\/image-bible.ch\/index.php?rest_route=%2Fwp%2Fv2%2Fcomments&post=578"}],"version-history":[{"count":9,"href":"http:\/\/image-bible.ch\/index.php?rest_route=\/wp\/v2\/pages\/578\/revisions"}],"predecessor-version":[{"id":6228,"href":"http:\/\/image-bible.ch\/index.php?rest_route=\/wp\/v2\/pages\/578\/revisions\/6228"}],"up":[{"embeddable":true,"href":"http:\/\/image-bible.ch\/index.php?rest_route=\/wp\/v2\/pages\/31"}],"wp:attachment":[{"href":"http:\/\/image-bible.ch\/index.php?rest_route=%2Fwp%2Fv2%2Fmedia&parent=578"}],"curies":[{"name":"wp","href":"https:\/\/api.w.org\/{rel}","templated":true}]}}