{"id":628,"date":"2021-03-04T14:42:54","date_gmt":"2021-03-04T13:42:54","guid":{"rendered":"http:\/\/image-bible.ch\/?page_id=628"},"modified":"2021-09-21T11:29:01","modified_gmt":"2021-09-21T09:29:01","slug":"a7-5-interpretation","status":"publish","type":"page","link":"http:\/\/image-bible.ch\/?page_id=628","title":{"rendered":"A7.5 \/ Interpr\u00e9tation"},"content":{"rendered":"<p style=\"text-align: center;\"><span style=\"font-size: 14pt; font-family: 'comic sans ms', sans-serif;\">A7. La chute des idoles \/ Interpr\u00e9tation<\/span><\/p>\n<p style=\"text-align: justify;\">De m\u00eame que Mo\u00efse lorsqu\u2019il descendit du sommet de la montagne, vit <em>un veau d\u2019or<\/em>, que <strong>Aaron<\/strong> avait model\u00e9 et <strong>brisa<\/strong> lui-m\u00eame <em>les tables de la loi et le veau; <\/em>ainsi lorsque le <strong>Christ<\/strong> p\u00e9n\u00e9tra en <strong>Egypte<\/strong> les idoles se bris\u00e8rent.<\/p>\n<p>De m\u00eame que les <strong>philistins<\/strong> au lendemain o\u00f9 ils avaient plac\u00e9 l\u2019arche \u00e0 c\u00f4t\u00e9 de leur<strong> dieu Dagon<\/strong>, d\u00e9couvrirent en p\u00e9n\u00e9trant dans le temple <strong>Dagon<\/strong> avec sa <em>main bris\u00e9e<\/em> <strong>et sa <em>t\u00eate d\u00e9capit\u00e9e;<\/em><\/strong> ainsi<strong> lorsque l\u2019Arche de Dieu, <\/strong>c\u2019est \u00e0 dire<strong> le Christ arriva en Egypte <\/strong>les idoles furent bris\u00e9es.<strong><br \/>\n<\/strong><\/p>\n","protected":false},"excerpt":{"rendered":"<p>A7. La chute des idoles \/ Interpr\u00e9tation De m\u00eame que Mo\u00efse lorsqu\u2019il descendit du sommet de la montagne, vit un veau d\u2019or, que Aaron avait model\u00e9 et brisa lui-m\u00eame les tables de la loi et le veau; ainsi lorsque le<\/p>\n","protected":false},"author":1,"featured_media":0,"parent":33,"menu_order":5,"comment_status":"closed","ping_status":"closed","template":"","meta":{"footnotes":""},"_links":{"self":[{"href":"http:\/\/image-bible.ch\/index.php?rest_route=\/wp\/v2\/pages\/628"}],"collection":[{"href":"http:\/\/image-bible.ch\/index.php?rest_route=\/wp\/v2\/pages"}],"about":[{"href":"http:\/\/image-bible.ch\/index.php?rest_route=\/wp\/v2\/types\/page"}],"author":[{"embeddable":true,"href":"http:\/\/image-bible.ch\/index.php?rest_route=\/wp\/v2\/users\/1"}],"replies":[{"embeddable":true,"href":"http:\/\/image-bible.ch\/index.php?rest_route=%2Fwp%2Fv2%2Fcomments&post=628"}],"version-history":[{"count":6,"href":"http:\/\/image-bible.ch\/index.php?rest_route=\/wp\/v2\/pages\/628\/revisions"}],"predecessor-version":[{"id":6226,"href":"http:\/\/image-bible.ch\/index.php?rest_route=\/wp\/v2\/pages\/628\/revisions\/6226"}],"up":[{"embeddable":true,"href":"http:\/\/image-bible.ch\/index.php?rest_route=\/wp\/v2\/pages\/33"}],"wp:attachment":[{"href":"http:\/\/image-bible.ch\/index.php?rest_route=%2Fwp%2Fv2%2Fmedia&parent=628"}],"curies":[{"name":"wp","href":"https:\/\/api.w.org\/{rel}","templated":true}]}}