{"id":632,"date":"2021-03-04T14:43:54","date_gmt":"2021-03-04T13:43:54","guid":{"rendered":"http:\/\/image-bible.ch\/?page_id=632"},"modified":"2021-09-15T18:19:30","modified_gmt":"2021-09-15T16:19:30","slug":"a7-7-fete-juive","status":"publish","type":"page","link":"http:\/\/image-bible.ch\/?page_id=632","title":{"rendered":"A7.7 \/ F\u00eate juive et chr\u00e9tienne"},"content":{"rendered":"<p style=\"text-align: center;\"><span style=\"font-size: 14pt; font-family: 'comic sans ms', sans-serif;\">A7. La chute des idoles \/ F\u00eate juive et chr\u00e9tienne<\/span><\/p>\n<p>Pas de f\u00eate de ce r\u00e9cit qui ne se trouve pas dans les \u00e9vangiles.<\/p>\n","protected":false},"excerpt":{"rendered":"<p>A7. La chute des idoles \/ F\u00eate juive et chr\u00e9tienne Pas de f\u00eate de ce r\u00e9cit qui ne se trouve pas dans les \u00e9vangiles.<\/p>\n","protected":false},"author":1,"featured_media":0,"parent":33,"menu_order":7,"comment_status":"closed","ping_status":"closed","template":"","meta":{"footnotes":""},"_links":{"self":[{"href":"http:\/\/image-bible.ch\/index.php?rest_route=\/wp\/v2\/pages\/632"}],"collection":[{"href":"http:\/\/image-bible.ch\/index.php?rest_route=\/wp\/v2\/pages"}],"about":[{"href":"http:\/\/image-bible.ch\/index.php?rest_route=\/wp\/v2\/types\/page"}],"author":[{"embeddable":true,"href":"http:\/\/image-bible.ch\/index.php?rest_route=\/wp\/v2\/users\/1"}],"replies":[{"embeddable":true,"href":"http:\/\/image-bible.ch\/index.php?rest_route=%2Fwp%2Fv2%2Fcomments&post=632"}],"version-history":[{"count":5,"href":"http:\/\/image-bible.ch\/index.php?rest_route=\/wp\/v2\/pages\/632\/revisions"}],"predecessor-version":[{"id":5911,"href":"http:\/\/image-bible.ch\/index.php?rest_route=\/wp\/v2\/pages\/632\/revisions\/5911"}],"up":[{"embeddable":true,"href":"http:\/\/image-bible.ch\/index.php?rest_route=\/wp\/v2\/pages\/33"}],"wp:attachment":[{"href":"http:\/\/image-bible.ch\/index.php?rest_route=%2Fwp%2Fv2%2Fmedia&parent=632"}],"curies":[{"name":"wp","href":"https:\/\/api.w.org\/{rel}","templated":true}]}}