{"id":693,"date":"2021-03-04T15:54:27","date_gmt":"2021-03-04T14:54:27","guid":{"rendered":"http:\/\/image-bible.ch\/?page_id=693"},"modified":"2021-09-21T11:06:03","modified_gmt":"2021-09-21T09:06:03","slug":"a9-4-ancien-testament","status":"publish","type":"page","link":"http:\/\/image-bible.ch\/?page_id=693","title":{"rendered":"A9.4 \/ Ancien-Testament"},"content":{"rendered":"<p style=\"text-align: center;\"><span style=\"font-family: 'comic sans ms', sans-serif; font-size: 14pt;\">A9. J\u00e9sus revient d\u2019Egypte \/ Ancien-Testament<\/span><\/p>\n<p style=\"text-align: justify;\"><img loading=\"lazy\" decoding=\"async\" class=\"alignnone size-medium wp-image-5510\" src=\"http:\/\/image-bible.ch\/wp-content\/uploads\/2021\/05\/9.-Retour-de-lEgypte-A-Lea-Rachel-Jacob-186x300.jpg\" alt=\"\" width=\"186\" height=\"300\" srcset=\"http:\/\/image-bible.ch\/wp-content\/uploads\/2021\/05\/9.-Retour-de-lEgypte-A-Lea-Rachel-Jacob-186x300.jpg 186w, http:\/\/image-bible.ch\/wp-content\/uploads\/2021\/05\/9.-Retour-de-lEgypte-A-Lea-Rachel-Jacob.jpg 307w\" sizes=\"(max-width: 186px) 100vw, 186px\" \/><\/p>\n<h3 style=\"text-align: justify;\"><strong>Le retour de Jacob et sa famille<\/strong><\/h3>\n<p style=\"text-align: justify;\"><i>Gn 32,14-22 :<\/i><\/p>\n<p style=\"text-align: justify;\"><sup><span class=\"verse_number\" style=\"color: #0000ff;\">14<\/span><\/sup> <strong>Jacob<\/strong> passa la nuit \u00e0 cet endroit, puis, sur ce qu\u2019il avait acquis, il <em>pr\u00e9leva un pr\u00e9sent<\/em> pour son fr\u00e8re <strong>\u00c9sa\u00fc<\/strong> : <sup><span class=\"verse_number\" style=\"color: #0000ff;\">15<\/span><\/sup> deux cents ch\u00e8vres, vingt boucs, deux cents brebis et vingt b\u00e9liers, <sup><span class=\"verse_number\" style=\"color: #0000ff;\">16<\/span><\/sup> trente chamelles laiti\u00e8res avec leurs petits, quarante vaches et dix taureaux, vingt \u00e2nesses et dix \u00e2nons.<\/p>\n<p style=\"text-align: justify;\"><sup><span class=\"verse_number\" style=\"color: #0000ff;\">17<\/span><\/sup> Il confia les b\u00eates aux mains de ses <strong>serviteurs<\/strong>, troupeau par troupeau, et leur dit\u00a0: \u00ab\u00a0Passez devant moi, et vous laisserez un espace entre chaque troupeau.\u00a0\u00bb<\/p>\n<p style=\"text-align: justify;\"><sup><span class=\"verse_number\" style=\"color: #0000ff;\">18<\/span><\/sup> Puis il donna cet ordre au premier serviteur : \u00ab Quand mon fr\u00e8re \u00c9sa\u00fc te rencontrera et te demandera : \u201c\u00c0 qui appartiens-tu ? O\u00f9 vas-tu ? \u00c0 qui appartient ce troupeau qui est l\u00e0 devant toi ?\u201d, <sup><span class=\"verse_number\" style=\"color: #0000ff;\">19<\/span><\/sup> tu r\u00e9pondras\u00a0: \u201c<em>\u00c0 ton serviteur, \u00e0 Jacob<\/em>. C\u2019est un <em>pr\u00e9sent<\/em> qu\u2019il envoie \u00e0 mon seigneur, \u00e0 \u00c9sa\u00fc\u00a0; et le voici, lui-m\u00eame, derri\u00e8re nous.\u201d\u00a0\u00bb<\/p>\n<p style=\"text-align: justify;\"><sup><span class=\"verse_number\" style=\"color: #0000ff;\">20<\/span><\/sup> Il donna le m\u00eame ordre au deuxi\u00e8me, puis au troisi\u00e8me, bref \u00e0 tous ceux qui marchaient derri\u00e8re les troupeaux. Il disait\u00a0: \u00ab\u00a0C\u2019est en ces termes que vous parlerez \u00e0 \u00c9sa\u00fc quand vous le trouverez.<\/p>\n<p style=\"text-align: justify;\"><sup><span class=\"verse_number\" style=\"color: #0000ff;\">21<\/span><\/sup> Vous direz\u00a0: \u201cVoici que ton serviteur Jacob arrive derri\u00e8re nous\u201d.\u00a0\u00bb En effet, Jacob disait\u00a0: \u00ab\u00a0<em>Je l\u2019apaiserai<\/em> avec le pr\u00e9sent qui m\u2019aura pr\u00e9c\u00e9d\u00e9\u00a0; ensuite je pourrai <span style=\"color: #ff0000;\">para\u00eetre devant sa face<\/span>. Peut-\u00eatre me fera-t-il <em>bon accueil<\/em>.\u00a0\u00bb<\/p>\n<p style=\"text-align: justify;\"><sup><span class=\"verse_number\" style=\"color: #0000ff;\">22 <\/span><\/sup>Ainsi le pr\u00e9sent pr\u00e9c\u00e9da Jacob. Et lui-m\u00eame passa la nuit au camp.<\/p>\n<p style=\"text-align: justify;\"><sup><span class=\"verse_number\" style=\"color: #0000ff;\">23<\/span><\/sup> Cette nuit-l\u00e0, Jacob se leva, il prit ses deux femmes, ses deux servantes, ses onze enfants, et<em> passa le gu\u00e9 du Yabboq<\/em>.<\/p>\n<p style=\"text-align: justify;\"><sup><span class=\"verse_number\" style=\"color: #0000ff;\">24<\/span><\/sup> \u00a0Il leur fit passer le torrent et fit aussi passer ce qui lui appartenait.<\/p>\n<p style=\"text-align: justify;\"><em>Puis c&rsquo;est le combat avec l&rsquo;ange. Jacob triomphe mais reste boiteux. Ce combat int\u00e9rieur est la pr\u00e9figuration de la paix ext\u00e9rieure retrouv\u00e9e avec \u00c9sa\u00fc son fr\u00e8re.<\/em><\/p>\n<p><strong>Vocabulaire :<\/strong><\/p>\n<p>&nbsp;<\/p>\n<p style=\"text-align: justify;\"><strong>Questions :<\/strong><\/p>\n<p style=\"text-align: justify;\"><strong>Commentaire :<\/strong><\/p>\n<p style=\"text-align: justify;\"><img loading=\"lazy\" decoding=\"async\" class=\"alignnone size-medium wp-image-5511\" src=\"http:\/\/image-bible.ch\/wp-content\/uploads\/2021\/05\/9.-Retour-de-lEgypte-B-David-205x300.jpg\" alt=\"\" width=\"205\" height=\"300\" srcset=\"http:\/\/image-bible.ch\/wp-content\/uploads\/2021\/05\/9.-Retour-de-lEgypte-B-David-205x300.jpg 205w, http:\/\/image-bible.ch\/wp-content\/uploads\/2021\/05\/9.-Retour-de-lEgypte-B-David.jpg 324w\" sizes=\"(max-width: 205px) 100vw, 205px\" \/><\/p>\n<h3 style=\"text-align: justify;\"><strong> Le retour de David \u00e0 H\u00e9bron<\/strong><\/h3>\n<p style=\"text-align: justify;\"><i>2 Sm 2,1 -3 <\/i><em>Apr\u00e8s la mort du roi Sa\u00fcl :<\/em><\/p>\n<p style=\"text-align: justify;\"><sup><span class=\"verse_number\" style=\"color: #0000ff;\">1<\/span><\/sup> Voici ce qui arriva ensuite. David consulta le Seigneur\u00a0: \u00ab\u00a0Dois-je monter dans l\u2019une des villes de Juda\u00a0?\u00a0\u00bb Le Seigneur lui dit\u00a0: \u00ab\u00a0Monte.\u00a0\u00bb David demanda\u00a0: \u00ab\u00a0O\u00f9 dois-je monter\u00a0?\u00a0\u00bb Et le Seigneur dit\u00a0: \u00ab\u00a0\u00c0 H\u00e9bron.\u00a0\u00bb<\/p>\n<p style=\"text-align: justify;\"><sup><span class=\"verse_number\" style=\"color: #0000ff;\">2<\/span><\/sup> David y monta, ainsi que ses deux femmes, Ahinoam de Yizr\u00e9el, et Abiga\u00efl, femme de Nabal de Carmel.<\/p>\n<p style=\"text-align: justify;\"><sup><span class=\"verse_number\" style=\"color: #0000ff;\">3<\/span><\/sup> Quant aux hommes qui \u00e9taient avec lui, David les fit aussi monter, chacun avec sa famille\u00a0; et ils habit\u00e8rent dans les villes qui d\u00e9pendaient d\u2019H\u00e9bron.<\/p>\n<p><strong>Questions :<\/strong><\/p>\n<p>&nbsp;<\/p>\n<p><strong>Vocabulaire :<\/strong><\/p>\n<p>&nbsp;<\/p>\n<p><strong>Commentaire :<\/strong><\/p>\n<p>&nbsp;<\/p>\n<p><img loading=\"lazy\" decoding=\"async\" class=\"alignnone size-medium wp-image-5512\" src=\"http:\/\/image-bible.ch\/wp-content\/uploads\/2021\/05\/9.-Retour-de-lEgypte-C-300x231.jpg\" alt=\"\" width=\"300\" height=\"231\" srcset=\"http:\/\/image-bible.ch\/wp-content\/uploads\/2021\/05\/9.-Retour-de-lEgypte-C-300x231.jpg 300w, http:\/\/image-bible.ch\/wp-content\/uploads\/2021\/05\/9.-Retour-de-lEgypte-C.jpg 652w\" sizes=\"(max-width: 300px) 100vw, 300px\" \/><\/p>\n<p style=\"text-align: justify;\"><i><strong>David :<\/strong> Ps 105,4 <\/i><em>: Souviens-toi de moi, Seigneur, dans ta bienveillance pour ton peuple ; toi qui le sauves, visite-moi<\/em><\/p>\n<p style=\"text-align: justify;\"><i><strong>Os\u00e9e :<\/strong> Os 11,1 : <\/i><em>Oui, j\u2019ai aim\u00e9 Isra\u00ebl d\u00e8s son enfance, et, pour le faire sortir d\u2019\u00c9gypte, j\u2019ai appel\u00e9 mon fils.<\/em><\/p>\n<p style=\"text-align: justify;\"><i><strong>Os\u00e9e :<\/strong> Os 11,7 : <\/i><em>Mon peuple s\u2019accroche \u00e0 son infid\u00e9lit\u00e9 ; on l\u2019appelle vers le haut ; aucun ne s\u2019\u00e9l\u00e8ve.<\/em><\/p>\n<p style=\"text-align: justify;\"><i><strong>Zacharie<\/strong> : Za 1,16 : <\/i><em>C\u2019est pourquoi, ainsi parle le Seigneur\u00a0: De nouveau je me tourne vers J\u00e9rusalem avec compassion\u00a0; ma Maison y sera reb\u00e2tie \u2013\u00a0oracle du Seigneur de l\u2019univers\u00a0\u2013, et le cordeau \u00e0 mesurer sera tendu sur<\/em> <em>J\u00e9rusalem.<\/em><\/p>\n","protected":false},"excerpt":{"rendered":"<p>A9. J\u00e9sus revient d\u2019Egypte \/ Ancien-Testament Le retour de Jacob et sa famille Gn 32,14-22 : 14 Jacob passa la nuit \u00e0 cet endroit, puis, sur ce qu\u2019il avait acquis, il pr\u00e9leva un pr\u00e9sent pour son fr\u00e8re \u00c9sa\u00fc : 15<\/p>\n","protected":false},"author":1,"featured_media":0,"parent":37,"menu_order":4,"comment_status":"closed","ping_status":"closed","template":"","meta":{"footnotes":""},"_links":{"self":[{"href":"http:\/\/image-bible.ch\/index.php?rest_route=\/wp\/v2\/pages\/693"}],"collection":[{"href":"http:\/\/image-bible.ch\/index.php?rest_route=\/wp\/v2\/pages"}],"about":[{"href":"http:\/\/image-bible.ch\/index.php?rest_route=\/wp\/v2\/types\/page"}],"author":[{"embeddable":true,"href":"http:\/\/image-bible.ch\/index.php?rest_route=\/wp\/v2\/users\/1"}],"replies":[{"embeddable":true,"href":"http:\/\/image-bible.ch\/index.php?rest_route=%2Fwp%2Fv2%2Fcomments&post=693"}],"version-history":[{"count":7,"href":"http:\/\/image-bible.ch\/index.php?rest_route=\/wp\/v2\/pages\/693\/revisions"}],"predecessor-version":[{"id":6219,"href":"http:\/\/image-bible.ch\/index.php?rest_route=\/wp\/v2\/pages\/693\/revisions\/6219"}],"up":[{"embeddable":true,"href":"http:\/\/image-bible.ch\/index.php?rest_route=\/wp\/v2\/pages\/37"}],"wp:attachment":[{"href":"http:\/\/image-bible.ch\/index.php?rest_route=%2Fwp%2Fv2%2Fmedia&parent=693"}],"curies":[{"name":"wp","href":"https:\/\/api.w.org\/{rel}","templated":true}]}}