{"id":6979,"date":"2022-07-05T14:40:10","date_gmt":"2022-07-05T12:40:10","guid":{"rendered":"http:\/\/image-bible.ch\/?page_id=6979"},"modified":"2024-11-08T16:19:50","modified_gmt":"2024-11-08T15:19:50","slug":"24-la-guerison-du-lepreux-images","status":"publish","type":"page","link":"http:\/\/image-bible.ch\/?page_id=6979","title":{"rendered":"24. La gu\u00e9rison du l\u00e9preux &#8211; Images"},"content":{"rendered":"<p style=\"text-align: center;\"><strong>24. La gu\u00e9rison du l\u00e9preux &#8211; Images<\/strong><\/p>\n<p><img loading=\"lazy\" decoding=\"async\" class=\"alignnone size-medium wp-image-6813\" src=\"http:\/\/image-bible.ch\/wp-content\/uploads\/24a_Guerisson-lepreux_Mt8-300x247.jpg\" alt=\"\" width=\"300\" height=\"247\" srcset=\"http:\/\/image-bible.ch\/wp-content\/uploads\/24a_Guerisson-lepreux_Mt8-300x247.jpg 300w, http:\/\/image-bible.ch\/wp-content\/uploads\/24a_Guerisson-lepreux_Mt8-1024x842.jpg 1024w, http:\/\/image-bible.ch\/wp-content\/uploads\/24a_Guerisson-lepreux_Mt8-768x632.jpg 768w, http:\/\/image-bible.ch\/wp-content\/uploads\/24a_Guerisson-lepreux_Mt8.jpg 1205w\" sizes=\"(max-width: 300px) 100vw, 300px\" \/><\/p>\n<div id='gallery-1' class='gallery galleryid-6979 gallery-columns-3 gallery-size-medium'><figure class='gallery-item'>\n\t\t\t<div class='gallery-icon portrait'>\n\t\t\t\t<a href='http:\/\/image-bible.ch\/?attachment_id=9145'><img loading=\"lazy\" decoding=\"async\" width=\"214\" height=\"300\" src=\"http:\/\/image-bible.ch\/wp-content\/uploads\/19.-Naaman-guerit-lepre_2R5-214x300.jpg\" class=\"attachment-medium size-medium\" alt=\"\" aria-describedby=\"gallery-1-9145\" srcset=\"http:\/\/image-bible.ch\/wp-content\/uploads\/19.-Naaman-guerit-lepre_2R5-214x300.jpg 214w, http:\/\/image-bible.ch\/wp-content\/uploads\/19.-Naaman-guerit-lepre_2R5-730x1024.jpg 730w, http:\/\/image-bible.ch\/wp-content\/uploads\/19.-Naaman-guerit-lepre_2R5-768x1077.jpg 768w, http:\/\/image-bible.ch\/wp-content\/uploads\/19.-Naaman-guerit-lepre_2R5-1095x1536.jpg 1095w, http:\/\/image-bible.ch\/wp-content\/uploads\/19.-Naaman-guerit-lepre_2R5.jpg 1231w\" sizes=\"(max-width: 214px) 100vw, 214px\" \/><\/a>\n\t\t\t<\/div>\n\t\t\t\t<figcaption class='wp-caption-text gallery-caption' id='gallery-1-9145'>\n\t\t\t\tG\u00e9rison de Naaman\n\t\t\t\t<\/figcaption><\/figure><figure class='gallery-item'>\n\t\t\t<div class='gallery-icon portrait'>\n\t\t\t\t<a href='http:\/\/image-bible.ch\/?attachment_id=9146'><img loading=\"lazy\" decoding=\"async\" width=\"219\" height=\"300\" src=\"http:\/\/image-bible.ch\/wp-content\/uploads\/19_Lepreux-se-presente-au-prete_Lv-13-2-22-219x300.jpg\" class=\"attachment-medium size-medium\" alt=\"\" aria-describedby=\"gallery-1-9146\" srcset=\"http:\/\/image-bible.ch\/wp-content\/uploads\/19_Lepreux-se-presente-au-prete_Lv-13-2-22-219x300.jpg 219w, http:\/\/image-bible.ch\/wp-content\/uploads\/19_Lepreux-se-presente-au-prete_Lv-13-2-22-748x1024.jpg 748w, http:\/\/image-bible.ch\/wp-content\/uploads\/19_Lepreux-se-presente-au-prete_Lv-13-2-22-768x1051.jpg 768w, http:\/\/image-bible.ch\/wp-content\/uploads\/19_Lepreux-se-presente-au-prete_Lv-13-2-22-1123x1536.jpg 1123w, http:\/\/image-bible.ch\/wp-content\/uploads\/19_Lepreux-se-presente-au-prete_Lv-13-2-22.jpg 1366w\" sizes=\"(max-width: 219px) 100vw, 219px\" \/><\/a>\n\t\t\t<\/div>\n\t\t\t\t<figcaption class='wp-caption-text gallery-caption' id='gallery-1-9146'>\n\t\t\t\tun l\u00e9preux se pr\u00e9sente au pr\u00eatre\n\t\t\t\t<\/figcaption><\/figure>\n\t\t<\/div>\n\n<p>&nbsp;<\/p>\n<p>&nbsp;<\/p>\n","protected":false},"excerpt":{"rendered":"<p>24. La gu\u00e9rison du l\u00e9preux &#8211; Images &nbsp; &nbsp;<\/p>\n","protected":false},"author":1,"featured_media":0,"parent":0,"menu_order":0,"comment_status":"closed","ping_status":"closed","template":"","meta":{"footnotes":""},"_links":{"self":[{"href":"http:\/\/image-bible.ch\/index.php?rest_route=\/wp\/v2\/pages\/6979"}],"collection":[{"href":"http:\/\/image-bible.ch\/index.php?rest_route=\/wp\/v2\/pages"}],"about":[{"href":"http:\/\/image-bible.ch\/index.php?rest_route=\/wp\/v2\/types\/page"}],"author":[{"embeddable":true,"href":"http:\/\/image-bible.ch\/index.php?rest_route=\/wp\/v2\/users\/1"}],"replies":[{"embeddable":true,"href":"http:\/\/image-bible.ch\/index.php?rest_route=%2Fwp%2Fv2%2Fcomments&post=6979"}],"version-history":[{"count":4,"href":"http:\/\/image-bible.ch\/index.php?rest_route=\/wp\/v2\/pages\/6979\/revisions"}],"predecessor-version":[{"id":9147,"href":"http:\/\/image-bible.ch\/index.php?rest_route=\/wp\/v2\/pages\/6979\/revisions\/9147"}],"wp:attachment":[{"href":"http:\/\/image-bible.ch\/index.php?rest_route=%2Fwp%2Fv2%2Fmedia&parent=6979"}],"curies":[{"name":"wp","href":"https:\/\/api.w.org\/{rel}","templated":true}]}}