{"id":6981,"date":"2022-07-05T14:41:28","date_gmt":"2022-07-05T12:41:28","guid":{"rendered":"http:\/\/image-bible.ch\/?page_id=6981"},"modified":"2024-11-08T16:21:12","modified_gmt":"2024-11-08T15:21:12","slug":"24-la-guerison-du-lepreux-nouveau-testament","status":"publish","type":"page","link":"http:\/\/image-bible.ch\/?page_id=6981","title":{"rendered":"24. La gu\u00e9rison du l\u00e9preux &#8211; Nouveau testament"},"content":{"rendered":"<p style=\"text-align: center;\"><strong>24. La gu\u00e9rison du l\u00e9preux &#8211; Nouveau testament<\/strong><\/p>\n<p><img loading=\"lazy\" decoding=\"async\" class=\"alignnone size-medium wp-image-6813\" src=\"http:\/\/image-bible.ch\/wp-content\/uploads\/24a_Guerisson-lepreux_Mt8-300x247.jpg\" alt=\"\" width=\"300\" height=\"247\" srcset=\"http:\/\/image-bible.ch\/wp-content\/uploads\/24a_Guerisson-lepreux_Mt8-300x247.jpg 300w, http:\/\/image-bible.ch\/wp-content\/uploads\/24a_Guerisson-lepreux_Mt8-1024x842.jpg 1024w, http:\/\/image-bible.ch\/wp-content\/uploads\/24a_Guerisson-lepreux_Mt8-768x632.jpg 768w, http:\/\/image-bible.ch\/wp-content\/uploads\/24a_Guerisson-lepreux_Mt8.jpg 1205w\" sizes=\"(max-width: 300px) 100vw, 300px\" \/><\/p>\n<p><span style=\"color: #0000ff;\">Mt 8,1-4<\/span><\/p>\n<p><span class=\"versenumber\"><sup>1<\/sup><\/span> Lorsque J\u00e9sus descendit de la montagne, des foules nombreuses le suivirent.<\/p>\n<p><span class=\"versenumber\"><sup>2<\/sup><\/span> Et voici qu\u2019un l\u00e9preux s\u2019approcha, se prosterna devant lui et dit\u00a0: \u00ab\u00a0Seigneur, si tu le veux, tu peux me purifier.\u00a0\u00bb<\/p>\n<p><span class=\"versenumber\"><sup>3<\/sup><\/span> J\u00e9sus \u00e9tendit la main, le toucha et lui dit\u00a0: \u00ab\u00a0Je le veux, sois purifi\u00e9.\u00a0\u00bb Et aussit\u00f4t il fut purifi\u00e9 de sa l\u00e8pre.<\/p>\n<p><span class=\"versenumber\"><sup>4<\/sup><\/span> J\u00e9sus lui dit\u00a0: \u00ab\u00a0Attention, ne dis rien \u00e0 personne, mais va te montrer au pr\u00eatre. Et donne l\u2019offrande que Mo\u00efse a prescrite\u00a0: ce sera pour les gens un t\u00e9moignage.\u00a0\u00bb<\/p>\n<p><strong><span style=\"color: #993300;\">Vocabulaire :<\/span><\/strong><\/p>\n<p>&nbsp;<\/p>\n<p><strong><span style=\"color: #0000ff;\">Questions :<\/span><\/strong><\/p>\n<p>&nbsp;<\/p>\n<p><strong>Commentaire :<\/strong><\/p>\n<p>La demande du l\u00e9preux est exemplaire :\u00a0 \u00ab\u00a0Seigneur, si tu le veux, tu peux me purifier.\u00a0\u00bb<br \/>\nElle est \u00e0 la fois une confiance totale en ce que J\u00e9sus est capable de faire (tu peux me purifier) et en m\u00eame temps un abandon aussi total \u00e0 la volont\u00e9 de J\u00e9sus (si tu le veux).<br \/>\nNous pouvons traduire cette demande par le \u00ab\u00a0s&rsquo;il te pla\u00eet\u00a0\u00bb.<\/p>\n<p>\u00c0 l&rsquo;\u00e9poque de J\u00e9sus, le l\u00e9preux est totalement rejet\u00e9 par la soci\u00e9t\u00e9. En s\u2019approchant d\u2019un l\u00e9preux, on s\u2019exposait \u00e0 contracter sa maladie ainsi que son impuret\u00e9, une salissure spirituelle. C\u2019est pour cela que les l\u00e9preux \u00e9taient exclus de la communaut\u00e9 humaine et religieuse : d\u00e8s les premiers signes, la personne doit consulter un pr\u00eatre charg\u00e9 de la d\u00e9clarer \u00ab\u00a0impure\u00a0\u00bb. Et si le malade gu\u00e9rit, il doit revoir le pr\u00eatre pour qu&rsquo;il le d\u00e9clare \u00ab\u00a0pur\u00a0\u00bb et lui permette de revenir vivre parmi les autres.<\/p>\n<p>Cet homme marqu\u00e9 du sceau de l\u2019impuret\u00e9 et qui doit se tenir \u00e0 distance s\u2019approche de J\u00e9sus avec confiance, d\u00e9f\u00e9rence et humilit\u00e9\u00a0: Il tombe \u00e0 ses genoux. \u00ab\u00a0Si tu le veux, tu peux me purifier\u00a0\u00bb (v. 41). Il s\u2019en remet \u00e0 sa bienveillance. Quelle intensit\u00e9 et profondeur de ce moment v\u00e9cu par le malade humili\u00e9 par son entourage\u00a0? Quel avenir se dessine pour lui, la r\u00e9alit\u00e9 future qui va d\u00e9passer tout ce qu\u2019il conna\u00eet dans sa chair et dans ses relations\u00a0? Sa foi et son esp\u00e9rance lui permettent de braver les interdits et de croire que gr\u00e2ce \u00e0 J\u00e9sus sa vie aura d\u00e9sormais un sens.<\/p>\n<p>J\u00e9sus, saisi de compassion, accueille avec amour la confiance de cet homme m\u00e9pris\u00e9. Il acquiesce en reprenant les mots m\u00eames de son interlocuteur. Il le touche et lui dit : \u00ab\u00a0Je le veux, sois purifi\u00e9\u00a0\u00bb (v. 41). J\u00e9sus lui rend sa dignit\u00e9, Il recr\u00e9e la relation, lui offre un avenir, lui permet d\u2019acc\u00e9der \u00e0 son vrai visage. En touchant le l\u00e9preux, J\u00e9sus ne craint pas la contagion\u00a0; Il pose un geste scandaleux, inacceptable pour un Juif. N\u2019est-il pas venu pour les pauvres, annoncer aux captifs la d\u00e9livrance et aux aveugles le retour \u00e0 la vue, rendre la libert\u00e9 aux opprim\u00e9s (Lc 4,18)\u00a0? Cette transgression de J\u00e9sus qui le rend impur l\u00e9galement est un d\u00e9passement de la Loi ancienne. C&rsquo;est l\u2019heure o\u00f9 Il affirme son identit\u00e9 et sa mission\u00a0; o\u00f9 Il manifeste la tendresse et l\u2019engagement de son P\u00e8re pour les plus faibles\u00a0; o\u00f9 Il poursuit sa lutte contre le p\u00e9ch\u00e9, contre cette id\u00e9e que le l\u00e9preux est moralement responsable de sa maladie. Quatre fois le mot \u00ab\u00a0purifi\u00e9\u00a0\u00bb est utilis\u00e9, indiquant l\u2019importance de cette exigence et l\u2019entr\u00e9e en relation avec Dieu. En demandant au l\u00e9preux de se taire, c&rsquo;est comme si J\u00e9sus refusait qu&rsquo;on le voie comme un magicien. Pour lui la gu\u00e9rison n&rsquo;est pas simplement celle du corps. La l\u00e8pre est une image du p\u00e9ch\u00e9\u00a0: elle commence par une petite tache qui grandit jusqu&rsquo;\u00e0 d\u00e9former le corps et provoquer la mort. Le p\u00e9ch\u00e9 commence aussi par de petites taches, petits mensonges ou petites moqueries, qui s&rsquo;attaquent \u00e0 l&rsquo;\u00e2me et la d\u00e9truisent peu \u00e0 peu. En \u00ab\u00a0purifiant\u00a0\u00bb le l\u00e9preux, J\u00e9sus montre ce que signifie \u00ab\u00a0sauver\u00a0\u00bb les hommes\u00a0: c&rsquo;est leur permettre de rester \u00ab\u00a0vivants\u00a0\u00bb. Mais cela demande un effort de notre part, une volont\u00e9 d&rsquo;\u00eatre gu\u00e9rit, comme le l\u00e9preux quand il ose sortir pour aller \u00e0 la rencontre de J\u00e9sus.<\/p>\n","protected":false},"excerpt":{"rendered":"<p>24. La gu\u00e9rison du l\u00e9preux &#8211; Nouveau testament Mt 8,1-4 1 Lorsque J\u00e9sus descendit de la montagne, des foules nombreuses le suivirent. 2 Et voici qu\u2019un l\u00e9preux s\u2019approcha, se prosterna devant lui et dit\u00a0: \u00ab\u00a0Seigneur, si tu le veux, tu<\/p>\n","protected":false},"author":1,"featured_media":0,"parent":0,"menu_order":0,"comment_status":"closed","ping_status":"closed","template":"","meta":{"footnotes":""},"_links":{"self":[{"href":"http:\/\/image-bible.ch\/index.php?rest_route=\/wp\/v2\/pages\/6981"}],"collection":[{"href":"http:\/\/image-bible.ch\/index.php?rest_route=\/wp\/v2\/pages"}],"about":[{"href":"http:\/\/image-bible.ch\/index.php?rest_route=\/wp\/v2\/types\/page"}],"author":[{"embeddable":true,"href":"http:\/\/image-bible.ch\/index.php?rest_route=\/wp\/v2\/users\/1"}],"replies":[{"embeddable":true,"href":"http:\/\/image-bible.ch\/index.php?rest_route=%2Fwp%2Fv2%2Fcomments&post=6981"}],"version-history":[{"count":4,"href":"http:\/\/image-bible.ch\/index.php?rest_route=\/wp\/v2\/pages\/6981\/revisions"}],"predecessor-version":[{"id":9148,"href":"http:\/\/image-bible.ch\/index.php?rest_route=\/wp\/v2\/pages\/6981\/revisions\/9148"}],"wp:attachment":[{"href":"http:\/\/image-bible.ch\/index.php?rest_route=%2Fwp%2Fv2%2Fmedia&parent=6981"}],"curies":[{"name":"wp","href":"https:\/\/api.w.org\/{rel}","templated":true}]}}