{"id":745,"date":"2021-03-05T10:44:29","date_gmt":"2021-03-05T09:44:29","guid":{"rendered":"http:\/\/image-bible.ch\/?page_id=745"},"modified":"2021-09-21T20:20:12","modified_gmt":"2021-09-21T18:20:12","slug":"b1-1-la-bible-des-pauvres","status":"publish","type":"page","link":"http:\/\/image-bible.ch\/?page_id=745","title":{"rendered":"B10.1 \/ La Bible des pauvres"},"content":{"rendered":"<p style=\"text-align: center;\"><span style=\"font-family: 'comic sans ms', sans-serif; font-size: 14pt;\">B10 &#8211; Bapt\u00eame de J\u00e9sus \/ La Bible des pauvres<\/span><\/p>\n<p><img loading=\"lazy\" decoding=\"async\" class=\"alignnone size-medium wp-image-5553\" src=\"http:\/\/image-bible.ch\/wp-content\/uploads\/2021\/05\/10.-Bapteme-de-Jesus-197x300.jpg\" alt=\"\" width=\"197\" height=\"300\" srcset=\"http:\/\/image-bible.ch\/wp-content\/uploads\/2021\/05\/10.-Bapteme-de-Jesus-197x300.jpg 197w, http:\/\/image-bible.ch\/wp-content\/uploads\/2021\/05\/10.-Bapteme-de-Jesus.jpg 630w\" sizes=\"(max-width: 197px) 100vw, 197px\" \/><\/p>\n<p><strong>Types :<\/strong> Les \u00e9claireurs avec la grappe de raisin &#8211; La travers\u00e9e de la mer rouge<\/p>\n<p><strong>Antitype :<\/strong> Le bapt\u00eame du Christ<\/p>\n<p>Dans le livre des nombres on lit : les \u00e9claireurs, qui avaient \u00e9t\u00e9 envoy\u00e9 pour la reconnaissance de la terre promise, \u00e0 leur retour ont coup\u00e9 une grappe de raisin, port\u00e9e sur une branche par deux hommes et l\u2019ont ramen\u00e9e apr\u00e8s avoir travers\u00e9 le Jourdain, comme preuve de l\u2019abondance de ce pays. C\u2019est une bonne figure pour nous qui voulons entrer dans le pays de la promesse, le royaume de Dieu ; pour y entrer nous devons passer par l\u2019eau du bapt\u00eame.<\/p>\n<p><i>Nb 13,22-25 : \u00a0\u00a0Ils mont\u00e8rent par le N\u00e9geb et parvinrent \u00e0 H\u00e9bron, o\u00f9 se trouvaient Ahim\u00e2n, Shesha\u00ef et Talma\u00ef, les Anaqim. H\u00e9bron avait \u00e9t\u00e9 fond\u00e9e sept ans avant Tanis d&rsquo;\u00c9gypte.23.\u00a0Ils parvinrent au val d&rsquo;Eshkol ; ils y coup\u00e8rent un sarment et une grappe de raisin qu&rsquo;ils emport\u00e8rent \u00e0 deux, sur une perche, ainsi que des grenades et des figues.24.\u00a0On appela ce lieu val d&rsquo;Eshkol, \u00e0 cause de la grappe qu&rsquo;y avaient coup\u00e9e les Isra\u00e9lites.25.\u00a0Au bout de quarante jours, ils revinrent de cette reconnaissance du pays.<\/i><\/p>\n<p><i>\u00a0<\/i><\/p>\n<p>Dans l\u2019Exode on lit : Pharaon, lorsqu\u2019il poursuivit les fils d\u2019Isara\u00ebl avec ses chars et ses cavaliers, apr\u00e8s que le peuple eut travers\u00e9 la mer et que Dieu fit reflu\u00e9 les eaux, et ainsi lib\u00e9rer sont peuple. De m\u00eame\u00a0 que Dieu lib\u00e9ra le peuple de la main de ses ennemis en le faisant traverser la mer \u00e0 pied sec, ainsi il lib\u00e8re aussi son peuple du p\u00e9ch\u00e9 originel par l\u2019eau du bapt\u00eame que le Christ a sanctifi\u00e9.<\/p>\n<p><i>Ex 14,23-31 : \u00a0Les \u00c9gyptiens les poursuivirent, et tous les chevaux de Pharaon, ses chars et ses cavaliers p\u00e9n\u00e9tr\u00e8rent \u00e0 leur suite au milieu de la mer.24.\u00a0A la veille du matin, Yahv\u00e9 regarda de la colonne de feu et de nu\u00e9e vers le camp des \u00c9gyptiens, et jeta la confusion vers le camp des \u00c9gyptiens.25.\u00a0Il enraya les roues de leurs chars qui n&rsquo;avan\u00e7aient plus qu&rsquo;\u00e0 grand-peine. Les \u00c9gyptiens dirent : \u00ab Fuyons devant Isra\u00ebl car Yahv\u00e9 combat avec eux contre les \u00c9gyptiens !\u00bb26.\u00a0Yahv\u00e9 dit \u00e0 Mo\u00efse : \u00ab \u00c9tends ta main sur la mer, que les eaux refluent sur les \u00c9gyptiens, sur leurs chars et sur leurs cavaliers. \u00bb27.\u00a0Mo\u00efse \u00e9tendit la main sur la mer et, au point du jour, la mer rentra dans son lit. Les \u00c9gyptiens en fuyant la rencontr\u00e8rent, et Yahv\u00e9 culbuta les \u00c9gyptiens au milieu de la mer.28.\u00a0Les eaux reflu\u00e8rent et recouvrirent les chars et les cavaliers de toute l&rsquo;arm\u00e9e de Pharaon, qui avaient p\u00e9n\u00e9tr\u00e9 derri\u00e8re eux dans la mer. Il n&rsquo;en resta pas un seul.29.\u00a0Les Isra\u00e9lites, eux, march\u00e8rent \u00e0 pied sec au milieu de la mer, et les eaux leur form\u00e8rent une muraille \u00e0 droite et \u00e0 gauche.30.\u00a0Ce jour-l\u00e0, Yahv\u00e9 sauva Isra\u00ebl des mains des \u00c9gyptiens, et Isra\u00ebl vit les \u00c9gyptiens morts au bord de la mer.31.\u00a0Isra\u00ebl vit la prouesse accomplie par Yahv\u00e9 contre les \u00c9gyptiens. Le peuple craignit Yahv\u00e9, il crut en Yahv\u00e9 et en Mo\u00efse son serviteur.<\/i><\/p>\n<p><strong>David :<\/strong><i> Ps 67,27 : <\/i><i>Rassemblez-vous, b\u00e9nissez Dieu ; aux sources d\u2019Isra\u00ebl, il y a le Seigneur !<\/i><\/p>\n<p><strong>Ez\u00e9chiel :<\/strong><i> Ez 36,25 : <\/i><i>Je r\u00e9pandrai sur vous une eau pure, et vous serez purifi\u00e9s ; de toutes vos souillures, de toutes vos idoles, je vous purifierai.<\/i><\/p>\n<p><strong>Isa\u00efe : <\/strong><i>Es 12,3 : <\/i><i>Exultant de joie, vous puiserez les eaux aux sources du salut.<\/i><\/p>\n<p><strong>Zacharie :<\/strong><i> Za 13,1 :<\/i><i>Ce jour-l\u00e0, il y aura une source qui jaillira pour la maison de David et pour les habitants de J\u00e9rusalem : elle les lavera de leur p\u00e9ch\u00e9 et de leur souillure.<\/i><\/p>\n<p>&nbsp;<\/p>\n","protected":false},"excerpt":{"rendered":"<p>B10 &#8211; Bapt\u00eame de J\u00e9sus \/ La Bible des pauvres Types : Les \u00e9claireurs avec la grappe de raisin &#8211; La travers\u00e9e de la mer rouge Antitype : Le bapt\u00eame du Christ Dans le livre des nombres on lit :<\/p>\n","protected":false},"author":1,"featured_media":0,"parent":59,"menu_order":1,"comment_status":"closed","ping_status":"closed","template":"","meta":{"footnotes":""},"_links":{"self":[{"href":"http:\/\/image-bible.ch\/index.php?rest_route=\/wp\/v2\/pages\/745"}],"collection":[{"href":"http:\/\/image-bible.ch\/index.php?rest_route=\/wp\/v2\/pages"}],"about":[{"href":"http:\/\/image-bible.ch\/index.php?rest_route=\/wp\/v2\/types\/page"}],"author":[{"embeddable":true,"href":"http:\/\/image-bible.ch\/index.php?rest_route=\/wp\/v2\/users\/1"}],"replies":[{"embeddable":true,"href":"http:\/\/image-bible.ch\/index.php?rest_route=%2Fwp%2Fv2%2Fcomments&post=745"}],"version-history":[{"count":12,"href":"http:\/\/image-bible.ch\/index.php?rest_route=\/wp\/v2\/pages\/745\/revisions"}],"predecessor-version":[{"id":6260,"href":"http:\/\/image-bible.ch\/index.php?rest_route=\/wp\/v2\/pages\/745\/revisions\/6260"}],"up":[{"embeddable":true,"href":"http:\/\/image-bible.ch\/index.php?rest_route=\/wp\/v2\/pages\/59"}],"wp:attachment":[{"href":"http:\/\/image-bible.ch\/index.php?rest_route=%2Fwp%2Fv2%2Fmedia&parent=745"}],"curies":[{"name":"wp","href":"https:\/\/api.w.org\/{rel}","templated":true}]}}