{"id":883,"date":"2021-03-05T15:44:54","date_gmt":"2021-03-05T14:44:54","guid":{"rendered":"http:\/\/image-bible.ch\/?page_id=883"},"modified":"2024-11-05T16:03:19","modified_gmt":"2024-11-05T15:03:19","slug":"b13-6-icone","status":"publish","type":"page","link":"http:\/\/image-bible.ch\/?page_id=883","title":{"rendered":"B13.6 \/ Ic\u00f4ne"},"content":{"rendered":"\r\n<p style=\"text-align: center;\"><span style=\"font-size: 14pt; font-family: 'comic sans ms', sans-serif;\">B13. Repas chez le pharisien &#8211; Repentir de Marie-Madeleine \/\u00a0 Ic\u00f4ne<\/span><\/p>\r\n<p><img loading=\"lazy\" decoding=\"async\" class=\"alignnone  wp-image-8930\" src=\"http:\/\/image-bible.ch\/wp-content\/uploads\/M22-Jesus-et-Marie-Madeleine-chez-Simon-214x300.jpg\" alt=\"\" width=\"454\" height=\"636\" srcset=\"http:\/\/image-bible.ch\/wp-content\/uploads\/M22-Jesus-et-Marie-Madeleine-chez-Simon-214x300.jpg 214w, http:\/\/image-bible.ch\/wp-content\/uploads\/M22-Jesus-et-Marie-Madeleine-chez-Simon-732x1024.jpg 732w, http:\/\/image-bible.ch\/wp-content\/uploads\/M22-Jesus-et-Marie-Madeleine-chez-Simon-768x1075.jpg 768w, http:\/\/image-bible.ch\/wp-content\/uploads\/M22-Jesus-et-Marie-Madeleine-chez-Simon-1097x1536.jpg 1097w, http:\/\/image-bible.ch\/wp-content\/uploads\/M22-Jesus-et-Marie-Madeleine-chez-Simon-1463x2048.jpg 1463w, http:\/\/image-bible.ch\/wp-content\/uploads\/M22-Jesus-et-Marie-Madeleine-chez-Simon-scaled.jpg 1829w\" sizes=\"(max-width: 454px) 100vw, 454px\" \/><\/p>\r\n<p><em>Marie-Madeleine chez Simon, mosa\u00efque byzantine, cath\u00e9drale de Monreale, Sicile.<\/em><\/p>\r\n<p><img loading=\"lazy\" decoding=\"async\" class=\"alignnone  wp-image-8964\" src=\"http:\/\/image-bible.ch\/wp-content\/uploads\/Le-repas-chez-Simon-Vitrail-14e-s-cathedrale-de-Strasbourg-300x200.jpg\" alt=\"\" width=\"579\" height=\"386\" srcset=\"http:\/\/image-bible.ch\/wp-content\/uploads\/Le-repas-chez-Simon-Vitrail-14e-s-cathedrale-de-Strasbourg-300x200.jpg 300w, http:\/\/image-bible.ch\/wp-content\/uploads\/Le-repas-chez-Simon-Vitrail-14e-s-cathedrale-de-Strasbourg-1024x684.jpg 1024w, http:\/\/image-bible.ch\/wp-content\/uploads\/Le-repas-chez-Simon-Vitrail-14e-s-cathedrale-de-Strasbourg-768x513.jpg 768w, http:\/\/image-bible.ch\/wp-content\/uploads\/Le-repas-chez-Simon-Vitrail-14e-s-cathedrale-de-Strasbourg.jpg 1300w\" sizes=\"(max-width: 579px) 100vw, 579px\" \/><\/p>\r\n<p><em>Vitrail de la cath\u00e9drale de Strasbourg<\/em><\/p>\r\n<p><img loading=\"lazy\" decoding=\"async\" class=\"alignnone  wp-image-8965\" src=\"http:\/\/image-bible.ch\/wp-content\/uploads\/Repas-chez-Simon-Anaphora-Egypte-189x300.jpg\" alt=\"\" width=\"389\" height=\"617\" \/><\/p>\r\n<p>Repas chez Simon, fresque, Anaphora, Egypte.<\/p>\r\n<p class=\"Normallivre\">J\u00e9sus est pensif face \u00e0 Simon le pharisien. Il s\u2019interroge \u00e0 la fois sur le beau geste de la p\u00e9cheresse qui lui lave les pieds, alors que son h\u00f4te avait oubli\u00e9 ce geste d\u2019accueil \u00e9l\u00e9mentaire. Mais il s\u2019interroge encore plus sur l\u2019attitude de ce pharisien, si s\u00fbr de lui et si d\u00e9valorisant envers les p\u00e9cheurs.<\/p>\r\n<p class=\"Normallivre\">Le geste de J\u00e9sus est une invitation \u00e0 entrer par notre c\u0153ur dans la grandeur de la mis\u00e9ricorde de Dieu que J\u00e9sus manifeste par son accueil de chacun tel qu\u2019il est, mais en nous invitant \u00e0 nous convertir pour mieux correspondre au c\u0153ur et \u00e0 l\u2019attitude de Dieu.<\/p>\r\n","protected":false},"excerpt":{"rendered":"<p>B13. Repas chez le pharisien &#8211; Repentir de Marie-Madeleine \/\u00a0 Ic\u00f4ne Marie-Madeleine chez Simon, mosa\u00efque byzantine, cath\u00e9drale de Monreale, Sicile. Vitrail de la cath\u00e9drale de Strasbourg Repas chez Simon, fresque, Anaphora, Egypte. J\u00e9sus est pensif face \u00e0 Simon le pharisien.<\/p>\n","protected":false},"author":1,"featured_media":0,"parent":65,"menu_order":6,"comment_status":"closed","ping_status":"closed","template":"","meta":{"footnotes":""},"_links":{"self":[{"href":"http:\/\/image-bible.ch\/index.php?rest_route=\/wp\/v2\/pages\/883"}],"collection":[{"href":"http:\/\/image-bible.ch\/index.php?rest_route=\/wp\/v2\/pages"}],"about":[{"href":"http:\/\/image-bible.ch\/index.php?rest_route=\/wp\/v2\/types\/page"}],"author":[{"embeddable":true,"href":"http:\/\/image-bible.ch\/index.php?rest_route=\/wp\/v2\/users\/1"}],"replies":[{"embeddable":true,"href":"http:\/\/image-bible.ch\/index.php?rest_route=%2Fwp%2Fv2%2Fcomments&post=883"}],"version-history":[{"count":7,"href":"http:\/\/image-bible.ch\/index.php?rest_route=\/wp\/v2\/pages\/883\/revisions"}],"predecessor-version":[{"id":8966,"href":"http:\/\/image-bible.ch\/index.php?rest_route=\/wp\/v2\/pages\/883\/revisions\/8966"}],"up":[{"embeddable":true,"href":"http:\/\/image-bible.ch\/index.php?rest_route=\/wp\/v2\/pages\/65"}],"wp:attachment":[{"href":"http:\/\/image-bible.ch\/index.php?rest_route=%2Fwp%2Fv2%2Fmedia&parent=883"}],"curies":[{"name":"wp","href":"https:\/\/api.w.org\/{rel}","templated":true}]}}

B13.6 / Icône

<p style="text-align: center;"><span style="font-size: 14pt; font-family: 'comic sans ms', sans-serif;">B13. Repas chez le pharisien &#8211; Repentir de Marie-Madeleine /  Icône</span></p>
<p><img loading="lazy" decoding="async" class="alignnone  wp-image-8930" src="http://image-bible.ch/wp-content/uploads/M22-Jesus-et-Marie-Madeleine-chez-Simon-214x300.jpg" alt="" width="454" height="636" srcset="http://image-bible.ch/wp-content/uploads/M22-Jesus-et-Marie-Madeleine-chez-Simon-214x300.jpg 214w, http://image-bible.ch/wp-content/uploads/M22-Jesus-et-Marie-Madeleine-chez-Simon-732x1024.jpg 732w, http://image-bible.ch/wp-content/uploads/M22-Jesus-et-Marie-Madeleine-chez-Simon-768x1075.jpg 768w, http://image-bible.ch/wp-content/uploads/M22-Jesus-et-Marie-Madeleine-chez-Simon-1097x1536.jpg 1097w, http://image-bible.ch/wp-content/uploads/M22-Jesus-et-Marie-Madeleine-chez-Simon-1463x2048.jpg 1463w, http://image-bible.ch/wp-content/uploads/M22-Jesus-et-Marie-Madeleine-chez-Simon-scaled.jpg 1829w" sizes="(max-width: 454px) 100vw, 454px" /></p>
<p><em>Marie-Madeleine chez Simon, mosaïque byzantine, cathédrale de Monreale, Sicile.</em></p>
<p><img loading="lazy" decoding="async" class="alignnone  wp-image-8964" src="http://image-bible.ch/wp-content/uploads/Le-repas-chez-Simon-Vitrail-14e-s-cathedrale-de-Strasbourg-300x200.jpg" alt="" width="579" height="386" srcset="http://image-bible.ch/wp-content/uploads/Le-repas-chez-Simon-Vitrail-14e-s-cathedrale-de-Strasbourg-300x200.jpg 300w, http://image-bible.ch/wp-content/uploads/Le-repas-chez-Simon-Vitrail-14e-s-cathedrale-de-Strasbourg-1024x684.jpg 1024w, http://image-bible.ch/wp-content/uploads/Le-repas-chez-Simon-Vitrail-14e-s-cathedrale-de-Strasbourg-768x513.jpg 768w, http://image-bible.ch/wp-content/uploads/Le-repas-chez-Simon-Vitrail-14e-s-cathedrale-de-Strasbourg.jpg 1300w" sizes="(max-width: 579px) 100vw, 579px" /></p>
<p><em>Vitrail de la cathédrale de Strasbourg</em></p>
<p><img loading="lazy" decoding="async" class="alignnone  wp-image-8965" src="http://image-bible.ch/wp-content/uploads/Repas-chez-Simon-Anaphora-Egypte-189x300.jpg" alt="" width="389" height="617" /></p>
<p>Repas chez Simon, fresque, Anaphora, Egypte.</p>
<p class="Normallivre">Jésus est pensif face à Simon le pharisien. Il s’interroge à la fois sur le beau geste de la pécheresse qui lui lave les pieds, alors que son hôte avait oublié ce geste d’accueil élémentaire. Mais il s’interroge encore plus sur l’attitude de ce pharisien, si sûr de lui et si dévalorisant envers les pécheurs.</p>
<p class="Normallivre">Le geste de Jésus est une invitation à entrer par notre cœur dans la grandeur de la miséricorde de Dieu que Jésus manifeste par son accueil de chacun tel qu’il est, mais en nous invitant à nous convertir pour mieux correspondre au cœur et à l’attitude de Dieu.</p>

<p>B13. Repas chez le pharisien &#8211; Repentir de Marie-Madeleine /  Icône Marie-Madeleine chez Simon, mosaïque byzantine, cathédrale de Monreale, Sicile. Vitrail de la cathédrale de Strasbourg Repas chez Simon, fresque, Anaphora, Egypte. Jésus est pensif face à Simon le pharisien.</p>
