{"id":982,"date":"2021-03-05T16:54:11","date_gmt":"2021-03-05T15:54:11","guid":{"rendered":"http:\/\/image-bible.ch\/?page_id=982"},"modified":"2024-11-05T17:16:22","modified_gmt":"2024-11-05T16:16:22","slug":"b16-6-icone","status":"publish","type":"page","link":"http:\/\/image-bible.ch\/?page_id=982","title":{"rendered":"B16.6 \/ Ic\u00f4ne"},"content":{"rendered":"\r\n<p style=\"text-align: center;\"><span style=\"font-size: 14pt; font-family: 'comic sans ms', sans-serif;\">B16. Les vendeurs chass\u00e9s du temple \/\u00a0 Ic\u00f4ne<\/span><\/p>\r\n<p><img loading=\"lazy\" decoding=\"async\" class=\"alignnone  wp-image-9002\" src=\"http:\/\/image-bible.ch\/wp-content\/uploads\/M18-Jesus-chasse-les-vendeurs-du-temple-217x300.jpg\" alt=\"\" width=\"604\" height=\"835\" srcset=\"http:\/\/image-bible.ch\/wp-content\/uploads\/M18-Jesus-chasse-les-vendeurs-du-temple-217x300.jpg 217w, http:\/\/image-bible.ch\/wp-content\/uploads\/M18-Jesus-chasse-les-vendeurs-du-temple-741x1024.jpg 741w, http:\/\/image-bible.ch\/wp-content\/uploads\/M18-Jesus-chasse-les-vendeurs-du-temple-768x1061.jpg 768w, http:\/\/image-bible.ch\/wp-content\/uploads\/M18-Jesus-chasse-les-vendeurs-du-temple-1112x1536.jpg 1112w, http:\/\/image-bible.ch\/wp-content\/uploads\/M18-Jesus-chasse-les-vendeurs-du-temple-1483x2048.jpg 1483w, http:\/\/image-bible.ch\/wp-content\/uploads\/M18-Jesus-chasse-les-vendeurs-du-temple-scaled.jpg 1853w\" sizes=\"(max-width: 604px) 100vw, 604px\" \/><\/p>\r\n<p>J\u00e9sus l\u00e8ve son fouet aussi haut que le b\u00e2ton qui porte la cage d\u2019un oiseau. Il provoque le d\u00e9sarroi et la d\u00e9route des vendeurs avec leur sac d\u2019argent. Sur la table se trouve \u00e9tonnement tout ce qu\u2019il faut pour c\u00e9l\u00e9brer l\u2019eucharistie, des hosties, un ciboire, une grappe de raisin ! Comme pour signifier le choix \u00e0 faire\u00a0: une maison de trafic ou une \u00e9glise pour c\u00e9l\u00e9brer l\u2019eucharistie.<\/p>\r\n<p><img loading=\"lazy\" decoding=\"async\" class=\"alignnone  wp-image-9001\" src=\"http:\/\/image-bible.ch\/wp-content\/uploads\/Jesus-chasse-les-vendeurs-du-Temple-Pieter-Brueghel-lAncien-300x196.jpg\" alt=\"\" width=\"600\" height=\"392\" srcset=\"http:\/\/image-bible.ch\/wp-content\/uploads\/Jesus-chasse-les-vendeurs-du-Temple-Pieter-Brueghel-lAncien-300x196.jpg 300w, http:\/\/image-bible.ch\/wp-content\/uploads\/Jesus-chasse-les-vendeurs-du-Temple-Pieter-Brueghel-lAncien-1024x670.jpg 1024w, http:\/\/image-bible.ch\/wp-content\/uploads\/Jesus-chasse-les-vendeurs-du-Temple-Pieter-Brueghel-lAncien-768x502.jpg 768w, http:\/\/image-bible.ch\/wp-content\/uploads\/Jesus-chasse-les-vendeurs-du-Temple-Pieter-Brueghel-lAncien-1536x1005.jpg 1536w, http:\/\/image-bible.ch\/wp-content\/uploads\/Jesus-chasse-les-vendeurs-du-Temple-Pieter-Brueghel-lAncien-2048x1340.jpg 2048w\" sizes=\"(max-width: 600px) 100vw, 600px\" \/><\/p>\r\n<p><em>J\u00e9sus chasse les vendeurs du Temple, Pieter Brueghel l&rsquo;Ancien<\/em><\/p>\r\n","protected":false},"excerpt":{"rendered":"<p>B16. Les vendeurs chass\u00e9s du temple \/\u00a0 Ic\u00f4ne J\u00e9sus l\u00e8ve son fouet aussi haut que le b\u00e2ton qui porte la cage d\u2019un oiseau. Il provoque le d\u00e9sarroi et la d\u00e9route des vendeurs avec leur sac d\u2019argent. Sur la table se<\/p>\n","protected":false},"author":1,"featured_media":0,"parent":72,"menu_order":6,"comment_status":"closed","ping_status":"closed","template":"","meta":{"footnotes":""},"_links":{"self":[{"href":"http:\/\/image-bible.ch\/index.php?rest_route=\/wp\/v2\/pages\/982"}],"collection":[{"href":"http:\/\/image-bible.ch\/index.php?rest_route=\/wp\/v2\/pages"}],"about":[{"href":"http:\/\/image-bible.ch\/index.php?rest_route=\/wp\/v2\/types\/page"}],"author":[{"embeddable":true,"href":"http:\/\/image-bible.ch\/index.php?rest_route=\/wp\/v2\/users\/1"}],"replies":[{"embeddable":true,"href":"http:\/\/image-bible.ch\/index.php?rest_route=%2Fwp%2Fv2%2Fcomments&post=982"}],"version-history":[{"count":6,"href":"http:\/\/image-bible.ch\/index.php?rest_route=\/wp\/v2\/pages\/982\/revisions"}],"predecessor-version":[{"id":9004,"href":"http:\/\/image-bible.ch\/index.php?rest_route=\/wp\/v2\/pages\/982\/revisions\/9004"}],"up":[{"embeddable":true,"href":"http:\/\/image-bible.ch\/index.php?rest_route=\/wp\/v2\/pages\/72"}],"wp:attachment":[{"href":"http:\/\/image-bible.ch\/index.php?rest_route=%2Fwp%2Fv2%2Fmedia&parent=982"}],"curies":[{"name":"wp","href":"https:\/\/api.w.org\/{rel}","templated":true}]}}