{"id":5251,"date":"2021-04-08T15:29:00","date_gmt":"2021-04-08T13:29:00","guid":{"rendered":"http:\/\/image-bible.ch\/?page_id=5251"},"modified":"2025-03-16T18:29:25","modified_gmt":"2025-03-16T17:29:25","slug":"a1-0","status":"publish","type":"page","link":"https:\/\/image-bible.ch\/","title":{"rendered":"A &#8211; Introduction g\u00e9n\u00e9rale"},"content":{"rendered":"<p style=\"text-align: center;\"><strong><span style=\"font-family: 'book antiqua', palatino, serif; font-size: 20px;\">Bienvenue!<\/span><\/strong><\/p>\r\n<p><img loading=\"lazy\" decoding=\"async\" class=\"size-medium wp-image-4425 aligncenter\" src=\"http:\/\/image-bible.ch\/wp-content\/uploads\/2021\/04\/fuite-egypte-300x127.png\" alt=\"\" width=\"300\" height=\"127\" srcset=\"https:\/\/image-bible.ch\/wp-content\/uploads\/2021\/04\/fuite-egypte-300x127.png 300w, https:\/\/image-bible.ch\/wp-content\/uploads\/2021\/04\/fuite-egypte-1024x434.png 1024w, https:\/\/image-bible.ch\/wp-content\/uploads\/2021\/04\/fuite-egypte-768x326.png 768w, https:\/\/image-bible.ch\/wp-content\/uploads\/2021\/04\/fuite-egypte.png 1266w\" sizes=\"(max-width: 300px) 100vw, 300px\" \/><\/p>\r\n<h2>Galeries d&rsquo;images &#8211; oeuvres d&rsquo;art<\/h2>\r\n<p><a href=\"http:\/\/image-bible.ch\/?page_id=6689\">Diff\u00e9rentes galeries d&rsquo;images &#8211; photos<\/a> Voir aussi notre site <a href=\"https:\/\/frangelico.ch\/\">Pastorale -KT-Art-Ic\u00f4ne-P\u00e9l\u00e9-Illustrations<\/a> Et notre cha\u00eene youtube\u00a0 <a href=\"https:\/\/www.youtube.com\/c\/BernardSchubiger\">Vid\u00e9o-diaporama<\/a><\/p>\r\n<div class=\"inner-wrap\">\r\n<div id=\"primary\">\r\n<div id=\"content\" class=\"clearfix\">\r\n<article id=\"post-7050\" class=\"post-7050 page type-page status-publish hentry\">\r\n<div class=\"entry-content clearfix\">\r\n<h4><a href=\"http:\/\/image-bible.ch\/wp-content\/uploads\/Presentation-des-tapisseries-de-la-Chaise-Dieu.docx\">Tapisseries de la Chaise-Dieu<\/a><\/h4>\r\n<\/div>\r\n<\/article>\r\n<\/div>\r\n<\/div>\r\n<\/div>\r\n<p>Des tapisseries du XVIe si\u00e8cle de type flamand, reprenant le principe typologique : une sc\u00e8ne du N.T. mise en relation avec 2 sc\u00e8nes de l&rsquo;A.T.<\/p>\r\n<p>Galerie de la tapisserie de la Chaise-Dieu : <a href=\"https:\/\/image-bible.ch\/?page_id=8881\">Galerie des 14 tapisseries<\/a><\/p>\r\n<h2>Lire le nouveau testament avec l&rsquo;ancien testament<\/h2>\r\n<p>La lectio divina, le pape te l&rsquo;enseigne : comment lire et m\u00e9diter la Parole de Dieu <a href=\"http:\/\/image-bible.ch\/?attachment_id=7129\">Lectio divina<\/a> Red\u00e9couvrir la tradition du moyen-\u00e2ge comme une mani\u00e8re de lire la Bible : <a href=\"http:\/\/image-bible.ch\/wp-content\/uploads\/De-lexegese-juive-au-4-sens-de-lEcriture-dans-le-catechisme.doc\">De l&rsquo;ex\u00e9g\u00e8se juive au 4 sens de l\u2019\u00c9criture<\/a>\u00a0et <a href=\"http:\/\/image-bible.ch\/wp-content\/uploads\/Les-4-sens-de-lEcriture-et-la-lectio-divina.docx\">Les 4 sens de l\u2019\u00c9criture et la lectio divina<\/a><\/p>\r\n<h2>Regarder la Bible avec le support des images d&rsquo;hier et d&rsquo;aujourd&rsquo;hui<\/h2>\r\n<h3>Pour chaque chapitre :<\/h3>\r\n<ul>\r\n<li><strong><a href=\"http:\/\/image-bible.ch\/?page_id=5261\" target=\"_blank\" rel=\"noopener noreferrer\">La Bible des pauvres<\/a> :<\/strong> Un manuscrit du haut moyen-\u00e2ge qui met en lien un r\u00e9cit du N.T. avec deux r\u00e9cits de l&rsquo;A.TD. Les images de la bible des pauvres de Heidelberg (Cpg 148)<\/li>\r\n<li>Biblia pauperum : signification &#8211; histoire et \u00e9volutions des ces bibles typologiques &#8211; exmples de manuscrits &#8230; : <a href=\"http:\/\/image-bible.ch\/wp-content\/uploads\/Biblia-pauperum-Wikipedia.docx\">Biblia pauperum Wikipedia<\/a><\/li>\r\n<li>R\u00e9f\u00e9rence cahier \u00e9vangile : <a href=\"http:\/\/image-bible.ch\/wp-content\/uploads\/Biblia-paupeum-en-anglais-Cahier-Evangile-150.docx\">cahier \u00e9vangile n\u00b0 150 &#8211; r\u00e9f\u00e9rence anglais<\/a><\/li>\r\n<li><a href=\"http:\/\/www.amasis.com\/biblia\/ibp\/index.html\">En anglais traduction des 40 feuilles biblia pauperum<\/a><\/li>\r\n<li><a href=\"http:\/\/image-bible.ch\/wp-content\/uploads\/Biblia-Pauperum-British-Library-manuscript-Kings-5.pdf\">Biblia Pauperum Manuscrit King 5<\/a><\/li>\r\n<li style=\"text-align: left;\"><a href=\"http:\/\/image-bible.ch\/?page_id=6685\"><strong>Diff\u00e9rentes galeries d&rsquo;images &#8211; photos :<\/strong>\u00a0<\/a> Les images de Bernadette Lopez (Berna) qui reprennent les r\u00e9cits de la Bible des pauvres<\/li>\r\n<li><a href=\"http:\/\/image-bible.ch\/?page_id=5268\"><strong>Le Nouveau-Testament :<\/strong> \u00a0<\/a>Le r\u00e9cit du N.T. (Bible liturgique) avec des couleurs pour une aide de lecture, le vocabulaire, des questions pour susciter le questionnement, un court commentaire<\/li>\r\n<li>Les figures bibliques du N.T. : <a href=\"http:\/\/image-bible.ch\/wp-content\/uploads\/Les-figures-bibliques-du-Nouveau-Testament.pdf\">Les figures bibliques du Nouveau Testament<\/a><\/li>\r\n<li><a href=\"http:\/\/image-bible.ch\/wp-content\/uploads\/Lettres-a-saint-Jean-levangeliste.pdf\">Commentaire spirituel de tout l&rsquo;\u00e9vangile de St Jean<\/a><\/li>\r\n<li><strong><a href=\"http:\/\/image-bible.ch\/?page_id=5270\">L&rsquo;Ancien-Testament\u00a0<\/a><\/strong> Les deux r\u00e9cit de l&rsquo;A.T. (Bible liturgique) avec des couleurs pour une aide de lecture, le vocabulaire, des questions pour susciter le questionnement, un court commentaire<\/li>\r\n<li>Liste des figures bibliques de l&rsquo;A.T. : <a href=\"http:\/\/image-bible.ch\/wp-content\/uploads\/Les-figures-bibliques-de-lAncien-Testament.pdf\">Les figures bibliques de l&rsquo;Ancien Testament<\/a> : Explication de la signification de leur nom et r\u00e9sum\u00e9 de leur histoire.<\/li>\r\n<li><a href=\"http:\/\/image-bible.ch\/?page_id=5273\"><strong>Interpr\u00e9tation :\u00a0<\/strong><\/a>Explication des liens entre les deux r\u00e9cits de l&rsquo;A.T. et le r\u00e9cit du N.T. : figure =&gt; accomplissement.<\/li>\r\n<li><strong><a href=\"http:\/\/image-bible.ch\/?page_id=5275\">Ic\u00f4ne : <\/a><\/strong>Diverses ic\u00f4nes avec leur interpr\u00e9tation.<\/li>\r\n<li><strong><a href=\"http:\/\/image-bible.ch\/?page_id=5277\">F\u00eate juive et f\u00eate chr\u00e9tienne : <\/a><\/strong>Pour chaque r\u00e9cit qui a un lien avec les f\u00eates juives et chr\u00e9tienne une description et une explication de ces f\u00eates (Liturgie)<\/li>\r\n<li><a href=\"http:\/\/image-bible.ch\/wp-content\/uploads\/Fetes-juives.pdf\">Principales f\u00eates juives de l&rsquo;ann\u00e9e<\/a><\/li>\r\n<\/ul>\r\n<h2><span style=\"font-size: 48px;\">O<\/span>utils de cat\u00e9ch\u00e8se pour les enfants et les jeunes<\/h2>\r\n<ul>\r\n<li><a href=\"http:\/\/image-bible.ch\/?page_id=5279\"><strong>Cat\u00e9ch\u00e8se pour les enfants :<\/strong> <\/a>Des outils, des r\u00e9f\u00e9rences pour la cat\u00e9ch\u00e8se : images, vid\u00e9os, jeux, activit\u00e9s, &#8230;<\/li>\r\n<li>Image pour la cat\u00e9ch\u00e8se <a href=\"https:\/\/image-bible.ch\/?page_id=7466\">Images KT<\/a><\/li>\r\n<li>Des chants avec des belles images : <a href=\"https:\/\/www.youtube.com\/@racheljeanmonod\">Chants de Rachel Jeanmonod KT<\/a><\/li>\r\n<li>Images de Bernadette Lopes :\u00a0 <a href=\"https:\/\/www.evangile-et-peinture.org\/author\/berna\/\">Images Evangile <\/a>et <a href=\"https:\/\/www.bernalopez.org\/\">Images Berna\u00a0<\/a><\/li>\r\n<\/ul>\r\n<p><img loading=\"lazy\" decoding=\"async\" class=\"alignnone size-medium wp-image-5817\" src=\"http:\/\/image-bible.ch\/wp-content\/uploads\/2021\/06\/Jesus-Parabole-du-Bon-samaritain-3.-Samaritain-levite-300x214.jpg\" alt=\"\" width=\"300\" height=\"214\" srcset=\"https:\/\/image-bible.ch\/wp-content\/uploads\/2021\/06\/Jesus-Parabole-du-Bon-samaritain-3.-Samaritain-levite-300x214.jpg 300w, https:\/\/image-bible.ch\/wp-content\/uploads\/2021\/06\/Jesus-Parabole-du-Bon-samaritain-3.-Samaritain-levite-1024x730.jpg 1024w, https:\/\/image-bible.ch\/wp-content\/uploads\/2021\/06\/Jesus-Parabole-du-Bon-samaritain-3.-Samaritain-levite-768x547.jpg 768w, https:\/\/image-bible.ch\/wp-content\/uploads\/2021\/06\/Jesus-Parabole-du-Bon-samaritain-3.-Samaritain-levite-1536x1095.jpg 1536w, https:\/\/image-bible.ch\/wp-content\/uploads\/2021\/06\/Jesus-Parabole-du-Bon-samaritain-3.-Samaritain-levite-2048x1460.jpg 2048w\" sizes=\"(max-width: 300px) 100vw, 300px\" \/><\/p>\r\n<ul>\r\n<li><strong><a href=\"http:\/\/image-bible.ch\/?page_id=5282\">Pour les jeunes : <\/a><\/strong>Des outils, des r\u00e9f\u00e9rences pour des animations pour les jeunes : vid\u00e9os, activit\u00e9s, animations, r\u00e9flexions, tableaux, vitraux, &#8230;<\/li>\r\n<li>Des chants avec de belles images : <a href=\"https:\/\/www.youtube.com\/@racheljeanmonod224\">Chants de Rachel Jeanmonod adultes<\/a><\/li>\r\n<\/ul>\r\n<p><img loading=\"lazy\" decoding=\"async\" class=\"alignnone size-medium wp-image-5806\" src=\"http:\/\/image-bible.ch\/wp-content\/uploads\/2021\/06\/Vitrail-du-bon-samaritain-Sens-C-le-bon-samaritain-300x254.jpg\" alt=\"\" width=\"300\" height=\"254\" srcset=\"https:\/\/image-bible.ch\/wp-content\/uploads\/2021\/06\/Vitrail-du-bon-samaritain-Sens-C-le-bon-samaritain-300x254.jpg 300w, https:\/\/image-bible.ch\/wp-content\/uploads\/2021\/06\/Vitrail-du-bon-samaritain-Sens-C-le-bon-samaritain.jpg 754w\" sizes=\"(max-width: 300px) 100vw, 300px\" \/><\/p>\r\n<h2><\/h2>\r\n<h2 class=\"wp-block-heading\">R\u00e9f\u00e9rences pour les chants et musique<\/h2>\r\n<h2>\r\n\r\n<\/h2>\r\n<p>Chants pour les enfants du KT : <a href=\"https:\/\/www.youtube.com\/@racheljeanmonod\">https:\/\/www.youtube.com\/@racheljeanmonod<\/a><\/p>\r\n<h2>\r\n\r\n<\/h2>\r\n<p>Chants pour les jeunes et adultes : <a href=\"https:\/\/www.youtube.com\/@racheljeanmonod224\">https:\/\/www.youtube.com\/@racheljeanmonod224<\/a><\/p>\r\n<h2>\r\n\r\n<\/h2>\r\n<p>Les chants de l&rsquo;Emmanuel : les partitions : <a href=\"https:\/\/fr.scribd.com\/document\/535903949\/PARTITIONS-Communaute-de-l-Emmanuel\">Partitions de l&rsquo;Emmanuel<\/a> ou <a href=\"https:\/\/www.editions-emmanuel.com\/collection\/partitions\/\">Partitions originales<\/a> ou application payante : <a href=\"https:\/\/emmanuel.info\/lappli-que-tous-les-animateurs-liturgiques-attendaient-sans-le-savoir\/\">application<\/a> et pour \u00e9couter : louange Emmanuel : <a href=\"https:\/\/www.youtube.com\/watch?v=kmL9ZdHKMWQ\">Louange<\/a> dans toutes les langues : <a href=\"https:\/\/emmanuel.info\/emmanuel-music-dans-de-monde\/\">Toutes les langues<\/a><\/p>\r\n<h2><\/h2>\r\n<h2><span style=\"font-size: 48px;\">P<\/span>istes de recherche pour un approfondissement de la Sainte Ecriture<\/h2>\r\n<ul>\r\n<li>\r\n<h4><a href=\"http:\/\/image-bible.ch\/?page_id=5284\">Vid\u00e9os &#8211; Textes &#8211; R\u00e9f\u00e9rences<\/a><\/h4>\r\n<\/li>\r\n<\/ul>\r\n<p>&nbsp;<\/p>","protected":false},"excerpt":{"rendered":"<p>Bienvenue! Galeries d&rsquo;images &#8211; oeuvres d&rsquo;art Diff\u00e9rentes galeries d&rsquo;images &#8211; photos Voir aussi notre site Pastorale -KT-Art-Ic\u00f4ne-P\u00e9l\u00e9-Illustrations Et notre cha\u00eene youtube\u00a0 Vid\u00e9o-diaporama Tapisseries de la Chaise-Dieu Des tapisseries du XVIe si\u00e8cle de type flamand, reprenant le principe typologique : une<\/p>\n","protected":false},"author":1,"featured_media":0,"parent":0,"menu_order":0,"comment_status":"closed","ping_status":"closed","template":"","meta":{"footnotes":""},"_links":{"self":[{"href":"https:\/\/image-bible.ch\/index.php?rest_route=\/wp\/v2\/pages\/5251"}],"collection":[{"href":"https:\/\/image-bible.ch\/index.php?rest_route=\/wp\/v2\/pages"}],"about":[{"href":"https:\/\/image-bible.ch\/index.php?rest_route=\/wp\/v2\/types\/page"}],"author":[{"embeddable":true,"href":"https:\/\/image-bible.ch\/index.php?rest_route=\/wp\/v2\/users\/1"}],"replies":[{"embeddable":true,"href":"https:\/\/image-bible.ch\/index.php?rest_route=%2Fwp%2Fv2%2Fcomments&post=5251"}],"version-history":[{"count":63,"href":"https:\/\/image-bible.ch\/index.php?rest_route=\/wp\/v2\/pages\/5251\/revisions"}],"predecessor-version":[{"id":9554,"href":"https:\/\/image-bible.ch\/index.php?rest_route=\/wp\/v2\/pages\/5251\/revisions\/9554"}],"wp:attachment":[{"href":"https:\/\/image-bible.ch\/index.php?rest_route=%2Fwp%2Fv2%2Fmedia&parent=5251"}],"curies":[{"name":"wp","href":"https:\/\/api.w.org\/{rel}","templated":true}]}}